000
CDUS41 KBGM 060533
CLIAVP


CLIMATE REPORT
NATIONAL WEATHER SERVICE BINGHAMTON NY
132 AM EDT FRI APR 6 2018


...................................

...THE AVOCA PA CLIMATE SUMMARY FOR APRIL 5 2018...

CLIMATE NORMAL PERIOD 1981 TO 2010
CLIMATE RECORD PERIOD 1901 TO 2018


WEATHER ITEM   OBSERVED TIME   RECORD YEAR NORMAL DEPARTURE LAST
                VALUE   (LST)  VALUE       VALUE  FROM      YEAR
                                                  NORMAL
..................................................................
TEMPERATURE (F)
 YESTERDAY
  MAXIMUM         40    326 PM  83    1910  55    -15       61
  MINIMUM         27    825 AM  17    1995  35     -8       49
  AVERAGE         34                        44    -10       55

PRECIPITATION (IN)
  YESTERDAY        T             2.35 1947   0.11  -0.11     0.00
  MONTH TO DATE    0.82                      0.53   0.29     0.32
  SINCE MAR 1      3.64                      3.08   0.56     5.77
  SINCE JAN 1     10.65                      7.48   3.17    12.00

SNOWFALL (IN)
  YESTERDAY        T             7.2  1957   0.2   -0.2      0.0
  MONTH TO DATE    3.8                       0.6    3.2      0.1
  SINCE MAR 1     23.7                       9.6   14.1     30.7
  SINCE JUL 1     50.8                      43.5    7.3     55.5

DEGREE DAYS
 HEATING
  YESTERDAY       31                        21     10       10
  MONTH TO DATE  131                       107     24       72
  SINCE MAR 1   1076                       978     98     1007
  SINCE JUL 1   5267                      5584   -317     4762

 COOLING
  YESTERDAY        0                         0      0        0
  MONTH TO DATE    0                         0      0        0
  SINCE MAR 1      0                         0      0        0
  SINCE JAN 1      0                         0      0        0
..................................................................


WIND (MPH)
  HIGHEST WIND SPEED    28   HIGHEST WIND DIRECTION    NW (310)
  HIGHEST GUST SPEED    34   HIGHEST GUST DIRECTION    NW (300)
  AVERAGE WIND SPEED    11.8


SKY COVER
  AVERAGE SKY COVER 0.7



RELATIVE HUMIDITY (PERCENT)
 HIGHEST    63           100 AM
 LOWEST     30           300 PM
 AVERAGE    47

..........................................................


THE AVOCA PA CLIMATE NORMALS FOR TODAY
                         NORMAL    RECORD    YEAR
 MAXIMUM TEMPERATURE (F)   55        83      1929
 MINIMUM TEMPERATURE (F)   35        18      1982
                                             1943


SUNRISE AND SUNSET
APRIL  6 2018.........SUNRISE   638 AM EDT   SUNSET   734 PM EDT
APRIL  7 2018.........SUNRISE   636 AM EDT   SUNSET   735 PM EDT


-  INDICATES NEGATIVE NUMBERS.
R  INDICATES RECORD WAS SET OR TIED.
MM INDICATES DATA IS MISSING.
T  INDICATES TRACE AMOUNT.




$$
