000
CDUS41 KBGM 110527
CLIAVP


CLIMATE REPORT
NATIONAL WEATHER SERVICE BINGHAMTON NY
127 AM EDT WED APR 11 2018


...................................

...THE AVOCA PA CLIMATE SUMMARY FOR APRIL 10 2018...

CLIMATE NORMAL PERIOD 1981 TO 2010
CLIMATE RECORD PERIOD 1901 TO 2018


WEATHER ITEM   OBSERVED TIME   RECORD YEAR NORMAL DEPARTURE LAST
                VALUE   (LST)  VALUE       VALUE  FROM      YEAR
                                                  NORMAL
..................................................................
TEMPERATURE (F)
 YESTERDAY
  MAXIMUM         44    318 PM  82    2017  57    -13       82
                                      1922
  MINIMUM         28   1009 PM  20    1985  36     -8       48
  AVERAGE         36                        47    -11       65

PRECIPITATION (IN)
  YESTERDAY        0.03          1.59 1993   0.11  -0.08     0.00
  MONTH TO DATE    0.88                      1.08  -0.20     1.50
  SINCE MAR 1      3.70                      3.63   0.07     6.95
  SINCE JAN 1     10.71                      8.03   2.68    13.18

SNOWFALL (IN)
  YESTERDAY        0.5           4.0  1961   0.2    0.3      0.0
  MONTH TO DATE    4.4                       1.3    3.1      0.1
  SINCE MAR 1     24.3                      10.3   14.0     30.7
  SINCE JUL 1     51.4                      44.2    7.2     55.5

DEGREE DAYS
 HEATING
  YESTERDAY       29                        19     10        0
  MONTH TO DATE  279                       204     75      152
  SINCE MAR 1   1224                      1075    149     1087
  SINCE JUL 1   5415                      5681   -266     4842

 COOLING
  YESTERDAY        0                         0      0        0
  MONTH TO DATE    0                         0      0        0
  SINCE MAR 1      0                         0      0        0
  SINCE JAN 1      0                         0      0        0
..................................................................


WIND (MPH)
  HIGHEST WIND SPEED    17   HIGHEST WIND DIRECTION     N (350)
  HIGHEST GUST SPEED    23   HIGHEST GUST DIRECTION    NW (320)
  AVERAGE WIND SPEED     6.6


SKY COVER
  AVERAGE SKY COVER 0.8



RELATIVE HUMIDITY (PERCENT)
 HIGHEST   100           200 AM
 LOWEST     40           500 PM
 AVERAGE    70

..........................................................


THE AVOCA PA CLIMATE NORMALS FOR TODAY
                         NORMAL    RECORD    YEAR
 MAXIMUM TEMPERATURE (F)   57        85      2017
 MINIMUM TEMPERATURE (F)   37        20      1909


SUNRISE AND SUNSET
APRIL 11 2018.........SUNRISE   630 AM EDT   SUNSET   739 PM EDT
APRIL 12 2018.........SUNRISE   628 AM EDT   SUNSET   740 PM EDT


-  INDICATES NEGATIVE NUMBERS.
R  INDICATES RECORD WAS SET OR TIED.
MM INDICATES DATA IS MISSING.
T  INDICATES TRACE AMOUNT.




$$
