000
CDUS41 KBGM 130550
CLIAVP


CLIMATE REPORT
NATIONAL WEATHER SERVICE BINGHAMTON NY
150 AM EDT SUN MAY 13 2018


...................................

...THE AVOCA PA CLIMATE SUMMARY FOR MAY 12 2018...

CLIMATE NORMAL PERIOD 1981 TO 2010
CLIMATE RECORD PERIOD 1901 TO 2018


WEATHER ITEM   OBSERVED TIME   RECORD YEAR NORMAL DEPARTURE LAST
                VALUE   (LST)  VALUE       VALUE  FROM      YEAR
                                                  NORMAL
..................................................................
TEMPERATURE (F)
 YESTERDAY
  MAXIMUM         62    131 PM  87    1953  69     -7       65
                                      1936
  MINIMUM         48    638 AM  29    1907  46      2       46
  AVERAGE         55                        58     -3       56

PRECIPITATION (IN)
  YESTERDAY        0.74          1.19 1952   0.10   0.64     0.01
  MONTH TO DATE    1.79                      1.28   0.51     1.67
  SINCE MAR 1      8.28                      7.16   1.12    10.11
  SINCE JAN 1     15.29                     11.56   3.73    16.34

SNOWFALL (IN)
  YESTERDAY        0.0           0.0    MM   0.0    0.0      0.0
  MONTH TO DATE    0.0                       0.3   -0.3      0.0
  SINCE MAR 1     24.8                      12.6   12.2     30.7
  SINCE JUL 1     51.9                      46.5    5.4     55.5

DEGREE DAYS
 HEATING
  YESTERDAY       10                         8      2        9
  MONTH TO DATE   43                       114    -71      141
  SINCE MAR 1   1602                      1481    121     1365
  SINCE JUL 1   5793                      6087   -294     5120

 COOLING
  YESTERDAY        0                         1     -1        0
  MONTH TO DATE   26                         5     21        1
  SINCE MAR 1     30                        11     19       23
  SINCE JAN 1     30                        11     19       23
..................................................................


WIND (MPH)
  HIGHEST WIND SPEED    15   HIGHEST WIND DIRECTION     N (340)
  HIGHEST GUST SPEED    17   HIGHEST GUST DIRECTION     N (350)
  AVERAGE WIND SPEED     4.5


SKY COVER
  AVERAGE SKY COVER 1.0



RELATIVE HUMIDITY (PERCENT)
 HIGHEST   100           400 PM
 LOWEST     77           100 AM
 AVERAGE    89

..........................................................


THE AVOCA PA CLIMATE NORMALS FOR TODAY
                         NORMAL    RECORD    YEAR
 MAXIMUM TEMPERATURE (F)   69        88      2004
 MINIMUM TEMPERATURE (F)   47        32      2013
                                             2005


SUNRISE AND SUNSET
MAY 13 2018...........SUNRISE   546 AM EDT   SUNSET   813 PM EDT
MAY 14 2018...........SUNRISE   545 AM EDT   SUNSET   814 PM EDT


-  INDICATES NEGATIVE NUMBERS.
R  INDICATES RECORD WAS SET OR TIED.
MM INDICATES DATA IS MISSING.
T  INDICATES TRACE AMOUNT.




$$
