000
CDUS41 KBGM 260549
CLIAVP


CLIMATE REPORT
NATIONAL WEATHER SERVICE BINGHAMTON NY
148 AM EDT SAT MAY 26 2018


...................................

...THE AVOCA PA CLIMATE SUMMARY FOR MAY 25 2018...

CLIMATE NORMAL PERIOD 1981 TO 2010
CLIMATE RECORD PERIOD 1901 TO 2018


WEATHER ITEM   OBSERVED TIME   RECORD YEAR NORMAL DEPARTURE LAST
                VALUE   (LST)  VALUE       VALUE  FROM      YEAR
                                                  NORMAL
..................................................................
TEMPERATURE (F)
 YESTERDAY
  MAXIMUM         84    450 PM  91    1904  72     12       66
  MINIMUM         51    438 AM  30    1956  50      1       56
  AVERAGE         68                        61      7       61

PRECIPITATION (IN)
  YESTERDAY        0.00          2.18 1952   0.12  -0.12     0.22
  MONTH TO DATE    5.52                      2.80   2.72     2.84
  SINCE MAR 1     12.01                      8.68   3.33    11.28
  SINCE JAN 1     19.02                     13.08   5.94    17.51

SNOWFALL (IN)
  YESTERDAY        0.0           0.0    MM   0.0    0.0      0.0
  MONTH TO DATE    0.0                       0.3   -0.3      0.0
  SINCE MAR 1     24.8                      12.6   12.2     30.7
  SINCE JUL 1     51.9                      46.5    5.4     55.5

DEGREE DAYS
 HEATING
  YESTERDAY        0                         5     -5        4
  MONTH TO DATE   82                       201   -119      202
  SINCE MAR 1   1641                      1568     73     1426
  SINCE JUL 1   5832                      6174   -342     5181

 COOLING
  YESTERDAY        3                         2      1        0
  MONTH TO DATE   40                        19     21       26
  SINCE MAR 1     44                        25     19       48
  SINCE JAN 1     44                        25     19       48
..................................................................


WIND (MPH)
  HIGHEST WIND SPEED    16   HIGHEST WIND DIRECTION    SW (230)
  HIGHEST GUST SPEED    25   HIGHEST GUST DIRECTION    SW (240)
  AVERAGE WIND SPEED     6.5


SKY COVER
  AVERAGE SKY COVER 0.0



RELATIVE HUMIDITY (PERCENT)
 HIGHEST    93           300 AM
 LOWEST     29           300 PM
 AVERAGE    61

..........................................................


THE AVOCA PA CLIMATE NORMALS FOR TODAY
                         NORMAL    RECORD    YEAR
 MAXIMUM TEMPERATURE (F)   72        92      2010
                                             1914
 MINIMUM TEMPERATURE (F)   51        39      1972


SUNRISE AND SUNSET
MAY 26 2018...........SUNRISE   535 AM EDT   SUNSET   825 PM EDT
MAY 27 2018...........SUNRISE   535 AM EDT   SUNSET   826 PM EDT


-  INDICATES NEGATIVE NUMBERS.
R  INDICATES RECORD WAS SET OR TIED.
MM INDICATES DATA IS MISSING.
T  INDICATES TRACE AMOUNT.




$$
