000
CXUS51 KBGM 010937
CLMAVP


CLIMATE REPORT
NATIONAL WEATHER SERVICE BINGHAMTON NY
512 AM EDT TUE MAY 1 2018

...................................

...THE AVOCA PA CLIMATE SUMMARY FOR THE MONTH OF APRIL 2018...

CLIMATE NORMAL PERIOD 1981 TO 2010
CLIMATE RECORD PERIOD 1901 TO 2018

WEATHER         OBSERVED          NORMAL  DEPART  LAST YEAR`S
                 VALUE   DATE(S)  VALUE   FROM    VALUE  DATE(S)
                                          NORMAL
................................................................
TEMPERATURE (F)
RECORD
 HIGH              94   04/18/1896
 LOW               14   04/07/1982
HIGHEST            82   04/13        58      24       85  04/11
LOWEST             21   04/08        38     -17       31  04/09
AVG. MAXIMUM     53.8              59.1    -5.3     66.5
AVG. MINIMUM     35.1              38.2    -3.1     45.2
MEAN             44.4              48.6    -4.2     55.8
DAYS MAX >= 90      0               0.1    -0.1        0
DAYS MAX <= 32      0               0.1    -0.1        0
DAYS MIN <= 32     15               7.2     7.8        2
DAYS MIN <= 0       0               0.0     0.0        0

PRECIPITATION (INCHES)
RECORD
 MAXIMUM         9.56   1983
 MINIMUM         0.96   1997
TOTALS           3.67              3.33    0.34     2.99
DAILY AVG.       0.12              0.11    0.01     0.10
DAYS >= .01        16              12.3     3.7       12
DAYS >= .10         8               7.3     0.7        4
DAYS >= .50         2               2.1    -0.1        2
DAYS >= 1.00        1               0.6     0.4        1
GREATEST
 24 HR. TOTAL    1.18   04/16 TO 04/16

SNOWFALL (INCHES)
RECORDS
 TOTAL           26.7   1983
 24 HR TOTAL     10.0   04/16/2007 TO 04/16/2007
TOTALS            4.9               3.3     1.6      0.1
SINCE 7/1        51.9              46.2     5.7     55.5
DAYS >= TRACE      11               1.7     9.3        2
DAYS >= 1.0         1               0.6     0.4        0
GREATEST
 24 HR TOTAL      3.8   04/02 TO 04/02

DEGREE_DAYS
HEATING TOTAL     614               496     118      289
 SINCE 7/1       5750              5973    -223     4979
COOLING TOTAL       4                 6      -2       22
 SINCE 1/1          4                 6      -2       22
.................................................................

WIND (MPH)
AVERAGE WIND SPEED              7.9
RESULTANT WIND SPEED/DIRECTION   2/295
HIGHEST WIND SPEED/DIRECTION    37/260    DATE  04/04
HIGHEST GUST SPEED/DIRECTION    46/240    DATE  04/04

SKY COVER
POSSIBLE SUNSHINE (PERCENT)   MM
AVERAGE SKY COVER           0.60
NUMBER OF DAYS FAIR            7
NUMBER OF DAYS PC             10
NUMBER OF DAYS CLOUDY         13

AVERAGE RH (PERCENT)     64

WEATHER CONDITIONS. NUMBER OF DAYS WITH
THUNDERSTORM        1     MIXED PRECIP           0
HEAVY RAIN          3     RAIN                   4
LIGHT RAIN         15     FREEZING RAIN          0
LT FREEZING RAIN    0     HAIL                   0
HEAVY SNOW          0     SNOW                   1
LIGHT SNOW         10     SLEET                  0
FOG                15     FOG W/VIS <= 1/4 MILE  0
HAZE                8

-  INDICATES NEGATIVE NUMBERS.
R  INDICATES RECORD WAS SET OR TIED.
MM INDICATES DATA IS MISSING.
T  INDICATES TRACE AMOUNT.

&&
9TH COLDEST APRIL
GREATEST NUMBER OF DAYS WITH MEASURABLE SNOW IN APRIL 6
   OLD RECORD 5 IN 1985, 1983, 1972, ETC
$$

TAC
