420
CXUS51 KBGM 051521 CCA
CLMAVP

CLIMATE REPORT...CORRECTED
NATIONAL WEATHER SERVICE BINGHAMTON NY
1020 PM EST MON MAR 5 2018

...................................

...THE AVOCA PA CLIMATE SUMMARY FOR THE MONTH OF FEBRUARY 2018...

CLIMATE NORMAL PERIOD 1981 TO 2010
CLIMATE RECORD PERIOD 1901 TO 2018

WEATHER         OBSERVED          NORMAL  DEPART  LAST YEAR`S
                 VALUE   DATE(S)  VALUE   FROM    VALUE  DATE(S)
                                          NORMAL
................................................................
TEMPERATURE (F)
RECORD
 HIGH              76   02/21/2018
                        02/24/2017
 LOW              -19   02/09/1934
HIGHEST            76R  02/21        35      41       76  02/24
LOWEST             10   02/03        19      -9       14  02/09
AVG. MAXIMUM     43.9              36.8     7.1     46.7
AVG. MINIMUM     27.3              20.7     6.6     28.8
MEAN             35.6              28.8     6.8     37.8
DAYS MAX >= 90      0               0.0     0.0        0
DAYS MAX <= 32      3               8.8    -5.8        4
DAYS MIN <= 32     18              24.3    -6.3       20
DAYS MIN <= 0       0               0.5    -0.5        0

PRECIPITATION (INCHES)
RECORD
 MAXIMUM         8.06   1981
 MINIMUM         0.30   1968
TOTALS           4.33              2.03    2.30     2.98
DAILY AVG.       0.15              0.07    0.08     0.11
DAYS >= .01        18              11.0     7.0       10
DAYS >= .10        11               5.4     5.6        4
DAYS >= .50         4               0.8     3.2        3
DAYS >= 1.00        0               0.4    -0.4        1
GREATEST
 24 HR. TOTAL    0.84   02/24 TO 02/25

SNOWFALL (INCHES)
RECORDS
 TOTAL           29.3   2014
 24 HR TOTAL     13.0   02/14/2007 TO 02/14/2007
TOTALS            9.6               9.3     0.3      8.3
SINCE 7/1        27.1              33.9    -6.8     24.8
DAYS >= TRACE       9               7.7     1.3       10
DAYS >= 1.0         3               3.2    -0.2        1
GREATEST
 24 HR TOTAL      2.8   02/17 TO 02/17

DEGREE_DAYS
HEATING TOTAL     816              1015    -199      756
 SINCE 7/1       4191              4606    -415     3755
COOLING TOTAL       0                 0       0        0
 SINCE 1/1          0                 0       0        0
.................................................................

WIND (MPH)
AVERAGE WIND SPEED              5.7
RESULTANT WIND SPEED/DIRECTION   2/280
HIGHEST WIND SPEED/DIRECTION    30/340    DATE  02/21
HIGHEST GUST SPEED/DIRECTION    38/340    DATE  02/21

SKY COVER
POSSIBLE SUNSHINE (PERCENT)   MM
AVERAGE SKY COVER           0.60
NUMBER OF DAYS FAIR            3
NUMBER OF DAYS PC             12
NUMBER OF DAYS CLOUDY         13

AVERAGE RH (PERCENT)     74

WEATHER CONDITIONS. NUMBER OF DAYS WITH
THUNDERSTORM              0     MIXED PRECIP               0
HEAVY RAIN                2     RAIN                       7
LIGHT RAIN               14     FREEZING RAIN              1
LT FREEZING RAIN          1     HAIL                       0
HEAVY SNOW                0     SNOW                       2
LIGHT SNOW               10     SLEET                      0
FOG                      23     FOG W/VIS <= 1/4 MILE     10
HAZE                      9

-  INDICATES NEGATIVE NUMBERS.
R  INDICATES RECORD WAS SET OR TIED.
MM INDICATES DATA IS MISSING.
T  INDICATES TRACE AMOUNT.

&&
CORRECTED GREATEST 24 HOUR PRECIPITATION
REMOVED BAD DATA FROM RECORD HIGH TEMPERATURE
CORRECTED TABLE AT BOTTOM
5TH WARMEST FEBRUARY
8TH WETTEST FEBRUARY
TIED WARMEST FEBRUARY TEMPERATURE EVER ON DAY 21
4TH WARMEST FEBRUARY AVERAGE TEMPERATURE ON DAY 21
(WARMEST WAS 64 ON 2/24/2017)

$$

TAC
