000
CXUS51 KBGM 051710
CLSAVP


CLIMATE REPORT
NATIONAL WEATHER SERVICE BINGHAMTON NY
1144 AM EST MON MAR 5 2018

...................................

...THE AVOCA PA CLIMATE SUMMARY FOR THE SEASON, FROM
12/1/2017 TO 2/28/2018...

CLIMATE NORMAL PERIOD 1981 TO 2010
CLIMATE RECORD PERIOD 1901 TO 2018

WEATHER         OBSERVED          NORMAL  DEPART  LAST YEAR`S
                 VALUE   DATE(S)  VALUE   FROM    VALUE  DATE(S)
                                          NORMAL
................................................................
TEMPERATURE (F)
RECORD
 HIGH              76   02/21/2018
                        02/24/2017
                        02/24/2017
 LOW              -21   01/21/1994
HIGHEST            76R  02/21        34      42       76  02/24
LOWEST             -5   01/07        20     -25        8  01/09
                                                          12/16
AVG. MAXIMUM     37.7              35.8     1.9     41.4
AVG. MINIMUM     22.2              21.0     1.2     27.4
MEAN             29.9              28.4     1.5     34.4
DAYS MAX >= 90      0               0.0     0.0        0
DAYS MAX <= 32     31              32.2    -1.2       18
DAYS MIN <= 32     72              76.6    -4.6       63
DAYS MIN <= 0       2               2.9    -0.9        0

PRECIPITATION (INCHES)
RECORD
 MAXIMUM        12.47   2008
 MINIMUM         2.78   1979
TOTALS           8.69              7.08    1.61     8.29
DAILY AVG.       0.10              0.08    0.02     0.09
DAYS >= .01        42              34.5     7.5       40
DAYS >= .10        20              16.7     3.3       20
DAYS >= .50         7               4.0     3.0        6
DAYS >= 1.00        0               1.0    -1.0        1
GREATEST
 24 HR TOTAL     1.19   01/12 TO 01/13

SNOWFALL (INCHES)
RECORDS
 TOTAL           64.5   1993
 24 HR TOTAL     18.3   01/13/1964 TO 01/13/1964
TOTALS           27.0              30.9    -3.9     18.4
SINCE 7/1        27.1              33.9    -6.8     24.1
DAYS >= TRACE      35              24.1    10.9       38
DAYS >= 1.0        11               8.7     2.3        5
GREATEST
 24 HR TOTAL      3.5   01/17 TO 01/17

DEGREE_DAYS
HEATING TOTAL    3151              3293    -142     2737
 SINCE 7/1       4191              4606    -415     3755
COOLING TOTAL       0                 0       0        0
 SINCE 1/1          0                 0       0        0

FREEZE DATES
RECORD
 EARLIEST     09/21/1956
 LATEST       05/25/1956
EARLIEST                        10/15
LATEST                          04/26
.................................................................

WIND (MPH)
AVERAGE WIND SPEED              6.5
RESULTANT WIND SPEED/DIRECTION   3/276
HIGHEST WIND SPEED/DIRECTION    31/270    DATE  12/25
HIGHEST GUST SPEED/DIRECTION    45/260    DATE  12/25

SKY COVER
POSSIBLE SUNSHINE (PERCENT)   MM
AVERAGE SKY COVER           0.60
NUMBER OF DAYS FAIR           24
NUMBER OF DAYS PC             33
NUMBER OF DAYS CLOUDY         33

AVERAGE RH (PERCENT)     70

WEATHER CONDITIONS. NUMBER OF DAYS WITH
THUNDERSTORM         0       MIXED PRECIP          0
HEAVY RAIN           6       RAIN                 13
LIGHT RAIN          28       FREEZING RAIN         2
LT FREEZING RAIN     1       HAIL                  0
HEAVY SNOW           1       SNOW                  6
LIGHT SNOW          34       SLEET                 0
FOG                 59       FOG W/VIS<= 1/4 MILE 12
HAZE                41

-  INDICATES NEGATIVE NUMBERS.
R  INDICATES RECORD WAS SET OR TIED.
MM INDICATES DATA IS MISSING.
T  INDICATES TRACE AMOUNT.

$$
