000
CXUS51 KBGM 030109 CCA
CLSAVP
CLIMATE REPORT
NATIONAL WEATHER SERVICE BINGHAMTON, NY
910 PM EDT WED JUN 02 2021
...................................
...THE AVOCA PA CLIMATE SUMMARY FOR THE SEASON, FROM
3/1/2021 TO 5/31/2021...
CLIMATE NORMAL PERIOD 1991 TO 2020
CLIMATE RECORD PERIOD 1901 TO 2021
WEATHER OBSERVED NORMAL DEPART LAST YEAR`S
VALUE DATE(S) VALUE FROM VALUE DATE(S)
NORMAL
................................................................
TEMPERATURE (F)
RECORD
HIGH 97 05/30/1895
LOW -4 03/19/1967
HIGHEST 91 05/26 58 33 93 05/26
LOWEST 14 03/08 38 -24 22 03/22
03/01
03/08
AVG. MAXIMUM 62.4 60.3 2.1 60.0
AVG. MINIMUM 40.0 39.3 0.7 40.3
MEAN 51.2 49.8 1.4 50.2
DAYS MAX >= 90 2 0.8 1.2 1
DAYS MAX <= 32 2 3.1 -1.1 0
DAYS MIN <= 32 21 28.9 -7.9 23
DAYS MIN <= 0 0 0.1 -0.1 0
PRECIPITATION (INCHES)
RECORD
MAXIMUM 16.12 1983
MINIMUM 4.89 1995
TOTALS 8.89 9.29 -0.40 8.72
DAILY AVG. 0.10 0.10 -0.00 0.09
DAYS >= .01 36 36.9 -0.9 36
DAYS >= .10 22 21.7 0.3 22
DAYS >= .50 6 5.6 0.4 4
DAYS >= 1.00 1 1.6 -0.6 1
GREATEST
24 HR. TOTAL 1.16 03/18 TO 03/18 1.02 04/30 TO 04/30
SNOWFALL (INCHES)
RECORDS
TOTAL 34.9 1967
24 HR TOTAL 22.1 03/14/2017 TO 03/14/2017
TOTALS 0.3 10.9 -10.6 MM
SINCE 7/1 53.2 45.1 8.1 MM
DAYS >= TRACE 9 5.8 3.2 9
DAYS >= 1.0 0 2.6 -2.6 0
GREATEST
24 HR TOTAL 0.3 04/01 TO 04/01 MM
DEGREE DAYS
HEATING TOTAL 1311 1459 -148 1403
SINCE 7/1 5259 5708 -449 5295
COOLING TOTAL 67 59 8 67
SINCE 1/1 67 58 9 67
FREEZE DATES
RECORD
EARLIEST 09/21/1956
LATEST 05/25/1956
EARLIEST 10/30
LATEST 05/13
................................................................
WIND (MPH)
AVERAGE WIND SPEED 7.3
RESULTANT WIND SPEED/DIRECTION 3/310
HIGHEST WIND SPEED/DIRECTION 36/250 DATE 03/26
HIGHEST GUST SPEED/DIRECTION 51/280 DATE 03/01
SKY COVER
POSSIBLE SUNSHINE (PERCENT) MM
AVERAGE SKY COVER 0.46
NUMBER OF DAYS FAIR 40
NUMBER OF DAYS PC 27
NUMBER OF DAYS CLOUDY 25
AVERAGE RH (PERCENT) 57
WEATHER CONDITIONS. NUMBER OF DAYS WITH
THUNDERSTORM 3 MIXED PRECIP 0
HEAVY RAIN 11 RAIN 20
LIGHT RAIN 50 FREEZING RAIN 0
LT FREEZING RAIN 0 HAIL 0
HEAVY SNOW 0 SNOW 1
LIGHT SNOW 8 SLEET 0
FOG 29 FOG W/VIS <= 1/4 MILE 3
HAZE 9
- INDICATES NEGATIVE NUMBERS.
R INDICATES RECORD WAS SET OR TIED.
MM INDICATES DATA IS MISSING.
T INDICATES TRACE AMOUNT.
&&
ADDED DATE OF GREATEST 24 HOUR SNOWFALL
9TH WARMEST MARCH TO MAY
$$
TAC