000
CXUS54 KEWX 011010
CF6BAZ
PRELIMINARY LOCAL CLIMATOLOGICAL DATA (WS FORM: F-6)
STATION: NEW BRAUNFELS
MONTH: SEPTEMBER
YEAR: 2021
LATITUDE: 29 43 N
LONGITUDE: 98 3 W
TEMPERATURE IN F: :PCPN: SNOW: WIND :SUNSHINE: SKY :PK WND
================================================================================
1 2 3 4 5 6A 6B 7 8 9 10 11 12 13 14 15 16 17 18
12Z AVG MX 2MIN
DY MAX MIN AVG DEP HDD CDD WTR SNW DPTH SPD SPD DIR MIN PSBL S-S WX SPD DR
================================================================================
1 97 77 87 4 0 22 0.00 M M 7.4 17 150 M M 4 18 25 170
2 97 77 87 4 0 22 0.00 M M 7.6 23 150 M M 5 13 30 160
3 96 74 85 2 0 20 0.00 M M 5.9 21 180 M M 4 13 27 180
4 97 74 86 3 0 21 0.00 M M 7.6 17 180 M M 3 24 170
5 99 73 86 4 0 21 0.00 M M 6.8 14 230 M M 0 8 20 210
6 99 72 86 4 0 21 0.02 M M 5.5 26 70 M M 2 38 38 60
7 97 70 84 2 0 19 0.00 M M 3.4 9 100 M M 1 13 90
8 99 71 85 3 0 20 0.00 M M 5.2 18 60 M M 0 25 70
9 96 66 81 -1 0 16 0.00 0.0 0 8.2 17 50 M M 0 25 40
10 94 67 81 0 0 16 0.00 0.0 0 4.9 13 110 M M 1 17 70
11 93 62 78 -3 0 13 0.00 M M 4.3 14 100 M M 0 21 60
12 93 69 81 0 0 16 0.00 0.0 0 5.3 18 140 M M 4 22 140
13 88 71 80 0 0 15 0.10 M M 9.2 25 130 M M 6 1 32 130
14 91 69 80 0 0 15 0.00 M M 9.7 20 40 M M 3 27 50
15 91 68 80 0 0 15 0.00 0.0 0 7.8 18 10 M M 5 26 50
16 95 67 81 1 0 16 0.00 M M 4.3 12 50 M M 1 15 60
17 98 67 83 3 0 18 0.00 M M 4.2 10 120 M M 2 16 220
18 99 70 85 6 0 20 0.00 M M 4.1 14 50 M M 1 22 50
19 97 69 83 4 0 18 0.03 M M 4.4 22 70 M M 2 8 31 70
20 100 72 86 7 0 21 0.00 M M 8.5 16 160 M M 2 29 170
21 97 79 88 9 0 23 T M M 9.5 23 20 M M 5 38 32 10
22 87 61 74 -4 0 9 0.00 M M 13.7 28 40 M M 1 36 60
23 88 55 72 -6 0 7 0.00 M M 4.7 13 110 M M 0 16 110
24 88 54 71 -7 0 6 0.00 M M 5.4 12 120 M M 0 19 130
25 90 57 74 -4 0 9 0.00 M M 3.0 14 60 M M 0 19 70
26 89 57 73 -4 0 8 0.00 M M 4.7 14 140 M M 0 18 170
27 92 61 77 0 0 12 0.00 M M 4.3 13 140 M M 0 18 200
28 97 69 83 6 0 18 0.89 M M 6.8 24 160 M M 4 13 32 160
29 89 67 78 2 0 13 1.82 M M 8.1 23 150 M M 4 13 30 160
30 92 73 83 7 0 18 T M M 5.2 26 140 M M 5 1 34 140
================================================================================
SM 2825 2038 0 488 2.86 0.0 189.7 M 65
================================================================================
AV 94.2 67.9 6.3 FASTST M M 2 MAX(MPH)
MISC ----> 28 40 38 60
================================================================================
NOTES:
# LAST OF SEVERAL OCCURRENCES
COLUMN 17 PEAK WIND IN M.P.H.
PRELIMINARY LOCAL CLIMATOLOGICAL DATA (WS FORM: F-6) , PAGE 2
STATION: NEW BRAUNFELS
MONTH: SEPTEMBER
YEAR: 2021
LATITUDE: 29 43 N
LONGITUDE: 98 3 W
[TEMPERATURE DATA] [PRECIPITATION DATA] SYMBOLS USED IN COLUMN 16
AVERAGE MONTHLY: 81.1 TOTAL FOR MONTH: 2.86 1 = FOG OR MIST
DPTR FM NORMAL: 1.2 DPTR FM NORMAL: -0.59 2 = FOG REDUCING VISIBILITY
HIGHEST: 100 ON 20 GRTST 24HR 2.71 ON 28-29 TO 1/4 MILE OR LESS
LOWEST: 54 ON 24 3 = THUNDER
SNOW, ICE PELLETS, HAIL 4 = ICE PELLETS
TOTAL MONTH: 0.0 INCH 5 = HAIL
GRTST 24HR 0.0 6 = FREEZING RAIN OR DRIZZLE
GRTST DEPTH: 0 7 = DUSTSTORM OR SANDSTORM:
VSBY 1/2 MILE OR LESS
8 = SMOKE OR HAZE
[NO. OF DAYS WITH] [WEATHER - DAYS WITH] 9 = BLOWING SNOW
X = TORNADO
MAX 32 OR BELOW: 0 0.01 INCH OR MORE: 5
MAX 90 OR ABOVE: 24 0.10 INCH OR MORE: 3
MIN 32 OR BELOW: 0 0.50 INCH OR MORE: 2
MIN 0 OR BELOW: 0 1.00 INCH OR MORE: 1
[HDD (BASE 65) ]
TOTAL THIS MO. 0 CLEAR (SCALE 0-3) 19
DPTR FM NORMAL -1 PTCLDY (SCALE 4-7) 11
TOTAL FM JUL 1 0 CLOUDY (SCALE 8-10) 0
DPTR FM NORMAL 0
[CDD (BASE 65) ]
TOTAL THIS MO. 488
DPTR FM NORMAL 42 [PRESSURE DATA]
TOTAL FM JAN 1 2797 HIGHEST SLP 30.29 ON 22
DPTR FM NORMAL -45 LOWEST SLP 29.69 ON 28
[REMARKS]
#FINAL-09-21#