000
CXUS51 KOKX 010910
CF6BDR
PRELIMINARY LOCAL CLIMATOLOGICAL DATA (WS FORM: F-6)
STATION: BRIDGEPORT CT
MONTH: SEPTEMBER
YEAR: 2021
LATITUDE: 41 10 N
LONGITUDE: 73 8 W
TEMPERATURE IN F: :PCPN: SNOW: WIND :SUNSHINE: SKY :PK WND
================================================================================
1 2 3 4 5 6A 6B 7 8 9 10 11 12 13 14 15 16 17 18
12Z AVG MX 2MIN
DY MAX MIN AVG DEP HDD CDD WTR SNW DPTH SPD SPD DIR MIN PSBL S-S WX SPD DR
================================================================================
1 75 63 69 -3 0 4 5.77 0.0 0 12.5 35 40 M M 10 13 46 40
2 77 61 69 -3 0 4 0.17 0.0 0 13.5 31 20 M M 5 1 44 20
3 76 57 67 -5 0 2 0.00 0.0 0 8.1 16 340 M M 2 23 350
4 78 60 69 -2 0 4 0.00 0.0 0 8.7 15 210 M M 0 20 300
5 75 63 69 -2 0 4 0.06 0.0 0 7.8 18 200 M M 6 1 24 200
6 84 67 76 5 0 11 0.00 0.0 0 8.1 18 290 M M 4 24 300
7 80 59 70 0 0 5 0.00 0.0 0 6.3 17 220 M M 0 21 210
8 82 67 75 5 0 10 T 0.0 0 11.7 23 190 M M 4 30 180
9 76 67 72 2 0 7 0.52 0.0 0 5.1 13 200 M M 8 13 15 210
10 76 59 68 -2 0 3 0.00 0.0 0 9.6 22 310 M M 1 29 320
11 79 55 67 -2 0 2 0.00 0.0 0 8.6 17 230 M M 0 23 220
12 82 70 76 7 0 11 0.00 0.0 M 12.6 21 220 M M 2 28 220
13 86 69 78 9 0 13 T 0.0 0 7.3 15 320 M M 2 22 330
14 77 66 72 4 0 7 0.00 0.0 M 6.1 10 180 M M 3 17 40
15 85 73 79 11 0 14 0.00 0.0 0 8.1 18 190 M M 3 24 200
16 75 68 72 4 0 7 0.30 0.0 0 10.1 18 90 M M 8 13 23 80
17 77 67 72 5 0 7 0.02 0.0 0 9.2 15 40 M M 9 1 19 40
18 80 67 74 7 0 9 0.00 0.0 0 6.6 12 320 M M 3 16 340
19 78 62 70 3 0 5 0.00 0.0 0 8.3 20 30 M M 0 26 20
20 74 58 66 0 0 1 0.00 0.0 0 7.6 14 100 M M 0 17 110
21 75 58 67 1 0 2 0.00 0.0 0 8.9 14 90 M M 5 19 90
22 80 72 76 10 0 11 0.02 0.0 0 8.7 15 150 M M 7 19 180
23 82 67 75 10 0 10 0.33 0.0 0 13.3 22 150 M M 8 1 29 150
24 75 58 67 2 0 2 1.00 0.0 0 5.6 14 290 M M 7 1 19 300
25 74 56 65 1 0 0 0.00 0.0 0 4.1 10 150 M M 0 14 160
26 75 59 67 3 0 2 0.00 0.0 0 7.7 20 300 M M 1 8 25 290
27 79 56 68 4 0 3 0.00 0.0 0 11.6 23 210 M M 3 29 210
28 75 58 67 4 0 2 0.19 0.0 0 8.4 17 230 M M 5 13 22 220
29 69 52 61 -2 4 0 0.00 0.0 0 8.0 20 350 M M 2 30 350
30 67 52 60 -2 5 0 0.00 0.0 0 8.0 17 300 M M 6 23 350
================================================================================
SM 2323 1866 9 162 8.38 0.0 260.2 M 114
================================================================================
AV 77.4 62.2 8.7 FASTST M M 4 MAX(MPH)
MISC ----> 35 40 46 40
================================================================================
NOTES:
# LAST OF SEVERAL OCCURRENCES
COLUMN 17 PEAK WIND IN M.P.H.
PRELIMINARY LOCAL CLIMATOLOGICAL DATA (WS FORM: F-6) , PAGE 2
STATION: BRIDGEPORT CT
MONTH: SEPTEMBER
YEAR: 2021
LATITUDE: 41 10 N
LONGITUDE: 73 8 W
[TEMPERATURE DATA] [PRECIPITATION DATA] SYMBOLS USED IN COLUMN 16
AVERAGE MONTHLY: 69.8 TOTAL FOR MONTH: 8.38 1 = FOG OR MIST
DPTR FM NORMAL: 2.2 DPTR FM NORMAL: 4.42 2 = FOG REDUCING VISIBILITY
HIGHEST: 86 ON 13 GRTST 24HR 5.94 ON 1- 2 TO 1/4 MILE OR LESS
LOWEST: 52 ON 30,29 3 = THUNDER
SNOW, ICE PELLETS, HAIL 4 = ICE PELLETS
TOTAL MONTH: 0.0 INCH 5 = HAIL
GRTST 24HR 0.0 6 = FREEZING RAIN OR DRIZZLE
GRTST DEPTH: 0 7 = DUSTSTORM OR SANDSTORM:
VSBY 1/2 MILE OR LESS
8 = SMOKE OR HAZE
[NO. OF DAYS WITH] [WEATHER - DAYS WITH] 9 = BLOWING SNOW
X = TORNADO
MAX 32 OR BELOW: 0 0.01 INCH OR MORE: 10
MAX 90 OR ABOVE: 0 0.10 INCH OR MORE: 7
MIN 32 OR BELOW: 0 0.50 INCH OR MORE: 3
MIN 0 OR BELOW: 0 1.00 INCH OR MORE: 2
[HDD (BASE 65) ]
TOTAL THIS MO. 9 CLEAR (SCALE 0-3) 13
DPTR FM NORMAL -36 PTCLDY (SCALE 4-7) 14
TOTAL FM JUL 1 12 CLOUDY (SCALE 8-10) 3
DPTR FM NORMAL -33
[CDD (BASE 65) ]
TOTAL THIS MO. 162
DPTR FM NORMAL 39 [PRESSURE DATA]
TOTAL FM JAN 1 1086 HIGHEST SLP M ON M
DPTR FM NORMAL 146 LOWEST SLP 29.47 ON 1
[REMARKS]
#FINAL-09-21#