000
CXUS51 KOKX 010910
CF6BDR
PRELIMINARY LOCAL CLIMATOLOGICAL DATA (WS FORM: F-6)
STATION: BRIDGEPORT CT
MONTH: AUGUST
YEAR: 2023
LATITUDE: 41 10 N
LONGITUDE: 73 8 W
TEMPERATURE IN F: :PCPN: SNOW: WIND :SUNSHINE: SKY :PK WND
================================================================================
1 2 3 4 5 6A 6B 7 8 9 10 11 12 13 14 15 16 17 18
12Z AVG MX 2MIN
DY MAX MIN AVG DEP HDD CDD WTR SNW DPTH SPD SPD DIR MIN PSBL S-S WX SPD DR
================================================================================
1 80 64 72 -4 0 7 T 0.0 0 7.2 15 350 M M 2 20 310
2 77 59 68 -8 0 3 0.00 0.0 0 8.5 14 210 M M 1 17 220
3 79 61 70 -6 0 5 0.01 0.0 0 8.8 17 190 M M 3 23 200
4 79 71 75 -1 0 10 T 0.0 0 11.9 18 220 M M 9 23 220
5 82 69 76 0 0 11 0.00 0.0 0 5.9 13 210 M M 2 15 210
6 82 65 74 -2 0 9 0.00 0.0 0 6.8 13 200 M M 0 16 200
7 79 71 75 -1 0 10 0.83 0.0 0 9.0 20 180 M M 8 1 26 200
8 83 71 77 2 0 12 0.09 0.0 0 10.1 25 290 M M 6 1 37 290
9 86 69 78 3 0 13 0.00 0.0 0 10.3 22 300 M M 4 27 300
10 77 66 72 -3 0 7 0.11 0.0 0 4.6 15 200 M M 4 1 19 190
11 86 65 76 1 0 11 0.00 0.0 0 7.9 20 220 M M 1 24 230
12 80 64 72 -3 0 7 0.16 0.0 0 6.8 20 340 M M 3 13 29 340
13 89 68 79 4 0 14 0.22 0.0 0 7.2 22 210 M M 4 3 28 210
14 83 67 75 0 0 10 T 0.0 0 4.0 9 200 M M 2 11 180
15 74 68 71 -4 0 6 1.13 0.0 0 11.3 26 90 M M 10 1 30 90
16 75 68 72 -3 0 7 0.10 0.0 0 8.7 15 90 M M 8 19 90
17 75 69 72 -2 0 7 T 0.0 0 10.1 17 90 M M 10 1 22 90
18 83 67 75 1 0 10 0.85 0.0 0 11.8 29 220 M M 5 13 41 220
19 79 61 70 -4 0 5 0.00 0.0 0 8.2 17 280 M M 1 24 280
20 83 60 72 -2 0 7 0.00 0.0 0 6.0 17 220 M M 0 19 220
21 85 69 77 3 0 12 0.22 0.0 0 5.4 16 330 M M 4 1 21 320
22 80 65 73 -1 0 8 0.00 0.0 0 9.6 18 40 M M 1 26 40
23 76 61 69 -5 0 4 0.00 0.0 0 8.1 13 20 M M 0 16 30
24 72 66 69 -5 0 4 T 0.0 0 8.7 17 170 M M 7 22 170
25 74 70 72 -1 0 7 0.11 0.0 0 11.3 21 200 M M 10 1 26 190
26 83 70 77 4 0 12 0.00 0.0 0 3.3 10 200 M M 5 1 12 200
27 81 66 74 1 0 9 0.00 0.0 0 5.5 12 210 M M 3 15 230
28 74 69 72 -1 0 7 0.00 0.0 0 8.8 15 90 M M 7 19 80
29 76 66 71 -2 0 6 T 0.0 0 8.0 13 90 M M 8 16 90
30 85 67 76 4 0 11 0.09 0.0 0 9.1 21 290 M M 5 1 26 310
31 79 63 71 -1 0 6 0.00 0.0 0 10.0 18 30 M M 0 23 30
================================================================================
SM 2476 2055 0 257 3.92 0.0 252.9 M 133
================================================================================
AV 79.9 66.3 8.2 FASTST M M 4 MAX(MPH)
MISC ----> 29 220 41 220
================================================================================
NOTES:
# LAST OF SEVERAL OCCURRENCES
COLUMN 17 PEAK WIND IN M.P.H.
PRELIMINARY LOCAL CLIMATOLOGICAL DATA (WS FORM: F-6) , PAGE 2
STATION: BRIDGEPORT CT
MONTH: AUGUST
YEAR: 2023
LATITUDE: 41 10 N
LONGITUDE: 73 8 W
[TEMPERATURE DATA] [PRECIPITATION DATA] SYMBOLS USED IN COLUMN 16
AVERAGE MONTHLY: 73.1 TOTAL FOR MONTH: 3.92 1 = FOG OR MIST
DPTR FM NORMAL: -1.4 DPTR FM NORMAL: -0.06 2 = FOG REDUCING VISIBILITY
HIGHEST: 89 ON 13 GRTST 24HR 1.13 ON 14-15 TO 1/4 MILE OR LESS
LOWEST: 59 ON 2 3 = THUNDER
SNOW, ICE PELLETS, HAIL 4 = ICE PELLETS
TOTAL MONTH: 0.0 INCH 5 = HAIL
GRTST 24HR 0.0 6 = FREEZING RAIN OR DRIZZLE
GRTST DEPTH: 0 7 = DUSTSTORM OR SANDSTORM:
VSBY 1/2 MILE OR LESS
8 = SMOKE OR HAZE
[NO. OF DAYS WITH] [WEATHER - DAYS WITH] 9 = BLOWING SNOW
X = TORNADO
MAX 32 OR BELOW: 0 0.01 INCH OR MORE: 12
MAX 90 OR ABOVE: 0 0.10 INCH OR MORE: 9
MIN 32 OR BELOW: 0 0.50 INCH OR MORE: 3
MIN 0 OR BELOW: 0 1.00 INCH OR MORE: 1
[HDD (BASE 65) ]
TOTAL THIS MO. 0 CLEAR (SCALE 0-3) 13
DPTR FM NORMAL -1 PTCLDY (SCALE 4-7) 13
TOTAL FM JUL 1 0 CLOUDY (SCALE 8-10) 5
DPTR FM NORMAL 0
[CDD (BASE 65) ]
TOTAL THIS MO. 257
DPTR FM NORMAL -37 [PRESSURE DATA]
TOTAL FM JAN 1 754 HIGHEST SLP M ON M
DPTR FM NORMAL -63 LOWEST SLP 29.55 ON 8
[REMARKS]
#FINAL-08-23#