000
CXUS55 KBOU 011000
CF6BDU
PRELIMINARY LOCAL CLIMATOLOGICAL DATA (WS FORM: F-6)
STATION: BOULDER AIRPORT
MONTH: NOVEMBER
YEAR: 2021
LATITUDE: 40 2 N
LONGITUDE: 105 14 W
TEMPERATURE IN F: :PCPN: SNOW: WIND :SUNSHINE: SKY :PK WND
================================================================================
1 2 3 4 5 6A 6B 7 8 9 10 11 12 13 14 15 16 17 18
12Z AVG MX 2MIN
DY MAX MIN AVG DEP HDD CDD WTR SNW DPTH SPD SPD DIR MIN PSBL S-S WX SPD DR
================================================================================
1 37 32 35 M 30 0 M M M 3.4 8 10 M M 10 M M
2 43 34 39 M 26 0 M M M 0.6 5 360 M M 9 M M
3 59 34 47 M 18 0 M M M 1.7 5 100 M M 2 M M
4 68 36 52 M 13 0 M M M 1.8 5 190 M M 0 M M
5 73 45 59 M 6 0 M M M 3.9 8 270 M M 0 M M
6 73 37 55 M 10 0 M M M 4.4 12 10 M M 0 M M
7 77 50 64 M 1 0 M M M 6.0 14 250 M M 0 23 170
8 50 34 42 M 23 0 M M M 2.4 7 20 M M 2 M M
9 54 32 43 M 22 0 M M M 1.3 5 120 M M 0 M M
10 55 41 48 M 17 0 M M M 14.0 33 270 M M 1 43 270
11 55 28 42 M 23 0 M M M 10.6 32 290 M M 1 47 290
12 52 28 40 M 25 0 M M M 1.9 6 40 M M 1 M M
13 64 41 53 M 12 0 M M M 9.6 27 310 M M 0 39 310
14 66 32 49 M 16 0 M M M 14.5 44 270 M M 0 56 270
15 73 57 65 M 0 0 M M M 11.8 21 260 M M 0 37 300
16 72 43 58 M 7 0 M M M 8.2 16 270 M M 1 33 270
17 39 23 31 M 34 0 M M M 4.0 15 30 M M 5 20 90
18 45 21 33 M 32 0 M M M 1.9 8 270 M M 0 M M
19 64 32 48 M 17 0 M M M 3.7 14 320 M M 2 27 250
20 55 36 46 M 19 0 M M M 2.8 9 360 M M 7 16 90
21 57 28 43 M 22 0 M M M 3.8 12 150 M M 0 16 150
22 66 30 48 M 17 0 M M M 3.1 12 350 M M 0 M M
23 70 34 52 M 13 0 M M M 6.8 21 230 M M 0 31 240
24 54 28 41 M 24 0 M M M 6.3 20 330 M M 7 33 330
25 61 19 40 M 25 0 M M M 5.6 17 240 M M 0 25 240
26 70 37 54 M 11 0 M M M 5.2 13 240 M M 0 23 300
27 55 36 46 M 19 0 M M M 4.8 10 120 M M 0 18 140
28 68 30 49 M 16 0 M M M 4.1 17 270 M M 0 24 270
29 72 46 59 M 6 0 M M M 5.1 9 110 M M 0 17 230
30 63 37 50 M 15 0 M M M 7.0 30 270 M M 0 39 270
================================================================================
SM 1810 1041 519 0 M M 160.4 M 48
================================================================================
AV 60.3 34.7 5.3 FASTST M M 2 MAX(MPH)
MISC ----> 44 270 56 270
================================================================================
NOTES:
# LAST OF SEVERAL OCCURRENCES
COLUMN 17 PEAK WIND IN M.P.H.
PRELIMINARY LOCAL CLIMATOLOGICAL DATA (WS FORM: F-6) , PAGE 2
STATION: BOULDER AIRPORT
MONTH: NOVEMBER
YEAR: 2021
LATITUDE: 40 2 N
LONGITUDE: 105 14 W
[TEMPERATURE DATA] [PRECIPITATION DATA] SYMBOLS USED IN COLUMN 16
AVERAGE MONTHLY: 47.5 TOTAL FOR MONTH: M 1 = FOG OR MIST
DPTR FM NORMAL: 0.0 DPTR FM NORMAL: M 2 = FOG REDUCING VISIBILITY
HIGHEST: 77 ON 7 GRTST 24HR M ON M TO 1/4 MILE OR LESS
LOWEST: 19 ON 25 3 = THUNDER
SNOW, ICE PELLETS, HAIL 4 = ICE PELLETS
TOTAL MONTH: M 5 = HAIL
GRTST 24HR M ON M 6 = FREEZING RAIN OR DRIZZLE
GRTST DEPTH: M ON M 7 = DUSTSTORM OR SANDSTORM:
VSBY 1/2 MILE OR LESS
8 = SMOKE OR HAZE
[NO. OF DAYS WITH] [WEATHER - DAYS WITH] 9 = BLOWING SNOW
X = TORNADO
MAX 32 OR BELOW: 0 0.01 INCH OR MORE: 0
MAX 90 OR ABOVE: 0 0.10 INCH OR MORE: 0
MIN 32 OR BELOW: 13 0.50 INCH OR MORE: 0
MIN 0 OR BELOW: 0 1.00 INCH OR MORE: 0
[HDD (BASE 65) ]
TOTAL THIS MO. 519 CLEAR (SCALE 0-3) 25
DPTR FM NORMAL M PTCLDY (SCALE 4-7) 3
TOTAL FM JUL 1 919 CLOUDY (SCALE 8-10) 2
DPTR FM NORMAL M
[CDD (BASE 65) ]
TOTAL THIS MO. 0
DPTR FM NORMAL M [PRESSURE DATA]
TOTAL FM JAN 1 947 HIGHEST SLP M ON M
DPTR FM NORMAL M LOWEST SLP M ON M
[REMARKS]
#FINAL-11-21#