000
CXUS51 KCTP 010900
CF6BFD
PRELIMINARY LOCAL CLIMATOLOGICAL DATA (WS FORM: F-6)
STATION: BRADFORD
MONTH: JANUARY
YEAR: 2024
LATITUDE: 41 47 N
LONGITUDE: 78 38 W
TEMPERATURE IN F: :PCPN: SNOW: WIND :SUNSHINE: SKY :PK WND
================================================================================
1 2 3 4 5 6A 6B 7 8 9 10 11 12 13 14 15 16 17 18
12Z AVG MX 2MIN
DY MAX MIN AVG DEP HDD CDD WTR SNW DPTH SPD SPD DIR MIN PSBL S-S WX SPD DR
================================================================================
1 35 27 31 6 34 0 0.02 M M 4.5 15 320 M M 10 128 19 320
2 30 25 28 3 37 0 T M M 8.1 15 290 M M 10 22 220
3 31 29 30 6 35 0 0.00 M M 6.7 16 280 M M 10 18 25 270
4 31 21 26 2 39 0 0.06 M M 9.9 21 330 M M 10 18 30 290
5 30 14 22 -2 43 0 0.00 M M 5.1 14 300 M M 6 19 270
6 29 14 22 -2 43 0 0.22 M M 7.1 15 120 M M 7 128 23 140
7 33 29 31 7 34 0 0.06 M M 7.6 15 290 M M 10 18 23 280
8 35 30 33 9 32 0 T M M 5.6 15 300 M M 9 8 23 120
9 47 31 39 15 26 0 0.77 M M 17.9 35 120 M M 8 12 56 120
10 43 32 38 14 27 0 0.05 M M 12.1 29 270 M M 10 18 43 280
11 35 31 33 10 32 0 0.03 M M 7.3 15 250 M M 10 8 26 290
12 39 24 32 9 33 0 0.28 M M 12.6 28 140 M M 6 128 43 140
13 41 23 32 9 33 0 0.06 M M 12.4 22 240 M M 10 18 43 220
14 23 0 12 -11 53 0 0.05 M M 10.2 25 280 M M 8 8 43 250
15 18 -5 7 -16 58 0 0.00 M M 3.0 13 210 M M 1 18 220
16 16 8 12 -11 53 0 0.01 M M 5.6 18 290 M M 10 8 28 300
17 16 0 8 -15 57 0 T M M 9.7 17 230 M M 7 8 31 260
18 25 14 20 -3 45 0 0.01 M M 5.7 14 210 M M 9 8 23 230
19 24 14 19 -4 46 0 0.03 M M 5.2 18 290 M M 10 8 30 300
20 17 7 12 -11 53 0 T M M 13.6 25 300 M M 10 8 37 280
21 23 8 16 -6 49 0 T M M 11.9 28 300 M M 9 8 39 300
22 33 6 20 -2 45 0 0.00 M M 6.1 15 210 M M 5 25 210
23 37 32 35 13 30 0 0.21 M M 4.8 15 270 M M 10 168 24 270
24 50 37 44 22 21 0 0.35 M M 5.5 9 150 M M 10 12 16 150
25 54 42 48 26 17 0 0.23 M M 1.5 9 120 M M 10 12 12 230
26 58 37 48 26 17 0 0.23 M M 8.9 21 280 M M 10 128 30 280
27 43 37 40 18 25 0 0.03 M M 2.5 10 100 M M 10 12 15 120
28 41 32 37 15 28 0 0.53 M M 7.6 17 350 M M 10 18 23 350
29 32 30 31 9 34 0 T M M 10.4 22 320 M M 10 18 29 320
30 33 29 31 8 34 0 T M M 6.9 13 190 M M 10 18 23 190
31 36 29 33 10 32 0 0.00 M M 3.8 10 240 M M 10 18 18 220
================================================================================
SM 1038 687 1145 0 3.23 M 239.8 M 275
================================================================================
AV 33.5 22.2 7.7 FASTST M M 9 MAX(MPH)
MISC ----> 35 120 56 120
================================================================================
NOTES:
# LAST OF SEVERAL OCCURRENCES
COLUMN 17 PEAK WIND IN M.P.H.
PRELIMINARY LOCAL CLIMATOLOGICAL DATA (WS FORM: F-6) , PAGE 2
STATION: BRADFORD
MONTH: JANUARY
YEAR: 2024
LATITUDE: 41 47 N
LONGITUDE: 78 38 W
[TEMPERATURE DATA] [PRECIPITATION DATA] SYMBOLS USED IN COLUMN 16
AVERAGE MONTHLY: 27.8 TOTAL FOR MONTH: 3.23 1 = FOG OR MIST
DPTR FM NORMAL: 4.7 DPTR FM NORMAL: 0.51 2 = FOG REDUCING VISIBILITY
HIGHEST: 58 ON 26 GRTST 24HR 2.45 ON 9-10 TO 1/4 MILE OR LESS
LOWEST: -5 ON 15 3 = THUNDER
SNOW, ICE PELLETS, HAIL 4 = ICE PELLETS
TOTAL MONTH: M 5 = HAIL
GRTST 24HR M ON M 6 = FREEZING RAIN OR DRIZZLE
GRTST DEPTH: M ON M 7 = DUSTSTORM OR SANDSTORM:
VSBY 1/2 MILE OR LESS
8 = SMOKE OR HAZE
[NO. OF DAYS WITH] [WEATHER - DAYS WITH] 9 = BLOWING SNOW
X = TORNADO
MAX 32 OR BELOW: 14 0.01 INCH OR MORE: 19
MAX 90 OR ABOVE: 0 0.10 INCH OR MORE: 8
MIN 32 OR BELOW: 27 0.50 INCH OR MORE: 2
MIN 0 OR BELOW: 3 1.00 INCH OR MORE: 0
[HDD (BASE 65) ]
TOTAL THIS MO. 1145 CLEAR (SCALE 0-3) 1
DPTR FM NORMAL -152 PTCLDY (SCALE 4-7) 7
TOTAL FM JUL 1 3344 CLOUDY (SCALE 8-10) 23
DPTR FM NORMAL -728
[CDD (BASE 65) ]
TOTAL THIS MO. 0
DPTR FM NORMAL 0 [PRESSURE DATA]
TOTAL FM JAN 1 0 HIGHEST SLP 30.54 ON 21
DPTR FM NORMAL 0 LOWEST SLP 28.99 ON 9
[REMARKS]
#FINAL-01-24#