000
CXUS51 KCTP 010800
CF6BFD
PRELIMINARY LOCAL CLIMATOLOGICAL DATA (WS FORM: F-6)
STATION: BRADFORD
MONTH: MAY
YEAR: 2020
LATITUDE: 41 47 N
LONGITUDE: 78 38 W
TEMPERATURE IN F: :PCPN: SNOW: WIND :SUNSHINE: SKY :PK WND
================================================================================
1 2 3 4 5 6A 6B 7 8 9 10 11 12 13 14 15 16 17 18
12Z AVG MX 2MIN
DY MAX MIN AVG DEP HDD CDD WTR SNW DPTH SPD SPD DIR MIN PSBL S-S WX SPD DR
================================================================================
1 52 40 46 -3 19 0 0.01 M M 6.6 16 310 M M 9 128 19 310
2 64 39 52 3 13 0 T M M 7.1 17 210 M M 8 12 25 230
3 74 47 61 11 4 0 0.00 M M 7.8 26 310 M M 2 33 280
4 50 36 43 -7 22 0 T M M 10.4 22 340 M M 6 18 26 320
5 57 28 43 -7 22 0 0.00 M M 6.4 13 50 M M 0 20 40
6 46 31 39 -11 26 0 0.17 M M 5.8 15 330 M M 8 128 18 340
7 56 25 41 -10 24 0 T M M 6.7 26 320 M M 4 34 330
8 42 24 33 -18 32 0 0.04 M M 7.7 25 320 M M 7 18 38 330
9 36 22 29 -22 36 0 0.01 M M 13.8 28 290 M M 7 8 37 270
10 56 32 44 -7 21 0 T M M 8.6 21 280 M M 5 33 270
11 43 34 39 -13 26 0 0.04 M M 10.1 24 310 M M 10 18 33 330
12 49 28 39 -13 26 0 0.05 M M 10.6 28 290 M M 7 1 41 290
13 56 23 40 -12 25 0 0.00 M M 3.6 16 330 M M 0 21 330
14 65 30 48 -5 17 0 0.22 M M 5.8 16 200 M M 6 1 24 190
15 75 54 65 12 0 0 0.97 M M 9.3 21 320 M M 10 13 30 220
16 70 41 56 3 9 0 0.00 M M 4.5 13 350 M M 2 12 19 30
17 64 46 55 2 10 0 0.13 M M 9.1 17 130 M M 7 1 25 120
18 67 53 60 6 5 0 0.00 M M 10.9 20 130 M M 8 27 120
19 70 53 62 8 3 0 0.00 M M 12.5 23 110 M M 1 32 140
20 69 44 57 3 8 0 0.00 M M 11.9 21 120 M M 0 32 140
21 71 31 51 -4 14 0 0.00 M M 6.4 15 200 M M 0 22 150
22 66 48 57 2 8 0 0.30 M M 4.2 12 120 M M 9 18 16 130
23 74 58 66 11 0 1 0.26 M M 4.1 12 140 M M 9 12 15 300
24 75 61 68 13 0 3 0.00 M M 8.6 14 160 M M 6 1 22 160
25 82 59 71 15 0 6 0.33 M M 4.5 13 150 M M 7 1238 17 140
26 86 56 71 15 0 6 0.00 M M 3.2 13 140 M M 2 12 19 140
27 79 58 69 13 0 4 0.00 M M 6.6 17 120 M M 1 1 24 140
28 74 59 67 10 0 2 0.13 M M 6.6 18 190 M M 6 1 25 220
29 76 54 65 8 0 0 0.61 M M 6.9 31 290 M M 7 138 40 280
30 65 40 53 -4 12 0 T M M 7.4 22 310 M M 6 30 310
31 57 36 47 -10 18 0 0.00 M M 7.1 20 340 M M 2 27 330
================================================================================
SM 1966 1290 400 22 3.27 M 234.8 M 162
================================================================================
AV 63.4 41.6 7.6 FASTST M M 5 MAX(MPH)
MISC ----> 31 290 41 290
================================================================================
NOTES:
# LAST OF SEVERAL OCCURRENCES
COLUMN 17 PEAK WIND IN M.P.H.
PRELIMINARY LOCAL CLIMATOLOGICAL DATA (WS FORM: F-6) , PAGE 2
STATION: BRADFORD
MONTH: MAY
YEAR: 2020
LATITUDE: 41 47 N
LONGITUDE: 78 38 W
[TEMPERATURE DATA] [PRECIPITATION DATA] SYMBOLS USED IN COLUMN 16
AVERAGE MONTHLY: 52.5 TOTAL FOR MONTH: 3.27 1 = FOG OR MIST
DPTR FM NORMAL: -0.6 DPTR FM NORMAL: -0.91 2 = FOG REDUCING VISIBILITY
HIGHEST: 86 ON 26 GRTST 24HR 1.01 ON 14-15 TO 1/4 MILE OR LESS
LOWEST: 22 ON 9 3 = THUNDER
SNOW, ICE PELLETS, HAIL 4 = ICE PELLETS
TOTAL MONTH: M 5 = HAIL
GRTST 24HR M ON M 6 = FREEZING RAIN OR DRIZZLE
GRTST DEPTH: M ON M 7 = DUSTSTORM OR SANDSTORM:
VSBY 1/2 MILE OR LESS
8 = SMOKE OR HAZE
[NO. OF DAYS WITH] [WEATHER - DAYS WITH] 9 = BLOWING SNOW
X = TORNADO
MAX 32 OR BELOW: 0 0.01 INCH OR MORE: 14
MAX 90 OR ABOVE: 0 0.10 INCH OR MORE: 9
MIN 32 OR BELOW: 10 0.50 INCH OR MORE: 2
MIN 0 OR BELOW: 0 1.00 INCH OR MORE: 0
[HDD (BASE 65) ]
TOTAL THIS MO. 400 CLEAR (SCALE 0-3) 10
DPTR FM NORMAL 23 PTCLDY (SCALE 4-7) 15
TOTAL FM JUL 1 6815 CLOUDY (SCALE 8-10) 6
DPTR FM NORMAL -678
[CDD (BASE 65) ]
TOTAL THIS MO. 22
DPTR FM NORMAL 14 [PRESSURE DATA]
TOTAL FM JAN 1 22 HIGHEST SLP 30.35 ON 13
DPTR FM NORMAL 12 LOWEST SLP 29.71 ON 4
[REMARKS]
#FINAL-05-20#