000
CXUS51 KCTP 010827
CLMBFD
CLIMATE REPORT
NATIONAL WEATHER SERVICE STATE COLLEGE PA
427 AM EDT TUE AUG 01 2023
...................................
...THE BRADFORD CLIMATE SUMMARY FOR THE MONTH OF JULY 2023...
CLIMATE NORMAL PERIOD 1991 TO 2020
CLIMATE RECORD PERIOD 1957 TO 2023
WEATHER OBSERVED NORMAL DEPART LAST YEAR`S
VALUE DATE(S) VALUE FROM VALUE DATE(S)
NORMAL
................................................................
TEMPERATURE (F)
RECORD
HIGH 97 07/22/2011
07/16/1988
LOW 33 07/12/1973
07/18/1971
07/09/1963
HIGHEST 88 07/05 89 07/23
07/06
LOWEST 49 07/31 44 07/10
AVG. MAXIMUM 80.6 78.6 2.0 80.5
AVG. MINIMUM 57.6 55.1 2.5 55.2
MEAN 69.1 66.9 2.2 67.8
DAYS MAX >= 90 0 0.4 -0.4 0
DAYS MAX <= 32 0 0.0 0.0 0
DAYS MIN <= 32 0 0.0 0.0 0
DAYS MIN <= 0 0 0.0 0.0 0
PRECIPITATION (INCHES)
RECORD
MAXIMUM 10.09 1992
MINIMUM 1.39 1966
TOTALS 7.25 4.16 3.09 3.31
DAILY AVG. 0.23 0.13 0.10 0.11
DAYS >= .01 16 12.4 3.6 11
DAYS >= .10 11 8.4 2.6 7
DAYS >= .50 4 2.7 1.3 2
DAYS >= 1.00 1 1.0 0.0 1
GREATEST
24 HR. TOTAL 2.94 07/12 TO 07/12 1.08 07/01 TO 07/02
DEGREE DAYS
HEATING TOTAL 4 43 -39 12
SINCE 7/1 4 41 -37 MM
COOLING TOTAL 137 101 36 109
SINCE 1/1 191 176 15 MM
................................................................
WIND (MPH)
AVERAGE WIND SPEED 4.4
HIGHEST WIND SPEED/DIRECTION 37/310 DATE 07/20
HIGHEST GUST SPEED/DIRECTION 49/300 DATE 07/20
SKY COVER
POSSIBLE SUNSHINE (PERCENT) MM
AVERAGE SKY COVER 0.43
NUMBER OF DAYS FAIR 13
NUMBER OF DAYS PC 14
NUMBER OF DAYS CLOUDY 4
AVERAGE RH (PERCENT) 71
WEATHER CONDITIONS. NUMBER OF DAYS WITH
THUNDERSTORM 8 MIXED PRECIP 0
HEAVY RAIN 10 RAIN 10
LIGHT RAIN 18 FREEZING RAIN 0
LT FREEZING RAIN 0 HAIL 0
HEAVY SNOW 0 SLEET 0
FOG 29 FOG W/VIS <= 1/4 MILE 12
HAZE 4
- INDICATES NEGATIVE NUMBERS.
R INDICATES RECORD WAS SET OR TIED.
MM INDICATES DATA IS MISSING.
T INDICATES TRACE AMOUNT.
$$