000
CXUS55 KCYS 041504
CF6BFF
PRELIMINARY LOCAL CLIMATOLOGICAL DATA (WS FORM: F-6)
STATION: SCOTTSBLUFF NE AIRPORT
MONTH: JULY
YEAR: 2023
LATITUDE: 41 52 N
LONGITUDE: 103 36 W
TEMPERATURE IN F: :PCPN: SNOW: WIND :SUNSHINE: SKY :PK WND
================================================================================
1 2 3 4 5 6A 6B 7 8 9 10 11 12 13 14 15 16 17 18
12Z AVG MX 2MIN
DY MAX MIN AVG DEP HDD CDD WTR SNW DPTH SPD SPD DIR MIN PSBL S-S WX SPD DR
================================================================================
1 84 53 69 -4 0 4 0.00 0.0 0 4.4 10 300 M M 1 1 14 140
2 87 58 73 0 0 8 0.00 0.0 0 7.9 18 280 M M 1 26 310
3 93 55 74 0 0 9 T 0.0 0 6.2 26 230 M M 1 3 44 240
4 76 56 66 -8 0 1 0.26 0.0 0 8.5 24 10 M M 6 13 33 10
5 60 54 57 -17 8 0 0.07 0.0 0 7.5 15 130 M M 10 1 20 140
6 76 56 66 -8 0 1 0.14 0.0 0 12.0 36 360 M M 7 13 47 360
7 80 52 66 -8 0 1 0.00 0.0 0 7.4 15 60 M M 2 13 23 360
8 69 56 63 -12 2 0 0.37 0.0 0 10.8 30 70 M M 6 138 43 360
9 85 52 69 -6 0 4 0.00 0.0 0 3.8 10 220 M M 2 12 14 210
10 95 60 78 3 0 13 0.00 0.0 0 5.0 17 20 M M 0 22 10
11 97 63 80 5 0 15 0.00 0.0 0 7.9 18 270 M M 0 25 300
12 90 63 77 2 0 12 0.00 0.0 0 5.7 20 10 M M 1 13 26 50
13 92 63 78 3 0 13 0.01 0.0 0 8.9 33 330 M M 1 3 43 330
14 86 63 75 -1 0 10 T 0.0 0 9.0 23 350 M M 3 3 32 340
15 88 58 73 -3 0 8 0.05 0.0 0 5.5 18 290 M M 0 38 37 290
16 91 60 76 0 0 11 0.00 0.0 0 7.6 24 10 M M 0 18 31 40
17 94 60 77 1 0 12 T 0.0 0 9.2 21 120 M M 0 138 27 120
18 96 64 80 4 0 15 0.08 0.0 0 6.4 35 300 M M 1 1238 56 310
19 87 64 76 0 0 11 T 0.0 0 5.9 18 310 M M 1 3 24 300
20 70 56 63 -13 2 0 0.48 0.0 0 6.7 18 110 M M 7 13 24 90
21 86 52 69 -7 0 4 0.00 0.0 0 3.6 10 50 M M 1 128 12 330
22 91 57 74 -2 0 9 0.00 0.0 0 5.1 13 280 M M 0 18 110
23 99 58 79 3 0 14 0.17 0.0 0 4.3 35 330 M M 0 3 54 330
24 98 60 79 3 0 14 T 0.0 0 6.1 22 260 M M 0 3 30 260
25 97 62 80 4 0 15 T 0.0 0 7.9 26 270 M M 0 36 280
26 99 59 79 3 0 14 0.00 0.0 0 7.3 31 290 M M 0 44 290
27 98 58 78 2 0 13 0.03 0.0 0 8.3 43 340 M M 1 3 56 350
28 94 60 77 1 0 12 T 0.0 0 6.1 16 230 M M 0 3 23 310
29 92 63 78 2 0 13 0.00 0.0 0 10.6 21 120 M M 1 30 70
30 101 67 84 8 0 19 0.00 0.0 0 9.8 28 60 M M 1 36 280
31 94 63 79 3 0 14 0.49 0.0 0 11.1 29 60 M M 2 13 42 60
================================================================================
SM 2745 1825 12 289 2.15 0.0 226.5 M 56
================================================================================
AV 88.5 58.9 7.3 FASTST M M 2 MAX(MPH)
MISC ----> 43 340 # 56 310
================================================================================
NOTES:
# LAST OF SEVERAL OCCURRENCES
COLUMN 17 PEAK WIND IN M.P.H.
PRELIMINARY LOCAL CLIMATOLOGICAL DATA (WS FORM: F-6) , PAGE 2
STATION: SCOTTSBLUFF NE AIRPORT
MONTH: JULY
YEAR: 2023
LATITUDE: 41 52 N
LONGITUDE: 103 36 W
[TEMPERATURE DATA] [PRECIPITATION DATA] SYMBOLS USED IN COLUMN 16
AVERAGE MONTHLY: 73.7 TOTAL FOR MONTH: 2.15 1 = FOG OR MIST
DPTR FM NORMAL: -1.6 DPTR FM NORMAL: 0.49 2 = FOG REDUCING VISIBILITY
HIGHEST: 101 ON 30 GRTST 24HR 0.49 ON 31-31 TO 1/4 MILE OR LESS
LOWEST: 52 ON 21, 9 3 = THUNDER
SNOW, ICE PELLETS, HAIL 4 = ICE PELLETS
TOTAL MONTH: 0.0 INCH 5 = HAIL
GRTST 24HR 0.0 6 = FREEZING RAIN OR DRIZZLE
GRTST DEPTH: 0 7 = DUSTSTORM OR SANDSTORM:
VSBY 1/2 MILE OR LESS
8 = SMOKE OR HAZE
[NO. OF DAYS WITH] [WEATHER - DAYS WITH] 9 = BLOWING SNOW
X = TORNADO
MAX 32 OR BELOW: 0 0.01 INCH OR MORE: 11
MAX 90 OR ABOVE: 18 0.10 INCH OR MORE: 6
MIN 32 OR BELOW: 0 0.50 INCH OR MORE: 0
MIN 0 OR BELOW: 0 1.00 INCH OR MORE: 0
[HDD (BASE 65) ]
TOTAL THIS MO. 12 CLEAR (SCALE 0-3) 26
DPTR FM NORMAL 8 PTCLDY (SCALE 4-7) 4
TOTAL FM JUL 1 12 CLOUDY (SCALE 8-10) 1
DPTR FM NORMAL 12
[CDD (BASE 65) ]
TOTAL THIS MO. 289
DPTR FM NORMAL -33 [PRESSURE DATA]
TOTAL FM JAN 1 413 HIGHEST SLP 30.25 ON 20
DPTR FM NORMAL -95 LOWEST SLP 29.70 ON 12
[REMARKS]
#FINAL-07-23#
JULY 5... RECORD LOW MAXIMUM TEMPERATURE: 60F (PREVIOUS: 68F IN 1898)