000
CXUS51 KBGM 031605 CCA
CF6BGM

PRELIMINARY LOCAL CLIMATOLOGICAL DATA (WS FORM: F-6)

                                          STATION:   BINGHAMTON NY
                                          MONTH:     FEBRUARY
                                          YEAR:      2018
                                          LATITUDE:   42 13 N
                                          LONGITUDE:  75 59 W

  TEMPERATURE IN F:       :PCPN:    SNOW:  WIND      :SUNSHINE: SKY     :PK WND
================================================================================
1   2   3   4   5  6A  6B    7    8   9   10  11  12  13   14  15   16   17  18
                                     12Z  AVG MX 2MIN
DY MAX MIN AVG DEP HDD CDD  WTR  SNW DPTH SPD SPD DIR MIN PSBL S-S WX    SPD DR
================================================================================

 1  40  23  32   9  33   0 0.14  1.5    1 11.0 22 340   M    M  10 1      27 360
 2  23   3  13 -10  52   0    T  0.4    2 14.9 24 310   M    M   6 19     37 300
 3  23   2  13 -10  52   0    T    T    1 10.6 18 250   M    M   8        27 210
 4  29  23  26   3  39   0 0.36  3.7    1  8.8 20 190   M    M  10 12     30 190
 5  29  11  20  -3  45   0    T  0.2    5 10.0 26 310   M    M   6 189    38 310
 6  26  13  20  -3  45   0 0.02  0.9    4  7.0 15 270   M    M  10 1      21 280
 7  26  17  22  -1  43   0 0.64  5.5    5 10.6 22 300   M    M   9 128    33 310
 8  20  11  16  -8  49   0 0.01  0.2    9  8.2 20 310   M    M   7 1      29 330
 9  29   9  19  -5  46   0 0.10  1.1    8  7.3 17 190   M    M   9 18     24 180
10  40  29  35  11  30   0 0.08    T    9  6.2 12 190   M    M   8 18     18 200
11  45  30  38  14  27   0 0.11  0.0    7  8.1 21 350   M    M  10 126    24 350
12  33  19  26   2  39   0 0.00  0.0    3 11.6 20 350   M    M   5        26 340
13  30  15  23  -1  42   0    T  0.1    3  5.2 14 190   M    M   3 1      20 190
14  40  28  34  10  31   0 0.03  0.0    3  7.8 14 210   M    M   8 1      19 200
15  56  37  47  22  18   0 0.03  0.0    2  6.5 14 220   M    M   8 12     20 270
16  50  21  36  11  29   0 0.21    T    T 10.5 23 330   M    M   8 12     33 330
17  31  17  24  -1  41   0 0.12  0.9    0  7.8 18 170   M    M   5 18     27 190
18  34  23  29   4  36   0 0.04  0.8    2  7.8 17 290   M    M   6 18     25 340
19  41  25  33   7  32   0 0.28  0.0    1 10.4 18 190   M    M   6 1      26 180
20  64  41  53  27  12   0 0.00  0.0    0  9.5 18 220   M    M   3 1      25 220
21  69  32  51  25  14   0 0.06  0.0    0 11.2 24 230   M    M   5 1      32 220
22  32  28  30   4  35   0 0.52  4.8    0  6.2 13 360   M    M   9 12     15  20
23  37  29  33   7  32   0 0.14  0.0    4 10.2 18 160   M    M  10 126    25 170
24  40  33  37  10  28   0    T    T    1  5.6 12 360   M    M   9 12     14 330
25  42  33  38  11  27   0 0.51  0.0    0 10.8 28 150   M    M   8 12     39 160
26  47  31  39  12  26   0 0.00  0.0    0  8.6 17 310   M    M   0 1      27 340
27  52  26  39  12  26   0 0.00  0.0    0  8.1 18 260   M    M   0        24 270
28  56  35  46  18  19   0    T  0.0    0  7.9 17 220   M    M   4        23 230
================================================================================
SM 1084  644       948   0  3.40    20.1 248.4          M      190
================================================================================
AV 38.7 23.0                               8.9 FASTST   M    M   7    MAX(MPH)
                                 MISC ---->  # 28 150               # 39  160
================================================================================
NOTES:
# LAST OF SEVERAL OCCURRENCES

COLUMN 17 PEAK WIND IN M.P.H.

PRELIMINARY LOCAL CLIMATOLOGICAL DATA (WS FORM: F-6) , PAGE 2

                                          STATION:  BINGHAMTON NY
                                          MONTH:    FEBRUARY
                                          YEAR:     2018
                                          LATITUDE:   42 13 N
                                          LONGITUDE:  75 59 W

[TEMPERATURE DATA]      [PRECIPITATION DATA]       SYMBOLS USED IN COLUMN 16

AVERAGE MONTHLY: 30.9   TOTAL FOR MONTH:   3.40    1 = FOG OR MIST
DPTR FM NORMAL:   6.2   DPTR FM NORMAL:    1.09    2 = FOG REDUCING VISIBILITY
HIGHEST:    69 ON 21    GRTST 24HR  0.64 ON  7- 7      TO 1/4 MILE OR LESS
LOWEST:      2 ON  3                               3 = THUNDER
                        SNOW, ICE PELLETS, HAIL    4 = ICE PELLETS
                        TOTAL MONTH:  20.1 INCHES  5 = HAIL
                        GRTST 24HR   5.5 ON  7- 7  6 = FREEZING RAIN OR DRIZZLE
                        GRTST DEPTH:  10 ON 9, 10  7 = DUSTSTORM OR SANDSTORM:
                                                       VSBY 1/2 MILE OR LESS
                                                   8 = SMOKE OR HAZE
[NO. OF DAYS WITH]      [WEATHER - DAYS WITH]      9 = BLOWING SNOW
                                                   X = TORNADO
MAX 32 OR BELOW:  11    0.01 INCH OR MORE:  18
MAX 90 OR ABOVE:   0    0.10 INCH OR MORE:  11
MIN 32 OR BELOW:  23    0.50 INCH OR MORE:   3
MIN  0 OR BELOW:   0    1.00 INCH OR MORE:   0

[HDD (BASE 65) ]
TOTAL THIS MO.   948    CLEAR  (SCALE 0-3)   3
DPTR FM NORMAL  -179    PTCLDY (SCALE 4-7)  13
TOTAL FM JUL 1  4968    CLOUDY (SCALE 8-10) 12
DPTR FM NORMAL  -231

[CDD (BASE 65) ]
TOTAL THIS MO.     0
DPTR FM NORMAL     0    [PRESSURE DATA]
TOTAL FM JAN 1     0    HIGHEST SLP 30.82 ON 13
DPTR FM NORMAL     0    LOWEST  SLP 29.59 ON 16

[REMARKS]
#FINAL-02-18#
CORRECTED 12Z SNOW DEPTH FOR DAYS 8 AND 24
CORRECTED GREATEST SNOW DEPTH
4TH WARMEST FEBRUARY
2ND WARMEST FEBRUARY TEMPERATURE DAY 21
4TH WARMEST FEBRUARY TEMPERATURE DAY 20
(WARMEST 70 ON 2/24/2017,  3RD WARMEST 2/16/1954)
