000
CXUS51 KBGM 090230 CCA
CF6BGM
PRELIMINARY LOCAL CLIMATOLOGICAL DATA (WS FORM: F-6)
STATION: BINGHAMTON NY
MONTH: OCTOBER
YEAR: 2020
LATITUDE: 42 13 N
LONGITUDE: 75 59 W
TEMPERATURE IN F: :PCPN: SNOW: WIND :SUNSHINE: SKY :PK WND
================================================================================
1 2 3 4 5 6A 6B 7 8 9 10 11 12 13 14 15 16 17 18
12Z AVG MX 2MIN
DY MAX MIN AVG DEP HDD CDD WTR SNW DPTH SPD SPD DIR MIN PSBL S-S WX SPD DR
================================================================================
1 63 46 55 1 10 0 T 0.0 0 7.5 18 260 M M 5 26 220
2 57 44 51 -2 14 0 0.16 0.0 0 6.3 15 280 M M 8 1 20 220
3 56 40 48 -5 17 0 0.00 0.0 0 5.3 15 270 M M 5 19 280
4 58 39 49 -3 16 0 T 0.0 0 5.3 14 150 M M 6 18 120
5 58 47 53 1 12 0 T 0.0 0 3.5 12 310 M M 7 1 14 290
6 62 42 52 0 13 0 0.00 0.0 0 8.4 17 210 M M 4 8 23 210
7 59 48 54 3 11 0 0.24 T 0 12.2 37 260 M M 6 1358 51 260
8 52 44 48 -3 17 0 T 0.0 0 8.9 21 300 M M 8 30 330
9 64 43 54 3 11 0 0.00 0.0 0 5.7 15 260 M M 2 8 20 190
10 76 54 65 15 0 0 0.03 0.0 0 11.8 22 260 M M 2 8 30 260
11 59 44 52 2 13 0 0.00 0.0 0 7.1 13 330 M M 5 16 340
12 52 44 48 -2 17 0 0.01 0.0 0 15.3 23 130 M M 10 18 29 130
13 56 44 50 1 15 0 0.11 0.0 0 7.8 17 140 M M 7 1 23 130
14 63 41 52 3 13 0 0.00 0.0 0 7.5 16 280 M M 0 8 22 320
15 74 51 63 14 2 0 0.07 0.0 0 11.4 24 210 M M 3 18 33 200
16 51 33 42 -6 23 0 0.27 0.0 0 5.1 13 340 M M 7 1 17 350
17 52 28 40 -8 25 0 0.00 0.0 0 5.0 13 260 M M 2 12 17 250
18 55 39 47 -1 18 0 0.00 0.0 0 9.4 22 190 M M 2 31 190
19 55 48 52 5 13 0 0.29 0.0 0 6.8 13 180 M M 9 1 19 190
20 58 47 53 6 12 0 0.22 0.0 0 7.6 15 20 M M 10 12 22 200
21 73 48 61 14 4 0 0.00 0.0 0 8.2 18 220 M M 8 128 30 230
22 73 54 64 18 1 0 T 0.0 0 4.7 10 270 M M 5 1 13 260
23 74 59 67 21 0 2 0.00 0.0 0 9.6 17 190 M M 4 18 25 210
24 61 35 48 2 17 0 0.11 0.0 0 10.0 22 330 M M 9 1 29 320
25 48 31 40 -6 25 0 T 0.0 0 5.6 15 150 M M 4 1 21 150
26 53 38 46 1 19 0 0.37 0.0 0 9.4 16 360 M M 10 1 23 150
27 46 40 43 -2 22 0 0.09 0.0 0 4.0 14 360 M M 10 1 17 350
28 49 41 45 0 20 0 0.30 0.0 0 5.4 13 260 M M 7 1 17 270
29 43 37 40 -4 25 0 1.50 0.0 0 7.0 15 30 M M 9 1 20 30
30 39 29 34 -10 31 0 0.22 0.3 T 8.1 18 350 M M 8 1 25 330
31 38 29 34 -10 31 0 0.00 0.0 0 5.6 13 200 M M 6 19 140
================================================================================
SM 1777 1307 467 2 3.99 0.3 235.5 M 188
================================================================================
AV 57.3 42.2 7.6 FASTST M M 6 MAX(MPH)
MISC ----> # 37 260 # 51 260
================================================================================
NOTES:
# LAST OF SEVERAL OCCURRENCES
COLUMN 17 PEAK WIND IN M.P.H.
PRELIMINARY LOCAL CLIMATOLOGICAL DATA (WS FORM: F-6) , PAGE 2
STATION: BINGHAMTON NY
MONTH: OCTOBER
YEAR: 2020
LATITUDE: 42 13 N
LONGITUDE: 75 59 W
[TEMPERATURE DATA] [PRECIPITATION DATA] SYMBOLS USED IN COLUMN 16
AVERAGE MONTHLY: 49.7 TOTAL FOR MONTH: 3.99 1 = FOG OR MIST
DPTR FM NORMAL: 1.2 DPTR FM NORMAL: 0.66 2 = FOG REDUCING VISIBILITY
HIGHEST: 76 ON 10 GRTST 24HR 1.70 ON 29-30 TO 1/4 MILE OR LESS
LOWEST: 28 ON 17 3 = THUNDER
SNOW, ICE PELLETS, HAIL 4 = ICE PELLETS
TOTAL MONTH: 0.3 INCH 5 = HAIL
GRTST 24HR 0.3 ON 30-30 6 = FREEZING RAIN OR DRIZZLE
GRTST DEPTH: T 7 = DUSTSTORM OR SANDSTORM:
VSBY 1/2 MILE OR LESS
8 = SMOKE OR HAZE
[NO. OF DAYS WITH] [WEATHER - DAYS WITH] 9 = BLOWING SNOW
X = TORNADO
MAX 32 OR BELOW: 0 0.01 INCH OR MORE: 15
MAX 90 OR ABOVE: 0 0.10 INCH OR MORE: 11
MIN 32 OR BELOW: 4 0.50 INCH OR MORE: 1
MIN 0 OR BELOW: 0 1.00 INCH OR MORE: 1
[HDD (BASE 65) ]
TOTAL THIS MO. 467 CLEAR (SCALE 0-3) 6
DPTR FM NORMAL -48 PTCLDY (SCALE 4-7) 18
TOTAL FM JUL 1 662 CLOUDY (SCALE 8-10) 7
DPTR FM NORMAL -110
[CDD (BASE 65) ]
TOTAL THIS MO. 2
DPTR FM NORMAL 0 [PRESSURE DATA]
TOTAL FM JAN 1 573 HIGHEST SLP 30.50 ON 31
DPTR FM NORMAL 192 LOWEST SLP 29.58 ON 7
[REMARKS]
#FINAL-10-20#
CORRECTED GREATEST 24 HOUR PRECIPITATION