000
CXUS51 KBGM 141358
CF6BGM
PRELIMINARY LOCAL CLIMATOLOGICAL DATA (WS FORM: F-6)
STATION: BINGHAMTON NY
MONTH: AUGUST
YEAR: 2020
LATITUDE: 42 13 N
LONGITUDE: 75 59 W
TEMPERATURE IN F: :PCPN: SNOW: WIND :SUNSHINE: SKY :PK WND
================================================================================
1 2 3 4 5 6A 6B 7 8 9 10 11 12 13 14 15 16 17 18
12Z AVG MX 2MIN
DY MAX MIN AVG DEP HDD CDD WTR SNW DPTH SPD SPD DIR MIN PSBL S-S WX SPD DR
================================================================================
1 83 60 72 3 0 7 T 0.0 0 4.1 10 140 M M 3 14 170
2 88 68 78 9 0 13 T 0.0 0 11.8 23 220 M M 7 31 230
3 81 66 74 5 0 9 0.00 0.0 0 8.0 18 270 M M 5 24 280
4 71 63 67 -2 0 2 1.53 0.0 0 8.3 17 250 M M 8 1 22 240
5 76 61 69 0 0 4 0.00 0.0 0 8.2 17 280 M M 5 23 280
6 76 56 66 -3 0 1 0.00 0.0 0 4.7 12 350 M M 2 14 210
7 73 57 65 -3 0 0 0.64 0.0 0 5.6 12 140 M M 9 123 16 140
8 81 60 71 3 0 6 0.00 0.0 0 3.9 9 300 M M 4 12 11 310
9 82 61 72 4 0 7 0.00 0.0 0 4.3 15 240 M M 3 12 18 240
10 85 67 76 8 0 11 0.10 0.0 0 4.6 14 280 M M 3 3 19 250
11 87 66 77 9 0 12 1.18 0.0 0 8.1 17 30 M M 2 1238 24 230
12 80 61 71 3 0 6 0.00 0.0 0 4.6 12 320 M M 2 12 19 350
13 81 59 70 2 0 5 0.00 0.0 0 3.6 10 40 M M 0 16 50
14 83 61 72 4 0 7 T 0.0 0 4.8 10 70 M M 3 14 80
15 78 63 71 3 0 6 0.00 0.0 0 7.5 14 140 M M 6 18 130
16 76 60 68 0 0 3 0.00 0.0 0 7.0 15 140 M M 2 18 130
17 78 58 68 0 0 3 0.14 0.0 0 7.1 18 350 M M 6 1 24 350
18 75 57 66 -2 0 1 T 0.0 0 7.3 18 280 M M 6 12 24 280
19 71 56 64 -3 1 0 0.00 0.0 0 7.0 22 350 M M 2 29 360
20 73 49 61 -6 4 0 0.00 0.0 0 4.3 12 210 M M 0 15 280
21 82 60 71 4 0 6 0.00 0.0 0 5.9 12 220 M M 1 16 210
22 84 61 73 6 0 8 0.00 0.0 0 4.0 12 360 M M 2 15 360
23 85 63 74 7 0 9 T 0.0 0 4.7 14 310 M M 1 3 21 320
24 85 63 74 8 0 9 0.23 0.0 0 5.6 21 70 M M 2 3 27 60
25 80 62 71 5 0 6 0.08 0.0 0 9.9 25 350 M M 4 3 37 320
26 69 53 61 -5 4 0 0.01 0.0 0 8.0 17 300 M M 6 23 320
27 86 59 73 7 0 8 2.02 0.0 0 9.2 29 290 M M 8 13 40 270
28 74 63 69 3 0 4 0.02 0.0 0 6.2 10 330 M M 8 1 16 340
29 81 60 71 6 0 6 0.01 0.0 0 10.6 22 320 M M 5 33 300
30 70 54 62 -3 3 0 T 0.0 0 9.8 20 350 M M 5 28 320
31 71 48 60 -5 5 0 0.00 0.0 0 6.2 14 190 M M 6 20 180
================================================================================
SM 2445 1855 17 159 5.96 0.0 204.9 M 126
================================================================================
AV 78.9 59.8 6.6 FASTST M M 4 MAX(MPH)
MISC ----> # 29 290 # 40 270
================================================================================
NOTES:
# LAST OF SEVERAL OCCURRENCES
COLUMN 17 PEAK WIND IN M.P.H.
PRELIMINARY LOCAL CLIMATOLOGICAL DATA (WS FORM: F-6) , PAGE 2
STATION: BINGHAMTON NY
MONTH: AUGUST
YEAR: 2020
LATITUDE: 42 13 N
LONGITUDE: 75 59 W
[TEMPERATURE DATA] [PRECIPITATION DATA] SYMBOLS USED IN COLUMN 16
AVERAGE MONTHLY: 69.4 TOTAL FOR MONTH: 5.96 1 = FOG OR MIST
DPTR FM NORMAL: 2.0 DPTR FM NORMAL: 2.51 2 = FOG REDUCING VISIBILITY
HIGHEST: 88 ON 2 GRTST 24HR 2.02 ON 27-27 TO 1/4 MILE OR LESS
LOWEST: 48 ON 31 3 = THUNDER
SNOW, ICE PELLETS, HAIL 4 = ICE PELLETS
TOTAL MONTH: 0.0 INCH 5 = HAIL
GRTST 24HR 0.0 6 = FREEZING RAIN OR DRIZZLE
GRTST DEPTH: 0 7 = DUSTSTORM OR SANDSTORM:
VSBY 1/2 MILE OR LESS
8 = SMOKE OR HAZE
[NO. OF DAYS WITH] [WEATHER - DAYS WITH] 9 = BLOWING SNOW
X = TORNADO
MAX 32 OR BELOW: 0 0.01 INCH OR MORE: 11
MAX 90 OR ABOVE: 0 0.10 INCH OR MORE: 7
MIN 32 OR BELOW: 0 0.50 INCH OR MORE: 4
MIN 0 OR BELOW: 0 1.00 INCH OR MORE: 3
[HDD (BASE 65) ]
TOTAL THIS MO. 17 CLEAR (SCALE 0-3) 14
DPTR FM NORMAL -22 PTCLDY (SCALE 4-7) 14
TOTAL FM JUL 1 17 CLOUDY (SCALE 8-10) 3
DPTR FM NORMAL -46
[CDD (BASE 65) ]
TOTAL THIS MO. 159
DPTR FM NORMAL 46 [PRESSURE DATA]
TOTAL FM JAN 1 535 HIGHEST SLP 30.20 ON 8
DPTR FM NORMAL 187 LOWEST SLP 29.42 ON 29
[REMARKS]
#FINAL-08-20#