000
CXUS51 KBGM 011434 CCA
CF6BGM
PRELIMINARY LOCAL CLIMATOLOGICAL DATA (WS FORM: F-6)
STATION: BINGHAMTON NY
MONTH: MAY
YEAR: 2020
LATITUDE: 42 13 N
LONGITUDE: 75 59 W
TEMPERATURE IN F: :PCPN: SNOW: WIND :SUNSHINE: SKY :PK WND
================================================================================
1 2 3 4 5 6A 6B 7 8 9 10 11 12 13 14 15 16 17 18
12Z AVG MX 2MIN
DY MAX MIN AVG DEP HDD CDD WTR SNW DPTH SPD SPD DIR MIN PSBL S-S WX SPD DR
================================================================================
1 59 44 52 1 13 0 0.04 0.0 0 8.4 16 330 M M 9 1 21 340
2 65 41 53 2 12 0 0.04 0.0 0 7.6 15 280 M M 4 21 270
3 74 51 63 11 2 0 T 0.0 0 10.2 22 350 M M 3 30 280
4 51 38 45 -7 20 0 T 0.0 0 10.8 22 320 M M 7 32 290
5 51 31 41 -11 24 0 0.00 0.0 0 8.5 18 350 M M 1 23 360
6 48 33 41 -12 24 0 T 0.0 0 5.8 13 340 M M 7 17 350
7 57 34 46 -7 19 0 0.01 0.0 0 8.9 26 290 M M 4 41 290
8 46 27 37 -16 28 0 0.13 0.5 0 9.2 21 360 M M 7 1 26 10
9 35 24 30 -24 35 0 0.04 0.5 1 13.9 26 310 M M 8 128 38 290
10 56 31 44 -10 21 0 0.01 0.1 T 9.2 26 270 M M 7 35 290
11 51 34 43 -11 22 0 0.01 0.0 0 9.4 22 320 M M 7 1 32 300
12 46 28 37 -18 28 0 0.01 0.2 0 10.9 24 290 M M 6 18 34 290
13 51 28 40 -15 25 0 0.00 0.0 T 7.6 17 330 M M 0 23 340
14 67 45 56 1 9 0 0.29 0.0 0 7.3 16 220 M M 6 1 23 220
15 79 53 66 10 0 1 0.99 0.0 0 10.6 28 280 M M 8 13 40 290
16 65 49 57 1 8 0 T 0.0 0 8.9 17 20 M M 5 1 22 360
17 69 45 57 1 8 0 0.01 0.0 0 5.7 14 220 M M 4 19 230
18 58 54 56 0 9 0 0.02 0.0 0 9.0 16 60 M M 10 1 21 70
19 68 50 59 2 6 0 0.00 0.0 0 10.1 17 140 M M 2 24 150
20 67 44 56 -1 9 0 0.00 0.0 0 8.8 20 110 M M 0 27 140
21 72 41 57 0 8 0 0.00 0.0 0 6.7 15 220 M M 0 21 230
22 72 52 62 4 3 0 0.23 0.0 0 5.4 15 200 M M 5 1 20 210
23 73 57 65 7 0 0 0.46 0.0 0 5.9 13 150 M M 7 18 19 140
24 74 49 62 4 3 0 0.00 0.0 0 8.7 17 150 M M 3 24 140
25 77 54 66 8 0 1 T 0.0 0 7.3 14 190 M M 4 19 180
26 88 60 74 15 0 9 0.00 0.0 0 3.6 9 170 M M 1 8 12 180
27 79 63 71 12 0 6 0.00 0.0 0 6.7 15 210 M M 0 21 180
28 74 63 69 10 0 4 T 0.0 0 9.4 18 160 M M 7 1 27 140
29 81 60 71 11 0 6 0.62 0.0 0 9.2 20 230 M M 7 138 26 230
30 70 48 59 -1 6 0 T 0.0 0 9.4 23 280 M M 6 1 29 270
31 56 42 49 -11 16 0 T 0.0 0 10.3 21 350 M M 3 27 350
================================================================================
SM 1979 1373 358 27 2.91 1.3 263.4 M 148
================================================================================
AV 63.8 44.3 8.5 FASTST M M 5 MAX(MPH)
MISC ----> # 28 280 # 41 290
================================================================================
NOTES:
# LAST OF SEVERAL OCCURRENCES
COLUMN 17 PEAK WIND IN M.P.H.
PRELIMINARY LOCAL CLIMATOLOGICAL DATA (WS FORM: F-6) , PAGE 2
STATION: BINGHAMTON NY
MONTH: MAY
YEAR: 2020
LATITUDE: 42 13 N
LONGITUDE: 75 59 W
[TEMPERATURE DATA] [PRECIPITATION DATA] SYMBOLS USED IN COLUMN 16
AVERAGE MONTHLY: 54.1 TOTAL FOR MONTH: 2.91 1 = FOG OR MIST
DPTR FM NORMAL: -1.7 DPTR FM NORMAL: -0.66 2 = FOG REDUCING VISIBILITY
HIGHEST: 88 ON 26 GRTST 24HR 1.60 ON 30- 1 TO 1/4 MILE OR LESS
LOWEST: 24 ON 9 3 = THUNDER
SNOW, ICE PELLETS, HAIL 4 = ICE PELLETS
TOTAL MONTH: 1.3 INCHES 5 = HAIL
GRTST 24HR 0.7 ON 8- 9 6 = FREEZING RAIN OR DRIZZLE
GRTST DEPTH: 1 ON 9 7 = DUSTSTORM OR SANDSTORM:
VSBY 1/2 MILE OR LESS
8 = SMOKE OR HAZE
[NO. OF DAYS WITH] [WEATHER - DAYS WITH] 9 = BLOWING SNOW
X = TORNADO
MAX 32 OR BELOW: 0 0.01 INCH OR MORE: 15
MAX 90 OR ABOVE: 0 0.10 INCH OR MORE: 6
MIN 32 OR BELOW: 6 0.50 INCH OR MORE: 2
MIN 0 OR BELOW: 0 1.00 INCH OR MORE: 0
[HDD (BASE 65) ]
TOTAL THIS MO. 358 CLEAR (SCALE 0-3) 8
DPTR FM NORMAL 53 PTCLDY (SCALE 4-7) 20
TOTAL FM JUL 1 6804 CLOUDY (SCALE 8-10) 3
DPTR FM NORMAL -300
[CDD (BASE 65) ]
TOTAL THIS MO. 27
DPTR FM NORMAL 8 [PRESSURE DATA]
TOTAL FM JAN 1 27 HIGHEST SLP 30.42 ON 20
DPTR FM NORMAL 4 LOWEST SLP 29.64 ON 3
[REMARKS]
#FINAL-05-20#
CORRECTED GREATEST 24 HOUR SNOWFALL
DAY 9 MINIMUM TEMPERATURE OF 24 WAS A RECORD FOR MAY
PREVIOUS RECORD OF 25 SET IN 1978, 1966, 1956