842
CXUS51 KBGM 011712 CCA
CF6BGM

PRELIMINARY LOCAL CLIMATOLOGICAL DATA (WS FORM: F-6)

                                          STATION:   BINGHAMTON NY
                                          MONTH:     JANUARY
                                          YEAR:      2018
                                          LATITUDE:   42 13 N
                                          LONGITUDE:  75 59 W

  TEMPERATURE IN F:       :PCPN:    SNOW:  WIND      :SUNSHINE: SKY     :PK WND
================================================================================
1   2   3   4   5  6A  6B    7    8   9   10  11  12  13   14  15   16   17  18
                                     12Z  AVG MX 2MIN
DY MAX MIN AVG DEP HDD CDD  WTR  SNW DPTH SPD SPD DIR MIN PSBL S-S WX    SPD DR
================================================================================

 1  10  -7   2 -21  63   0 0.01  0.3    4  9.0 18 270   M    M   7 18     28 280
 2  18   6  12 -11  53   0 0.04  0.7    4 10.1 21 320   M    M   6 128    27 330
 3  21   2  12 -11  53   0 0.00  0.0    4  7.8 14 210   M    M   1        19 210
 4  17   4  11 -12  54   0 0.05  1.5    4 13.0 25 300   M    M  10 18     39 290
 5   4  -3   1 -22  64   0    T  0.3    5 17.4 26 290   M    M  10 89     39 290
 6   1  -5  -2 -24  67   0    T  0.1    5 15.2 26 300   M    M   9 189    38 290
 7  17  -7   5 -17  60   0    T    T    5  7.4 15 220   M    M   6 18     21 210
 8  31  17  24   2  41   0    T    T    4 10.1 16 230   M    M  10 8      25 210
 9  33  26  30   8  35   0    T    T    4 10.2 23 300   M    M   9 8      32 290
10  35  19  27   5  38   0 0.00  0.0    4  7.6 15 180   M    M   6        21 200
11  53  35  44  22  21   0    T  0.0    3 10.8 20 190   M    M   7        32 210
12  60  30  45  23  20   0 1.23    T    0 13.2 23 350   M    M  10 16     31 350
13  29   4  17  -5  48   0 0.48  5.5    4 15.0 29 350   M    M  10 1269   37 360
14  11   0   6 -16  59   0    T  0.1    5  7.8 15 330   M    M   4 18     20 320
15  19  -3   8 -14  57   0 0.01    T    5  8.0 15 140   M    M   6 18     18 140
16  25  19  22   0  43   0 0.31  3.3    4  4.1 10 210   M    M  10 1      14 220
17  24   7  16  -6  49   0 0.05  1.4    8  6.6 16 330   M    M   7 18     21 320
18  20   4  12 -10  53   0 0.00  0.0    8  7.7 14 310   M    M   0        19 290
19  32  14  23   1  42   0 0.00  0.0    7  8.8 15 250   M    M   1        20 240
20  42  30  36  14  29   0 0.00  0.0    6 10.9 22 280   M    M   0        28 290
21  39  27  33  11  32   0 0.02  0.0    5  4.2  9 270   M    M   7 12     11 270
22  43  35  39  17  26   0 0.13  0.0    4  7.7 17 150   M    M   9 12     23 140
23  46  35  41  19  24   0 0.39    T    T 11.2 24 280   M    M   9 12     31 280
24  35  14  25   3  40   0    T  0.2    T 14.2 26 290   M    M   9 1      38 310
25  24  14  19  -3  46   0    T  0.1    T  6.9 17 350   M    M   6 1      23 350
26  35  13  24   2  41   0 0.00  0.0    T  6.9 15 160   M    M   1        20 180
27  47  26  37  15  28   0 0.05  0.0    0 10.9 20 210   M    M   4        27 210
28  45  29  37  15  28   0 0.00  0.0    0  6.6 13  10   M    M   1        17  20
29  36  22  29   7  36   0 0.00  0.0    0  4.9  9  50   M    M   1 1      13  50
30  27   7  17  -5  48   0 0.02  1.1    T 11.2 22 330   M    M   9 1      34 330
31  24   2  13  -9  52   0 0.01  0.3    1  8.3 16 160   M    M   5        23 140
================================================================================
SM  903  416      1350   0  2.80    14.9 293.7          M      190
================================================================================
AV 29.1 13.4                               9.5 FASTST   M    M   6    MAX(MPH)
                                 MISC ---->  # 29 350               # 39  290
================================================================================
NOTES:
# LAST OF SEVERAL OCCURRENCES

COLUMN 17 PEAK WIND IN M.P.H.

PRELIMINARY LOCAL CLIMATOLOGICAL DATA (WS FORM: F-6) , PAGE 2

                                          STATION:  BINGHAMTON NY
                                          MONTH:    JANUARY
                                          YEAR:     2018
                                          LATITUDE:   42 13 N
                                          LONGITUDE:  75 59 W

[TEMPERATURE DATA]      [PRECIPITATION DATA]       SYMBOLS USED IN COLUMN 16

AVERAGE MONTHLY: 21.3   TOTAL FOR MONTH:   2.80    1 = FOG OR MIST
DPTR FM NORMAL:  -0.9   DPTR FM NORMAL:    0.35    2 = FOG REDUCING VISIBILITY
HIGHEST:    60 ON 12    GRTST 24HR  1.49 ON 12-13      TO 1/4 MILE OR LESS
LOWEST:     -7 ON  7, 1                            3 = THUNDER
                        SNOW, ICE PELLETS, HAIL    4 = ICE PELLETS
                        TOTAL MONTH:  14.9 INCHES  5 = HAIL
                        GRTST 24HR   5.5 ON 13-13  6 = FREEZING RAIN OR DRIZZLE
                        GRTST DEPTH:   8 ON 18,17  7 = DUSTSTORM OR SANDSTORM:
                                                       VSBY 1/2 MILE OR LESS
                                                   8 = SMOKE OR HAZE
[NO. OF DAYS WITH]      [WEATHER - DAYS WITH]      9 = BLOWING SNOW
                                                   X = TORNADO
MAX 32 OR BELOW:  18    0.01 INCH OR MORE:  14
MAX 90 OR ABOVE:   0    0.10 INCH OR MORE:   5
MIN 32 OR BELOW:  28    0.50 INCH OR MORE:   1
MIN  0 OR BELOW:   6    1.00 INCH OR MORE:   1

[HDD (BASE 65) ]
TOTAL THIS MO.  1350    CLEAR  (SCALE 0-3)   7
DPTR FM NORMAL    23    PTCLDY (SCALE 4-7)  12
TOTAL FM JUL 1  4020    CLOUDY (SCALE 8-10) 12
DPTR FM NORMAL   -52

[CDD (BASE 65) ]
TOTAL THIS MO.     0
DPTR FM NORMAL     0    [PRESSURE DATA]
TOTAL FM JAN 1     0    HIGHEST SLP 30.71 ON 14
DPTR FM NORMAL     0    LOWEST  SLP 29.52 ON 23

[REMARKS]
#FINAL-01-18#
CORRECTED GREATEST 24 HOUR PRECIPITATION
TAC
