000
CXUS51 KBGM 011259 AAA
CF6BGM
PRELIMINARY LOCAL CLIMATOLOGICAL DATA (WS FORM: F-6)
STATION: BINGHAMTON NY
MONTH: OCTOBER
YEAR: 2023
LATITUDE: 42 13 N
LONGITUDE: 75 59 W
TEMPERATURE IN F: :PCPN: SNOW: WIND :SUNSHINE: SKY :PK WND
================================================================================
1 2 3 4 5 6A 6B 7 8 9 10 11 12 13 14 15 16 17 18
12Z AVG MX 2MIN
DY MAX MIN AVG DEP HDD CDD WTR SNW DPTH SPD SPD DIR MIN PSBL S-S WX SPD DR
================================================================================
1 76 54 65 11 0 0 0.00 0.0 0 8.0 14 350 M M 0 19 10
2 77 55 66 12 0 1 0.00 0.0 0 3.8 12 360 M M 2 14 340
3 82 55 69 15 0 4 0.00 0.0 0 3.1 8 10 M M 1 12 12 320
4 82 58 70 17 0 5 0.00 0.0 0 4.1 13 210 M M 0 12 17 180
5 77 57 67 14 0 2 0.00 0.0 0 8.4 15 170 M M 1 1 25 170
6 72 60 66 14 0 1 0.75 0.0 0 8.1 15 160 M M 8 13 23 170
7 60 43 52 0 13 0 1.09 0.0 0 6.8 16 300 M M 8 13 26 310
8 54 43 49 -3 16 0 0.05 0.0 0 10.5 22 260 M M 8 31 260
9 53 41 47 -4 18 0 0.00 0.0 0 9.1 17 210 M M 8 27 210
10 57 43 50 -1 15 0 T 0.0 0 7.4 21 230 M M 8 33 240
11 56 46 51 1 14 0 0.01 0.0 0 5.4 15 250 M M 10 20 260
12 64 42 53 3 12 0 0.00 0.0 0 5.5 16 300 M M 2 1 25 280
13 57 38 48 -2 17 0 0.00 0.0 0 6.2 14 300 M M 5 18 360
14 47 44 46 -4 19 0 0.47 0.0 0 4.5 10 350 M M 10 1 15 340
15 50 43 47 -2 18 0 0.02 0.0 0 9.2 20 360 M M 9 1 28 340
16 58 44 51 2 14 0 0.12 0.0 0 8.5 17 350 M M 10 12 23 350
17 57 46 52 4 13 0 T 0.0 0 4.9 10 320 M M 10 14 300
18 57 45 51 3 14 0 0.00 0.0 0 3.4 8 250 M M 9 12 230
19 60 42 51 3 14 0 0.00 0.0 0 8.0 16 180 M M 2 23 210
20 63 51 57 10 8 0 0.55 0.0 0 8.7 18 170 M M 7 1 30 160
21 54 46 50 3 15 0 0.13 0.0 0 9.3 17 300 M M 10 1 29 310
22 46 38 42 -5 23 0 0.09 0.0 0 12.2 21 290 M M 10 1 33 290
23 53 40 47 1 18 0 0.00 0.0 0 6.0 13 350 M M 5 19 330
24 65 39 52 6 13 0 0.00 0.0 0 6.8 14 220 M M 1 19 220
25 72 52 62 16 3 0 0.00 0.0 0 6.9 12 230 M M 1 17 270
26 73 59 66 21 0 1 0.00 0.0 0 6.9 13 220 M M 3 19 200
27 77 59 68 23 0 3 0.00 0.0 0 7.1 14 240 M M 2 20 230
28 69 44 57 13 8 0 T 0.0 0 8.2 20 340 M M 3 1 26 340
29 47 43 45 1 20 0 0.44 0.0 0 5.9 12 140 M M 9 12 15 30
30 49 37 43 -1 22 0 0.44 0.0 0 7.9 16 330 M M 10 12 24 320
31 39 31 35 -9 30 0 T T 0 3.7 10 330 M M 6 17 340
================================================================================
SM 1903 1438 357 17 4.16 T 214.5 M 178
================================================================================
AV 61.4 46.4 6.9 FASTST M M 6 MAX(MPH)
MISC ----> 22 260 # 33 240
================================================================================
NOTES:
# LAST OF SEVERAL OCCURRENCES
COLUMN 17 PEAK WIND IN M.P.H.
PRELIMINARY LOCAL CLIMATOLOGICAL DATA (WS FORM: F-6) , PAGE 2
STATION: BINGHAMTON NY
MONTH: OCTOBER
YEAR: 2023
LATITUDE: 42 13 N
LONGITUDE: 75 59 W
[TEMPERATURE DATA] [PRECIPITATION DATA] SYMBOLS USED IN COLUMN 16
AVERAGE MONTHLY: 53.9 TOTAL FOR MONTH: 4.16 1 = FOG OR MIST
DPTR FM NORMAL: 5.1 DPTR FM NORMAL: 0.40 2 = FOG REDUCING VISIBILITY
HIGHEST: 82 ON 4, 3 GRTST 24HR 1.84 ON 6- 7 TO 1/4 MILE OR LESS
LOWEST: 31 ON 31 3 = THUNDER
SNOW, ICE PELLETS, HAIL 4 = ICE PELLETS
TOTAL MONTH: T 5 = HAIL
GRTST 24HR T ON 31-31 6 = FREEZING RAIN OR DRIZZLE
GRTST DEPTH: 0 7 = DUSTSTORM OR SANDSTORM:
VSBY 1/2 MILE OR LESS
8 = SMOKE OR HAZE
[NO. OF DAYS WITH] [WEATHER - DAYS WITH] 9 = BLOWING SNOW
X = TORNADO
MAX 32 OR BELOW: 0 0.01 INCH OR MORE: 12
MAX 90 OR ABOVE: 0 0.10 INCH OR MORE: 8
MIN 32 OR BELOW: 1 0.50 INCH OR MORE: 3
MIN 0 OR BELOW: 0 1.00 INCH OR MORE: 1
[HDD (BASE 65) ]
TOTAL THIS MO. 357 CLEAR (SCALE 0-3) 12
DPTR FM NORMAL -147 PTCLDY (SCALE 4-7) 7
TOTAL FM JUL 1 514 CLOUDY (SCALE 8-10) 12
DPTR FM NORMAL -230
[CDD (BASE 65) ]
TOTAL THIS MO. 17
DPTR FM NORMAL 15 [PRESSURE DATA]
TOTAL FM JAN 1 507 HIGHEST SLP 30.33 ON 24
DPTR FM NORMAL 123 LOWEST SLP 29.34 ON 21
[REMARKS]
#FINAL-10-23#
7TH WARMEST OCTOBER
TAC