986
CXUS51 KBGM 011605 CCA
CF6BGM

PRELIMINARY LOCAL CLIMATOLOGICAL DATA (WS FORM: F-6)

                                          STATION:   BINGHAMTON NY
                                          MONTH:     OCTOBER
                                          YEAR:      2017
                                          LATITUDE:   42 13 N
                                          LONGITUDE:  75 59 W

  TEMPERATURE IN F:       :PCPN:    SNOW:  WIND      :SUNSHINE: SKY     :PK WND
================================================================================
1   2   3   4   5  6A  6B    7    8   9   10  11  12  13   14  15   16   17  18
                                     12Z  AVG MX 2MIN
DY MAX MIN AVG DEP HDD CDD  WTR  SNW DPTH SPD SPD DIR MIN PSBL S-S WX    SPD DR
================================================================================

 1  62  37  50  -4  15   0 0.00  0.0    0  3.5  9 360   M    M   0        13 360
 2  68  36  52  -1  13   0 0.00  0.0    0  2.9  8 140   M    M   0 128    10 170
 3  69  45  57   4   8   0 0.00  0.0    0  8.2 15 180   M    M   0        22 200
 4  78  49  64  12   1   0    T  0.0    0  8.7 16 220   M    M   2        21 220
 5  73  57  65  13   0   0 0.03  0.0    0  5.5 18 350   M    M   5 1      23 360
 6  68  52  60   8   5   0 0.01  0.0    0  3.4  9 200   M    M   8        12 250
 7  77  58  68  17   0   3    T  0.0    0  9.4 18 190   M    M   4        28 210
 8  75  62  69  18   0   4 0.09  0.0    0  9.0 22 250   M    M   6 1      31 240
 9  74  59  67  16   0   2 0.56  0.0    0 10.0 21 320   M    M  10 12     30 330
10  72  55  64  14   1   0 0.00  0.0    0  4.8 13 340   M    M   5 12     17 320
11  63  47  55   5  10   0 0.28  0.0    0  6.6 14  60   M    M   5 1      20  70
12  56  47  52   2  13   0    T  0.0    0  8.6 16 110   M    M   8 1      21 110
13  56  43  50   1  15   0 0.00  0.0    0  9.1 16 180   M    M   8 1      24 170
14  62  54  58   9   7   0 0.00  0.0    0  5.4 12 210   M    M   9        17 220
15  74  51  63  14   2   0 0.40  0.0    0 12.3 22 200   M    M   8 1      32 200
16  51  32  42  -6  23   0 0.18  0.0    0  9.4 21 340   M    M   8 1      29 330
17  55  31  43  -5  22   0 0.00  0.0    0  6.4 14 220   M    M   0        20 250
18  66  43  55   7  10   0 0.00  0.0    0  7.1 13 220   M    M   0        18 270
19  68  48  58  11   7   0 0.00  0.0    0  9.2 18 240   M    M   0        26 250
20  64  45  55   8  10   0 0.00  0.0    0  6.2 17 320   M    M   0        24  10
21  71  42  57  10   8   0 0.00  0.0    0  4.1 10 240   M    M   0        13 220
22  71  48  60  14   5   0 0.00  0.0    0  7.5 13 170   M    M   0        20 160
23  66  50  58  12   7   0    T  0.0    0 12.0 26 150   M    M   6        37 160
24  67  52  60  14   5   0 0.42  0.0    0 12.1 28 170   M    M   8 1      41 170
25  57  39  48   2  17   0    T  0.0    0  7.2 14 280   M    M   5        19 220
26  47  35  41  -4  24   0 0.00  0.0    0  8.0 17 350   M    M   5        22 340
27  59  34  47   2  18   0 0.00  0.0    0  7.8 14 160   M    M   1        20 160
28  63  45  54   9  11   0 0.08  0.0    0 10.1 23 180   M    M   4 1      36 180
29  53  42  48   4  17   0 1.51  0.0    0  9.0 25 330   M    M  10 12     35 320
30  46  36  41  -3  24   0 0.57  0.0    0 17.3 30 270   M    M  10 1      40 270
31  47  35  41  -3  24   0 0.00  0.0    0 11.5 23 260   M    M   7        30 220
================================================================================
SM 1978 1409       322   9  4.13     0.0 252.3          M      142
================================================================================
AV 63.8 45.5                               8.1 FASTST   M    M   5    MAX(MPH)
                                 MISC ---->  # 30 270               # 41  170
================================================================================
NOTES:
# LAST OF SEVERAL OCCURRENCES

COLUMN 17 PEAK WIND IN M.P.H.

PRELIMINARY LOCAL CLIMATOLOGICAL DATA (WS FORM: F-6) , PAGE 2

                                          STATION:  BINGHAMTON NY
                                          MONTH:    OCTOBER
                                          YEAR:     2017
                                          LATITUDE:   42 13 N
                                          LONGITUDE:  75 59 W

[TEMPERATURE DATA]      [PRECIPITATION DATA]       SYMBOLS USED IN COLUMN 16

AVERAGE MONTHLY: 54.6   TOTAL FOR MONTH:   4.13    1 = FOG OR MIST
DPTR FM NORMAL:   6.1   DPTR FM NORMAL:    0.80    2 = FOG REDUCING VISIBILITY
HIGHEST:    78 ON  4    GRTST 24HR  1.85 ON 29-30      TO 1/4 MILE OR LESS
LOWEST:     31 ON 17                               3 = THUNDER
                        SNOW, ICE PELLETS, HAIL    4 = ICE PELLETS
                        TOTAL MONTH:   0.0 INCH    5 = HAIL
                        GRTST 24HR     0.0         6 = FREEZING RAIN OR DRIZZLE
                        GRTST DEPTH:   0           7 = DUSTSTORM OR SANDSTORM:
                                                       VSBY 1/2 MILE OR LESS
                                                   8 = SMOKE OR HAZE
[NO. OF DAYS WITH]      [WEATHER - DAYS WITH]      9 = BLOWING SNOW
                                                   X = TORNADO
MAX 32 OR BELOW:   0    0.01 INCH OR MORE:  11
MAX 90 OR ABOVE:   0    0.10 INCH OR MORE:   7
MIN 32 OR BELOW:   2    0.50 INCH OR MORE:   3
MIN  0 OR BELOW:   0    1.00 INCH OR MORE:   1

[HDD (BASE 65) ]
TOTAL THIS MO.   322    CLEAR  (SCALE 0-3)  11
DPTR FM NORMAL  -193    PTCLDY (SCALE 4-7)  14
TOTAL FM JUL 1   558    CLOUDY (SCALE 8-10)  6
DPTR FM NORMAL  -214

[CDD (BASE 65) ]
TOTAL THIS MO.     9
DPTR FM NORMAL     7    [PRESSURE DATA]
TOTAL FM JAN 1   349    HIGHEST SLP 30.60 ON  3
DPTR FM NORMAL   -32    LOWEST  SLP 29.03 ON 30

[REMARKS]
#FINAL-10-17#
CORRECTED GREATEST 24 HOUR PRECIPITATION
4TH WARMEST OCTOBER
