235
CDUS41 KBGM 250635
CLIBGM


CLIMATE REPORT
NATIONAL WEATHER SERVICE BINGHAMTON NY
234 AM EDT FRI MAY 25 2018


...................................

...THE BINGHAMTON NY CLIMATE SUMMARY FOR MAY 24 2018...

CLIMATE NORMAL PERIOD 1981 TO 2010
CLIMATE RECORD PERIOD 1951 TO 2018


WEATHER ITEM   OBSERVED TIME   RECORD YEAR NORMAL DEPARTURE LAST
                VALUE   (LST)  VALUE       VALUE  FROM      YEAR
                                                  NORMAL
..................................................................
TEMPERATURE (F)
 YESTERDAY
  MAXIMUM         76    513 PM  87    1980  68      8       70
                                      1975
  MINIMUM         51    517 AM  28    1963  49      2       50
  AVERAGE         64                        58      6       60

PRECIPITATION (IN)
  YESTERDAY        0.00          1.38 2003   0.13  -0.13     0.00
  MONTH TO DATE    3.27                      2.72   0.55     4.13
  SINCE MAR 1      8.56                      9.14  -0.58    15.34
  SINCE JAN 1     14.76                     13.90   0.86    21.61

SNOWFALL (IN)
  YESTERDAY        0.0           T    2013   0.0    0.0      0.0
  MONTH TO DATE    0.0                       0.1   -0.1      0.0
  SINCE MAR 1     42.5                      19.5   23.0     41.7
  SINCE JUL 1     90.6                      83.4    7.2    135.2
  SNOW DEPTH       0

DEGREE DAYS
 HEATING
  YESTERDAY        1                         8     -7        5
  MONTH TO DATE  143                       259   -116      310
  SINCE MAR 1   2015                      1859    156     1857
  SINCE JUL 1   6983                      7058    -75     6470

 COOLING
  YESTERDAY        0                         1     -1        0
  MONTH TO DATE   15                        12      3       17
  SINCE MAR 1     15                        16     -1       21
  SINCE JAN 1     15                        16     -1       21
..................................................................


WIND (MPH)
  HIGHEST WIND SPEED    17   HIGHEST WIND DIRECTION     N (350)
  HIGHEST GUST SPEED    24   HIGHEST GUST DIRECTION     N (350)
  AVERAGE WIND SPEED     7.0


SKY COVER
  AVERAGE SKY COVER 0.0


WEATHER CONDITIONS
 THE FOLLOWING WEATHER WAS RECORDED YESTERDAY.
  HAZE


RELATIVE HUMIDITY (PERCENT)
 HIGHEST    89           600 AM
 LOWEST     33           100 PM
 AVERAGE    61

..........................................................


THE BINGHAMTON NY CLIMATE NORMALS FOR TODAY
                         NORMAL    RECORD    YEAR
 MAXIMUM TEMPERATURE (F)   68        85      2007
                                             1981
 MINIMUM TEMPERATURE (F)   49        31      1956


SUNRISE AND SUNSET
MAY 25 2018...........SUNRISE   534 AM EDT   SUNSET   828 PM EDT
MAY 26 2018...........SUNRISE   534 AM EDT   SUNSET   829 PM EDT


-  INDICATES NEGATIVE NUMBERS.
R  INDICATES RECORD WAS SET OR TIED.
MM INDICATES DATA IS MISSING.
T  INDICATES TRACE AMOUNT.




$$
