000
CDUS41 KBGM 170221
CLIBGM


CLIMATE REPORT
NATIONAL WEATHER SERVICE BINGHAMTON NY
1020 PM EDT MON APR 16 2018


...................................

...THE BINGHAMTON NY CLIMATE SUMMARY FOR APRIL 16 2018...
VALID AS OF 1000 PM LOCAL TIME.

CLIMATE NORMAL PERIOD 1981 TO 2010
CLIMATE RECORD PERIOD 1951 TO 2018


WEATHER ITEM   OBSERVED TIME   RECORD YEAR NORMAL DEPARTURE LAST
                VALUE   (LST)  VALUE       VALUE  FROM      YEAR
                                                  NORMAL
..................................................................
TEMPERATURE (F)
 TODAY
  MAXIMUM         44        MM  85    2002  55    -11       79
  MINIMUM         34    900 PM  19    2014  36     -2       57
  AVERAGE         39                        45     -6       68

PRECIPITATION (IN)
  TODAY            0.57          1.09 2011   0.11   0.46     0.26
  MONTH TO DATE    1.54                      1.88  -0.34     2.76
  SINCE MAR 1      4.46                      4.87  -0.41     8.36
  SINCE JAN 1     10.66                      9.63   1.03    14.63

SNOWFALL (IN)
  TODAY            T            11.7  2007   0.1   -0.1      0.0
  MONTH TO DATE    4.1                       3.0    1.1      2.1
  SINCE MAR 1     40.4                      18.1   22.3     41.7
  SINCE JUL 1     88.5                      82.0    6.5    135.2
  SNOW DEPTH       0

DEGREE DAYS
 HEATING
  TODAY           26                        20      6        0
  MONTH TO DATE  437                       366     71      269
  SINCE MAR 1   1556                      1363    193     1381
  SINCE JUL 1   6524                      6562    -38     5994

 COOLING
  TODAY            0                         0      0        3
  MONTH TO DATE    0                         0      0        4
  SINCE MAR 1      0                         0      0        4
  SINCE JAN 1      0                         0      0        4
..................................................................


WIND (MPH)
  HIGHEST WIND SPEED    32   HIGHEST WIND DIRECTION    SE (140)
  HIGHEST GUST SPEED    46   HIGHEST GUST DIRECTION    SE (130)
  AVERAGE WIND SPEED    18.4


SKY COVER
  AVERAGE SKY COVER 1.0


WEATHER CONDITIONS
 THE FOLLOWING WEATHER WAS RECORDED TODAY.
  RAIN
  LIGHT RAIN
  LIGHT SNOW
  FOG


RELATIVE HUMIDITY (PERCENT)
 HIGHEST   100           300 PM
 LOWEST     85           600 PM
 AVERAGE    93

..........................................................


THE BINGHAMTON NY CLIMATE NORMALS FOR TOMORROW
                         NORMAL    RECORD    YEAR
 MAXIMUM TEMPERATURE (F)   55        86      2002
 MINIMUM TEMPERATURE (F)   37        22      1980


SUNRISE AND SUNSET
APRIL 16 2018.........SUNRISE   622 AM EDT   SUNSET   747 PM EDT
APRIL 17 2018.........SUNRISE   620 AM EDT   SUNSET   748 PM EDT


-  INDICATES NEGATIVE NUMBERS.
R  INDICATES RECORD WAS SET OR TIED.
MM INDICATES DATA IS MISSING.
T  INDICATES TRACE AMOUNT.

$$
