000
CDUS41 KBGM 180213
CLIBGM


CLIMATE REPORT
NATIONAL WEATHER SERVICE BINGHAMTON NY
1013 PM EDT TUE APR 17 2018


...................................

...THE BINGHAMTON NY CLIMATE SUMMARY FOR APRIL 17 2018...
VALID AS OF 1000 PM LOCAL TIME.

CLIMATE NORMAL PERIOD 1981 TO 2010
CLIMATE RECORD PERIOD 1951 TO 2018


WEATHER ITEM   OBSERVED TIME   RECORD YEAR NORMAL DEPARTURE LAST
                VALUE   (LST)  VALUE       VALUE  FROM      YEAR
                                                  NORMAL
..................................................................
TEMPERATURE (F)
 TODAY
  MAXIMUM         MM        MM  86    2002  55     MM       59
  MINIMUM         MM        MM  22    1980  37     MM       40
  AVERAGE         MM                        46     MM       50

PRECIPITATION (IN)
  TODAY            0.12          0.79 1982   0.12   0.00     0.01
  MONTH TO DATE    1.66                      2.00  -0.34     2.77
  SINCE MAR 1      4.58                      4.99  -0.41     8.37
  SINCE JAN 1     10.78                      9.75   1.03    14.64

SNOWFALL (IN)
  TODAY            0.8           3.0  1965   0.2    0.6      0.0
  MONTH TO DATE    4.9                       3.2    1.7      2.1
  SINCE MAR 1     41.2                      18.3   22.9     41.7
  SINCE JUL 1     89.3                      82.2    7.1    135.2
  SNOW DEPTH       0

DEGREE DAYS
 HEATING
  TODAY           MM                        19     MM       15
  MONTH TO DATE  437                       385     52      284
  SINCE MAR 1   1556                      1382    174     1396
  SINCE JUL 1   6524                      6581    -57     6009

 COOLING
  TODAY           MM                         0     MM        0
  MONTH TO DATE    0                         0      0        4
  SINCE MAR 1      0                         0      0        4
  SINCE JAN 1      0                         0      0        4
..................................................................


WIND (MPH)
  HIGHEST WIND SPEED    18   HIGHEST WIND DIRECTION     W (280)
  HIGHEST GUST SPEED    25   HIGHEST GUST DIRECTION     W (280)
  AVERAGE WIND SPEED    11.3


SKY COVER
  AVERAGE SKY COVER 1.0


WEATHER CONDITIONS
 THE FOLLOWING WEATHER WAS RECORDED TODAY.
  SNOW
  LIGHT SNOW
  FOG
  FOG W/VISIBILITY <= 1/4 MILE


RELATIVE HUMIDITY (PERCENT)
 HIGHEST    92           300 AM
 LOWEST     59          1100 AM
 AVERAGE    76

..........................................................


THE BINGHAMTON NY CLIMATE NORMALS FOR TOMORROW
                         NORMAL    RECORD    YEAR
 MAXIMUM TEMPERATURE (F)   55        85      1976
 MINIMUM TEMPERATURE (F)   37        25      2001


SUNRISE AND SUNSET
APRIL 17 2018.........SUNRISE   620 AM EDT   SUNSET   748 PM EDT
APRIL 18 2018.........SUNRISE   618 AM EDT   SUNSET   749 PM EDT


-  INDICATES NEGATIVE NUMBERS.
R  INDICATES RECORD WAS SET OR TIED.
MM INDICATES DATA IS MISSING.
T  INDICATES TRACE AMOUNT.




$$
