000
CDUS41 KBGM 122123
CLIBGM


CLIMATE REPORT
NATIONAL WEATHER SERVICE BINGHAMTON NY
523 PM EDT SAT MAY 12 2018


...................................

...THE BINGHAMTON NY CLIMATE SUMMARY FOR MAY 12 2018...
VALID TODAY AS OF 0500 PM LOCAL TIME.

CLIMATE NORMAL PERIOD 1981 TO 2010
CLIMATE RECORD PERIOD 1951 TO 2018


WEATHER ITEM   OBSERVED TIME   RECORD YEAR NORMAL DEPARTURE LAST
                VALUE   (LST)  VALUE       VALUE  FROM      YEAR
                                                  NORMAL
..................................................................
TEMPERATURE (F)
 TODAY
  MAXIMUM         46    359 PM  83    1985  64    -18       61
  MINIMUM         43    822 AM  31    1996  45     -2       44
                                      1988
  AVERAGE         45                        55    -10       53

PRECIPITATION (IN)
  TODAY            0.27          1.06 2000   0.11   0.16      T
  MONTH TO DATE    1.20                      1.30  -0.10     2.98
  SINCE MAR 1      6.49                      7.72  -1.23    14.19
  SINCE JAN 1     12.69                     12.48   0.21    20.46

SNOWFALL (IN)
  TODAY            0.0           0.6  1996   0.0    0.0      0.0
  MONTH TO DATE    0.0                       0.1   -0.1      0.0
  SINCE MAR 1     42.5                      19.5   23.0     41.7
  SINCE JUL 1     90.6                      83.4    7.2    135.2
  SNOW DEPTH       0

DEGREE DAYS
 HEATING
  TODAY           20                        11      9       12
  MONTH TO DATE   77                       150    -73      209
  SINCE MAR 1   1949                      1750    199     1756
  SINCE JUL 1   6917                      6949    -32     6369

 COOLING
  TODAY            0                         0      0        0
  MONTH TO DATE   13                         0     13        0
  SINCE MAR 1     13                         4      9        4
  SINCE JAN 1     13                         4      9        4
..................................................................


WIND (MPH)
  HIGHEST WIND SPEED    13   HIGHEST WIND DIRECTION    SE (130)
  HIGHEST GUST SPEED    16   HIGHEST GUST DIRECTION    SE (130)
  AVERAGE WIND SPEED     6.0


SKY COVER
  AVERAGE SKY COVER 1.0


WEATHER CONDITIONS
 THE FOLLOWING WEATHER WAS RECORDED TODAY.
  RAIN
  LIGHT RAIN
  FOG
  FOG W/VISIBILITY <= 1/4 MILE


RELATIVE HUMIDITY (PERCENT)
 HIGHEST   100           800 AM
 LOWEST     53           100 AM
 AVERAGE    77

..........................................................


THE BINGHAMTON NY CLIMATE NORMALS FOR TOMORROW
                         NORMAL    RECORD    YEAR
 MAXIMUM TEMPERATURE (F)   65        83      1985
 MINIMUM TEMPERATURE (F)   45        29      2005


SUNRISE AND SUNSET
MAY 12 2018...........SUNRISE   546 AM EDT   SUNSET   815 PM EDT
MAY 13 2018...........SUNRISE   545 AM EDT   SUNSET   816 PM EDT


-  INDICATES NEGATIVE NUMBERS.
R  INDICATES RECORD WAS SET OR TIED.
MM INDICATES DATA IS MISSING.
T  INDICATES TRACE AMOUNT.




$$
