524
CDUS41 KBGM 200530
CLIBGM


CLIMATE REPORT
NATIONAL WEATHER SERVICE BINGHAMTON NY
130 AM EDT SUN MAY 20 2018


...................................

...THE BINGHAMTON NY CLIMATE SUMMARY FOR MAY 19 2018...

CLIMATE NORMAL PERIOD 1981 TO 2010
CLIMATE RECORD PERIOD 1951 TO 2018


WEATHER ITEM   OBSERVED TIME   RECORD YEAR NORMAL DEPARTURE LAST
                VALUE   (LST)  VALUE       VALUE  FROM      YEAR
                                                  NORMAL
..................................................................
TEMPERATURE (F)
 YESTERDAY
  MAXIMUM         59   1159 PM  87    1996  67     -8       74
                                      1962
  MINIMUM         44    558 AM  31    2009  47     -3       48
                                      2002
  AVERAGE         52                        57     -5       61

PRECIPITATION (IN)
  YESTERDAY        1.12          2.06 1988   0.12   1.00      T
  MONTH TO DATE    2.78                      2.09   0.69     3.71
  SINCE MAR 1      8.07                      8.51  -0.44    14.92
  SINCE JAN 1     14.27                     13.27   1.00    21.19

SNOWFALL (IN)
  YESTERDAY        0.0           T    2008   0.0    0.0      0.0
                                      2002
                                      1976
  MONTH TO DATE    0.0                       0.1   -0.1      0.0
  SINCE MAR 1     42.5                      19.5   23.0     41.7
  SINCE JUL 1     90.6                      83.4    7.2    135.2
  SNOW DEPTH       0

DEGREE DAYS
 HEATING
  YESTERDAY       13                         9      4        4
  MONTH TO DATE  123                       218    -95      270
  SINCE MAR 1   1995                      1818    177     1817
  SINCE JUL 1   6963                      7017    -54     6430

 COOLING
  YESTERDAY        0                         1     -1        0
  MONTH TO DATE   15                         7      8       17
  SINCE MAR 1     15                        11      4       21
  SINCE JAN 1     15                        11      4       21
..................................................................


WIND (MPH)
  HIGHEST WIND SPEED    20   HIGHEST WIND DIRECTION    SE (130)
  HIGHEST GUST SPEED    27   HIGHEST GUST DIRECTION     E (110)
  AVERAGE WIND SPEED    11.3


SKY COVER
  AVERAGE SKY COVER 0.8


WEATHER CONDITIONS
 THE FOLLOWING WEATHER WAS RECORDED YESTERDAY.
  HEAVY RAIN
  RAIN
  LIGHT RAIN
  FOG


RELATIVE HUMIDITY (PERCENT)
 HIGHEST   100           700 AM
 LOWEST     59           100 AM
 AVERAGE    80

..........................................................


THE BINGHAMTON NY CLIMATE NORMALS FOR TODAY
                         NORMAL    RECORD    YEAR
 MAXIMUM TEMPERATURE (F)   67        89      1996
 MINIMUM TEMPERATURE (F)   47        30      2002


SUNRISE AND SUNSET
MAY 20 2018...........SUNRISE   538 AM EDT   SUNSET   823 PM EDT
MAY 21 2018...........SUNRISE   537 AM EDT   SUNSET   824 PM EDT


-  INDICATES NEGATIVE NUMBERS.
R  INDICATES RECORD WAS SET OR TIED.
MM INDICATES DATA IS MISSING.
T  INDICATES TRACE AMOUNT.




$$
