346
CDUS41 KBGM 210223
CLIBGM


CLIMATE REPORT
NATIONAL WEATHER SERVICE BINGHAMTON NY
1022 PM EDT SUN MAY 20 2018


...................................

...THE BINGHAMTON NY CLIMATE SUMMARY FOR MAY 20 2018...
VALID AS OF 1000 PM LOCAL TIME.

CLIMATE NORMAL PERIOD 1981 TO 2010
CLIMATE RECORD PERIOD 1951 TO 2018


WEATHER ITEM   OBSERVED TIME   RECORD YEAR NORMAL DEPARTURE LAST
                VALUE   (LST)  VALUE       VALUE  FROM      YEAR
                                                  NORMAL
..................................................................
TEMPERATURE (F)
 TODAY
  MAXIMUM         65    920 AM  89    1996  67     -2       67
  MINIMUM         54    859 PM  30    2002  47      7       46
  AVERAGE         60                        57      3       57

PRECIPITATION (IN)
  TODAY            0.03          1.40 1971   0.13  -0.10      T
  MONTH TO DATE    2.81                      2.22   0.59     3.71
  SINCE MAR 1      8.10                      8.64  -0.54    14.92
  SINCE JAN 1     14.30                     13.40   0.90    21.19

SNOWFALL (IN)
  TODAY            0.0           T    2008   0.0    0.0      0.0
                                      2002
  MONTH TO DATE    0.0                       0.1   -0.1      0.0
  SINCE MAR 1     42.5                      19.5   23.0     41.7
  SINCE JUL 1     90.6                      83.4    7.2    135.2
  SNOW DEPTH       0

DEGREE DAYS
 HEATING
  TODAY            5                         9     -4        8
  MONTH TO DATE  128                       227    -99      278
  SINCE MAR 1   2000                      1827    173     1825
  SINCE JUL 1   6968                      7026    -58     6438

 COOLING
  TODAY            0                         1     -1        0
  MONTH TO DATE   15                         8      7       17
  SINCE MAR 1     15                        12      3       21
  SINCE JAN 1     15                        12      3       21
..................................................................


WIND (MPH)
  HIGHEST WIND SPEED    16   HIGHEST WIND DIRECTION    NW (330)
  HIGHEST GUST SPEED    24   HIGHEST GUST DIRECTION     W (250)
  AVERAGE WIND SPEED     9.2


SKY COVER
  AVERAGE SKY COVER 1.0


WEATHER CONDITIONS
 THE FOLLOWING WEATHER WAS RECORDED TODAY.
  LIGHT RAIN
  FOG


RELATIVE HUMIDITY (PERCENT)
 HIGHEST    93          1200 AM
 LOWEST     78           200 PM
 AVERAGE    86

..........................................................


THE BINGHAMTON NY CLIMATE NORMALS FOR TOMORROW
                         NORMAL    RECORD    YEAR
 MAXIMUM TEMPERATURE (F)   67        86      1977
 MINIMUM TEMPERATURE (F)   48        28      2002


SUNRISE AND SUNSET
MAY 20 2018...........SUNRISE   538 AM EDT   SUNSET   823 PM EDT
MAY 21 2018...........SUNRISE   537 AM EDT   SUNSET   824 PM EDT


-  INDICATES NEGATIVE NUMBERS.
R  INDICATES RECORD WAS SET OR TIED.
MM INDICATES DATA IS MISSING.
T  INDICATES TRACE AMOUNT.




$$
