000
CDUS41 KBGM 212124
CLIBGM


CLIMATE REPORT
NATIONAL WEATHER SERVICE BINGHAMTON NY
523 PM EDT MON MAY 21 2018


...................................

...THE BINGHAMTON NY CLIMATE SUMMARY FOR MAY 21 2018...
VALID TODAY AS OF 0500 PM LOCAL TIME.

CLIMATE NORMAL PERIOD 1981 TO 2010
CLIMATE RECORD PERIOD 1951 TO 2018


WEATHER ITEM   OBSERVED TIME   RECORD YEAR NORMAL DEPARTURE LAST
                VALUE   (LST)  VALUE       VALUE  FROM      YEAR
                                                  NORMAL
..................................................................
TEMPERATURE (F)
 TODAY
  MAXIMUM         71    359 PM  86    1977  67      4       64
  MINIMUM         47    557 AM  28    2002  48     -1       50
  AVERAGE         59                        57      2       57

PRECIPITATION (IN)
  TODAY            0.00          0.71 1986   0.12  -0.12      T
  MONTH TO DATE    2.81                      2.34   0.47     3.71
  SINCE MAR 1      8.10                      8.76  -0.66    14.92
  SINCE JAN 1     14.30                     13.52   0.78    21.19

SNOWFALL (IN)
  TODAY            0.0           T    2002   0.0    0.0      0.0
  MONTH TO DATE    0.0                       0.1   -0.1      0.0
  SINCE MAR 1     42.5                      19.5   23.0     41.7
  SINCE JUL 1     90.6                      83.4    7.2    135.2
  SNOW DEPTH       0

DEGREE DAYS
 HEATING
  TODAY            6                         8     -2        8
  MONTH TO DATE  135                       235   -100      286
  SINCE MAR 1   2007                      1835    172     1833
  SINCE JUL 1   6975                      7034    -59     6446

 COOLING
  TODAY            0                         1     -1        0
  MONTH TO DATE   15                         9      6       17
  SINCE MAR 1     15                        13      2       21
  SINCE JAN 1     15                        13      2       21
..................................................................


WIND (MPH)
  HIGHEST WIND SPEED    10   HIGHEST WIND DIRECTION     N (350)
  HIGHEST GUST SPEED    13   HIGHEST GUST DIRECTION     N (360)
  AVERAGE WIND SPEED     4.7


SKY COVER
  AVERAGE SKY COVER 0.1


WEATHER CONDITIONS
 THE FOLLOWING WEATHER WAS RECORDED TODAY.
  FOG
  FOG W/VISIBILITY <= 1/4 MILE


RELATIVE HUMIDITY (PERCENT)
 HIGHEST   100           100 AM
 LOWEST     38           400 PM
 AVERAGE    69

..........................................................


THE BINGHAMTON NY CLIMATE NORMALS FOR TOMORROW
                         NORMAL    RECORD    YEAR
 MAXIMUM TEMPERATURE (F)   67        86      1975
 MINIMUM TEMPERATURE (F)   48        33      2002


SUNRISE AND SUNSET
MAY 21 2018...........SUNRISE   537 AM EDT   SUNSET   824 PM EDT
MAY 22 2018...........SUNRISE   537 AM EDT   SUNSET   825 PM EDT


-  INDICATES NEGATIVE NUMBERS.
R  INDICATES RECORD WAS SET OR TIED.
MM INDICATES DATA IS MISSING.
T  INDICATES TRACE AMOUNT.




$$
