000
CDUS41 KBGM 112141
CLIBGM


CLIMATE REPORT
NATIONAL WEATHER SERVICE BINGHAMTON NY
540 PM EDT FRI MAY 11 2018


...................................

...THE BINGHAMTON NY CLIMATE SUMMARY FOR MAY 11 2018...
VALID TODAY AS OF 0500 PM LOCAL TIME.

CLIMATE NORMAL PERIOD 1981 TO 2010
CLIMATE RECORD PERIOD 1951 TO 2018


WEATHER ITEM   OBSERVED TIME   RECORD YEAR NORMAL DEPARTURE LAST
                VALUE   (LST)  VALUE       VALUE  FROM      YEAR
                                                  NORMAL
..................................................................
TEMPERATURE (F)
 TODAY
  MAXIMUM         55    303 PM  84    2015  64     -9       60
                                      1959
                                      1953
  MINIMUM         41    609 AM  28    1966  45     -4       35
  AVERAGE         48                        54     -6       48

PRECIPITATION (IN)
  TODAY            0.00          0.99 1996   0.10  -0.10     0.00
  MONTH TO DATE    0.93                      1.19  -0.26     2.98
  SINCE MAR 1      6.22                      7.61  -1.39    14.19
  SINCE JAN 1     12.42                     12.37   0.05    20.46

SNOWFALL (IN)
  TODAY            0.0           T    1990   0.0    0.0      0.0
  MONTH TO DATE    0.0                       0.1   -0.1      0.0
  SINCE MAR 1     42.5                      19.5   23.0     41.7
  SINCE JUL 1     90.6                      83.4    7.2    135.2
  SNOW DEPTH       0

DEGREE DAYS
 HEATING
  TODAY           17                        11      6       17
  MONTH TO DATE   57                       139    -82      197
  SINCE MAR 1   1929                      1739    190     1744
  SINCE JUL 1   6897                      6938    -41     6357

 COOLING
  TODAY            0                         0      0        0
  MONTH TO DATE   13                         0     13        0
  SINCE MAR 1     13                         4      9        4
  SINCE JAN 1     13                         4      9        4
..................................................................


WIND (MPH)
  HIGHEST WIND SPEED    16   HIGHEST WIND DIRECTION    NW (310)
  HIGHEST GUST SPEED    25   HIGHEST GUST DIRECTION     N (340)
  AVERAGE WIND SPEED     9.3


SKY COVER
  AVERAGE SKY COVER 0.3


WEATHER CONDITIONS
 THE FOLLOWING WEATHER WAS RECORDED TODAY.
  NO SIGNIFICANT WEATHER WAS OBSERVED.


RELATIVE HUMIDITY (PERCENT)
 HIGHEST    86          1200 AM
 LOWEST     44           300 PM
 AVERAGE    65

..........................................................


THE BINGHAMTON NY CLIMATE NORMALS FOR TOMORROW
                         NORMAL    RECORD    YEAR
 MAXIMUM TEMPERATURE (F)   64        83      1985
 MINIMUM TEMPERATURE (F)   45        31      1996
                                             1988


SUNRISE AND SUNSET
MAY 11 2018...........SUNRISE   547 AM EDT   SUNSET   814 PM EDT
MAY 12 2018...........SUNRISE   546 AM EDT   SUNSET   815 PM EDT


-  INDICATES NEGATIVE NUMBERS.
R  INDICATES RECORD WAS SET OR TIED.
MM INDICATES DATA IS MISSING.
T  INDICATES TRACE AMOUNT.




$$
