000
CDUS41 KBGM 212121
CLIBGM


CLIMATE REPORT
NATIONAL WEATHER SERVICE BINGHAMTON NY
521 PM EDT SAT APR 21 2018


...................................

...THE BINGHAMTON NY CLIMATE SUMMARY FOR APRIL 21 2018...
VALID TODAY AS OF 0500 PM LOCAL TIME.

CLIMATE NORMAL PERIOD 1981 TO 2010
CLIMATE RECORD PERIOD 1951 TO 2018


WEATHER ITEM   OBSERVED TIME   RECORD YEAR NORMAL DEPARTURE LAST
                VALUE   (LST)  VALUE       VALUE  FROM      YEAR
                                                  NORMAL
..................................................................
TEMPERATURE (F)
 TODAY
  MAXIMUM         52    316 PM  82    1985  57     -5       58
                                      1976
  MINIMUM         27    605 AM  21    1956  38    -11       46
  AVERAGE         40                        47     -7       52

PRECIPITATION (IN)
  TODAY            0.00          1.05 1958   0.11  -0.11     0.42
  MONTH TO DATE    1.76                      2.43  -0.67     4.87
  SINCE MAR 1      4.68                      5.42  -0.74    10.47
  SINCE JAN 1     10.88                     10.18   0.70    16.74

SNOWFALL (IN)
  TODAY            0.0           0.9  1983   0.1   -0.1      0.0
  MONTH TO DATE    6.1                       3.6    2.5      2.1
  SINCE MAR 1     42.4                      18.7   23.7     41.7
  SINCE JUL 1     90.5                      82.6    7.9    135.2
  SNOW DEPTH       0

DEGREE DAYS
 HEATING
  TODAY           25                        18      7       13
  MONTH TO DATE  561                       459    102      346
  SINCE MAR 1   1680                      1456    224     1458
  SINCE JUL 1   6648                      6655     -7     6071

 COOLING
  TODAY            0                         0      0        0
  MONTH TO DATE    0                         0      0        4
  SINCE MAR 1      0                         0      0        4
  SINCE JAN 1      0                         0      0        4
..................................................................


WIND (MPH)
  HIGHEST WIND SPEED    21   HIGHEST WIND DIRECTION     N (350)
  HIGHEST GUST SPEED    26   HIGHEST GUST DIRECTION     N (340)
  AVERAGE WIND SPEED     8.8


SKY COVER
  AVERAGE SKY COVER 0.0


WEATHER CONDITIONS
 THE FOLLOWING WEATHER WAS RECORDED TODAY.
  NO SIGNIFICANT WEATHER WAS OBSERVED.


RELATIVE HUMIDITY (PERCENT)
 HIGHEST    81           500 AM
 LOWEST     26           400 PM
 AVERAGE    54

..........................................................


THE BINGHAMTON NY CLIMATE NORMALS FOR TOMORROW
                         NORMAL    RECORD    YEAR
 MAXIMUM TEMPERATURE (F)   57        83      1985
 MINIMUM TEMPERATURE (F)   38        22      1975


SUNRISE AND SUNSET
APRIL 21 2018.........SUNRISE   614 AM EDT   SUNSET   752 PM EDT
APRIL 22 2018.........SUNRISE   612 AM EDT   SUNSET   753 PM EDT


-  INDICATES NEGATIVE NUMBERS.
R  INDICATES RECORD WAS SET OR TIED.
MM INDICATES DATA IS MISSING.
T  INDICATES TRACE AMOUNT.




$$
