466
CDUS41 KBGM 222124
CLIBGM


CLIMATE REPORT
NATIONAL WEATHER SERVICE BINGHAMTON NY
523 PM EDT TUE MAY 22 2018


...................................

...THE BINGHAMTON NY CLIMATE SUMMARY FOR MAY 22 2018...
VALID TODAY AS OF 0500 PM LOCAL TIME.

CLIMATE NORMAL PERIOD 1981 TO 2010
CLIMATE RECORD PERIOD 1951 TO 2018


WEATHER ITEM   OBSERVED TIME   RECORD YEAR NORMAL DEPARTURE LAST
                VALUE   (LST)  VALUE       VALUE  FROM      YEAR
                                                  NORMAL
..................................................................
TEMPERATURE (F)
 TODAY
  MAXIMUM         61   1208 AM  86    1975  67     -6       63
  MINIMUM         52    645 AM  33    2002  48      4       47
  AVERAGE         57                        58     -1       55

PRECIPITATION (IN)
  TODAY            0.45          0.61 2001   0.13   0.32     0.42
  MONTH TO DATE    3.26                      2.47   0.79     4.13
  SINCE MAR 1      8.55                      8.89  -0.34    15.34
  SINCE JAN 1     14.75                     13.65   1.10    21.61

SNOWFALL (IN)
  TODAY            0.0           T    2014   0.0    0.0      0.0
  MONTH TO DATE    0.0                       0.1   -0.1      0.0
  SINCE MAR 1     42.5                      19.5   23.0     41.7
  SINCE JUL 1     90.6                      83.4    7.2    135.2
  SNOW DEPTH       0

DEGREE DAYS
 HEATING
  TODAY            8                         8      0       10
  MONTH TO DATE  142                       243   -101      296
  SINCE MAR 1   2014                      1843    171     1843
  SINCE JUL 1   6982                      7042    -60     6456

 COOLING
  TODAY            0                         1     -1        0
  MONTH TO DATE   15                        10      5       17
  SINCE MAR 1     15                        14      1       21
  SINCE JAN 1     15                        14      1       21
..................................................................


WIND (MPH)
  HIGHEST WIND SPEED    20   HIGHEST WIND DIRECTION     S (160)
  HIGHEST GUST SPEED    25   HIGHEST GUST DIRECTION    SE (150)
  AVERAGE WIND SPEED     7.5


SKY COVER
  AVERAGE SKY COVER 0.8


WEATHER CONDITIONS
 THE FOLLOWING WEATHER WAS RECORDED TODAY.
  RAIN
  LIGHT RAIN
  FOG


RELATIVE HUMIDITY (PERCENT)
 HIGHEST   100           900 AM
 LOWEST     51          1200 AM
 AVERAGE    76

..........................................................


THE BINGHAMTON NY CLIMATE NORMALS FOR TOMORROW
                         NORMAL    RECORD    YEAR
 MAXIMUM TEMPERATURE (F)   68        87      1980
 MINIMUM TEMPERATURE (F)   48        31      1967


SUNRISE AND SUNSET
MAY 22 2018...........SUNRISE   537 AM EDT   SUNSET   825 PM EDT
MAY 23 2018...........SUNRISE   536 AM EDT   SUNSET   826 PM EDT


-  INDICATES NEGATIVE NUMBERS.
R  INDICATES RECORD WAS SET OR TIED.
MM INDICATES DATA IS MISSING.
T  INDICATES TRACE AMOUNT.




$$
