000
CDUS41 KBGM 090649
CLIBGM


CLIMATE REPORT
NATIONAL WEATHER SERVICE BINGHAMTON NY
203 AM EDT WED MAY 9 2018


...................................

...THE BINGHAMTON NY CLIMATE SUMMARY FOR MAY 8 2018...

CLIMATE NORMAL PERIOD 1981 TO 2010
CLIMATE RECORD PERIOD 1951 TO 2018


WEATHER ITEM   OBSERVED TIME   RECORD YEAR NORMAL DEPARTURE LAST
                VALUE   (LST)  VALUE       VALUE  FROM      YEAR
                                                  NORMAL
..................................................................
TEMPERATURE (F)
 YESTERDAY
  MAXIMUM         72        MM  85    2015  63      9       48
  MINIMUM         41        MM  26    1956  44     -3       32
  AVERAGE         57                        53      4       40

PRECIPITATION (IN)
  YESTERDAY        0.00          0.80 1972   0.11  -0.11     0.01
  MONTH TO DATE    0.43                      0.87  -0.44     2.98
  SINCE MAR 1      5.72                      7.29  -1.57    14.19
  SINCE JAN 1     11.92                     12.05  -0.13    20.46

SNOWFALL (IN)
  YESTERDAY        0.0           1.4  1989   0.0    0.0      0.0
  MONTH TO DATE    0.0                       0.1   -0.1      0.0
  SINCE MAR 1     42.5                      19.5   23.0     41.7
  SINCE JUL 1     90.6                      83.4    7.2    135.2
  SNOW DEPTH       0

DEGREE DAYS
 HEATING
  YESTERDAY        8                        12     -4       25
  MONTH TO DATE   39                       105    -66      137
  SINCE MAR 1   1911                      1705    206     1684
  SINCE JUL 1   6879                      6904    -25     6297

 COOLING
  YESTERDAY        0                         0      0        0
  MONTH TO DATE   13                         0     13        0
  SINCE MAR 1     13                         4      9        4
  SINCE JAN 1     13                         4      9        4
..................................................................


WIND (MPH)
  HIGHEST WIND SPEED     9   HIGHEST WIND DIRECTION     W (250)
  HIGHEST GUST SPEED    MM   HIGHEST GUST DIRECTION    MM
  AVERAGE WIND SPEED     4.7


SKY COVER
  AVERAGE SKY COVER 0.1


WEATHER CONDITIONS
 THE FOLLOWING WEATHER WAS RECORDED YESTERDAY.
  NO SIGNIFICANT WEATHER WAS OBSERVED.


RELATIVE HUMIDITY (PERCENT)
 HIGHEST    61           700 AM
 LOWEST     31           500 PM
 AVERAGE    46

..........................................................


THE BINGHAMTON NY CLIMATE NORMALS FOR TODAY
                         NORMAL    RECORD    YEAR
 MAXIMUM TEMPERATURE (F)   64        87      2000
 MINIMUM TEMPERATURE (F)   44        27      1966


SUNRISE AND SUNSET
MAY  9 2018...........SUNRISE   549 AM EDT   SUNSET   812 PM EDT
MAY 10 2018...........SUNRISE   548 AM EDT   SUNSET   813 PM EDT


-  INDICATES NEGATIVE NUMBERS.
R  INDICATES RECORD WAS SET OR TIED.
MM INDICATES DATA IS MISSING.
T  INDICATES TRACE AMOUNT.




$$
