000
CDUS41 KBGM 090536
CLIBGM


CLIMATE REPORT
NATIONAL WEATHER SERVICE BINGHAMTON NY
135 AM EDT MON APR 9 2018


...................................

...THE BINGHAMTON NY CLIMATE SUMMARY FOR APRIL 8 2018...

CLIMATE NORMAL PERIOD 1981 TO 2010
CLIMATE RECORD PERIOD 1951 TO 2018


WEATHER ITEM   OBSERVED TIME   RECORD YEAR NORMAL DEPARTURE LAST
                VALUE   (LST)  VALUE       VALUE  FROM      YEAR
                                                  NORMAL
..................................................................
TEMPERATURE (F)
 YESTERDAY
  MAXIMUM         32    218 PM  82    2010  51    -19       44
  MINIMUM         19    522 AM  15    1972  33    -14       28
  AVERAGE         26                        42    -16       36

PRECIPITATION (IN)
  YESTERDAY        0.03          0.98 2000   0.11  -0.08     0.00
  MONTH TO DATE    0.86                      0.93  -0.07     2.44
  SINCE MAR 1      3.78                      3.92  -0.14     8.04
  SINCE JAN 1      9.98                      8.68   1.30    14.31

SNOWFALL (IN)
  YESTERDAY        0.6           5.0  1995   0.2    0.4      0.0
  MONTH TO DATE    3.8                       1.7    2.1      2.1
  SINCE MAR 1     40.1                      16.8   23.3     41.7
  SINCE JUL 1     88.2                      80.7    7.5    135.2
  SNOW DEPTH       0

DEGREE DAYS
 HEATING
  YESTERDAY       39                        23     16       29
  MONTH TO DATE  265                       196     69      186
  SINCE MAR 1   1384                      1193    191     1298
  SINCE JUL 1   6352                      6392    -40     5911

 COOLING
  YESTERDAY        0                         0      0        0
  MONTH TO DATE    0                         0      0        0
  SINCE MAR 1      0                         0      0        0
  SINCE JAN 1      0                         0      0        0
..................................................................


WIND (MPH)
  HIGHEST WIND SPEED    22   HIGHEST WIND DIRECTION    NW (330)
  HIGHEST GUST SPEED    27   HIGHEST GUST DIRECTION    NW (330)
  AVERAGE WIND SPEED     8.2


SKY COVER
  AVERAGE SKY COVER 0.6


WEATHER CONDITIONS
 THE FOLLOWING WEATHER WAS RECORDED YESTERDAY.
  HEAVY SNOW
  SNOW
  LIGHT SNOW
  FOG
  FOG W/VISIBILITY <= 1/4 MILE
  HAZE


RELATIVE HUMIDITY (PERCENT)
 HIGHEST    88           900 PM
 LOWEST     57           600 PM
 AVERAGE    73

..........................................................


THE BINGHAMTON NY CLIMATE NORMALS FOR TODAY
                         NORMAL    RECORD    YEAR
 MAXIMUM TEMPERATURE (F)   51        75      1991
 MINIMUM TEMPERATURE (F)   34        15      1997


SUNRISE AND SUNSET
APRIL  9 2018.........SUNRISE   633 AM EDT   SUNSET   739 PM EDT
APRIL 10 2018.........SUNRISE   631 AM EDT   SUNSET   740 PM EDT


-  INDICATES NEGATIVE NUMBERS.
R  INDICATES RECORD WAS SET OR TIED.
MM INDICATES DATA IS MISSING.
T  INDICATES TRACE AMOUNT.




$$
