000
CDUS41 KBGM 160620
CLIBGM


CLIMATE REPORT
NATIONAL WEATHER SERVICE BINGHAMTON NY
220 AM EDT MON APR 16 2018


...................................

...THE BINGHAMTON NY CLIMATE SUMMARY FOR APRIL 15 2018...

CLIMATE NORMAL PERIOD 1981 TO 2010
CLIMATE RECORD PERIOD 1951 TO 2018


WEATHER ITEM   OBSERVED TIME   RECORD YEAR NORMAL DEPARTURE LAST
                VALUE   (LST)  VALUE       VALUE  FROM      YEAR
                                                  NORMAL
..................................................................
TEMPERATURE (F)
 YESTERDAY
  MAXIMUM         MM        MM  83    1994  54     MM       69
  MINIMUM         MM        MM  21    1957  36     MM       42
  AVERAGE         MM                        45     MM       56

PRECIPITATION (IN)
  YESTERDAY        0.00          1.95 1983   0.12  -0.12     0.02
  MONTH TO DATE    0.97                      1.77  -0.80     2.50
  SINCE MAR 1      3.89                      4.76  -0.87     8.10
  SINCE JAN 1     10.09                      9.52   0.57    14.37

SNOWFALL (IN)
  YESTERDAY        0.0           1.9  2007   0.1   -0.1      0.0
  MONTH TO DATE    4.1                       2.9    1.2      2.1
  SINCE MAR 1     40.4                      18.0   22.4     41.7
  SINCE JUL 1     88.5                      81.9    6.6    135.2
  SNOW DEPTH       0

DEGREE DAYS
 HEATING
  YESTERDAY       MM                        20     MM        9
  MONTH TO DATE  411                       346     65      269
  SINCE MAR 1   1530                      1343    187     1381
  SINCE JUL 1   6498                      6542    -44     5994

 COOLING
  YESTERDAY       MM                         0     MM        0
  MONTH TO DATE    0                         0      0        1
  SINCE MAR 1      0                         0      0        1
  SINCE JAN 1      0                         0      0        1
..................................................................


WIND (MPH)
  HIGHEST WIND SPEED    25   HIGHEST WIND DIRECTION    SE (130)
  HIGHEST GUST SPEED    38   HIGHEST GUST DIRECTION    SE (120)
  AVERAGE WIND SPEED    17.1


SKY COVER
  AVERAGE SKY COVER 1.0


WEATHER CONDITIONS
 THE FOLLOWING WEATHER WAS RECORDED YESTERDAY.
  HAZE


RELATIVE HUMIDITY (PERCENT)
 HIGHEST    MM           800 PM
 LOWEST     MM           800 PM
 AVERAGE    MM

..........................................................


THE BINGHAMTON NY CLIMATE NORMALS FOR TODAY
                         NORMAL    RECORD    YEAR
 MAXIMUM TEMPERATURE (F)   55        85      2002
 MINIMUM TEMPERATURE (F)   36        19      2014


SUNRISE AND SUNSET
APRIL 16 2018.........SUNRISE   622 AM EDT   SUNSET   747 PM EDT
APRIL 17 2018.........SUNRISE   620 AM EDT   SUNSET   748 PM EDT


-  INDICATES NEGATIVE NUMBERS.
R  INDICATES RECORD WAS SET OR TIED.
MM INDICATES DATA IS MISSING.
T  INDICATES TRACE AMOUNT.




$$
