000
CDUS41 KBGM 080538
CLIBGM


CLIMATE REPORT
NATIONAL WEATHER SERVICE BINGHAMTON NY
137 AM EDT SUN APR 8 2018


...................................

...THE BINGHAMTON NY CLIMATE SUMMARY FOR APRIL 7 2018...

CLIMATE NORMAL PERIOD 1981 TO 2010
CLIMATE RECORD PERIOD 1951 TO 2018


WEATHER ITEM   OBSERVED TIME   RECORD YEAR NORMAL DEPARTURE LAST
                VALUE   (LST)  VALUE       VALUE  FROM      YEAR
                                                  NORMAL
..................................................................
TEMPERATURE (F)
 YESTERDAY
  MAXIMUM         33    325 PM  83    1991  50    -17       37
  MINIMUM         22   1159 PM   9    1982  33    -11       29
  AVERAGE         28                        42    -14       33

PRECIPITATION (IN)
  YESTERDAY        T             0.99 1956   0.12  -0.12     0.08
  MONTH TO DATE    0.83                      0.82   0.01     2.44
  SINCE MAR 1      3.75                      3.81  -0.06     8.04
  SINCE JAN 1      9.95                      8.57   1.38    14.31

SNOWFALL (IN)
  YESTERDAY        0.1           6.1  1996   0.1    0.0      0.9
  MONTH TO DATE    3.2                       1.5    1.7      2.1
  SINCE MAR 1     39.5                      16.6   22.9     41.7
  SINCE JUL 1     87.6                      80.5    7.1    135.2
  SNOW DEPTH       T

DEGREE DAYS
 HEATING
  YESTERDAY       37                        23     14       32
  MONTH TO DATE  226                       173     53      157
  SINCE MAR 1   1345                      1170    175     1269
  SINCE JUL 1   6313                      6369    -56     5882

 COOLING
  YESTERDAY        0                         0      0        0
  MONTH TO DATE    0                         0      0        0
  SINCE MAR 1      0                         0      0        0
  SINCE JAN 1      0                         0      0        0
..................................................................


WIND (MPH)
  HIGHEST WIND SPEED    20   HIGHEST WIND DIRECTION    NW (300)
  HIGHEST GUST SPEED    30   HIGHEST GUST DIRECTION    NW (300)
  AVERAGE WIND SPEED    10.7


SKY COVER
  AVERAGE SKY COVER 0.5


WEATHER CONDITIONS
 THE FOLLOWING WEATHER WAS RECORDED YESTERDAY.
  LIGHT SNOW
  FOG


RELATIVE HUMIDITY (PERCENT)
 HIGHEST    92          1200 AM
 LOWEST     43           300 PM
 AVERAGE    68

..........................................................


THE BINGHAMTON NY CLIMATE NORMALS FOR TODAY
                         NORMAL    RECORD    YEAR
 MAXIMUM TEMPERATURE (F)   51        82      2010
 MINIMUM TEMPERATURE (F)   33        15      1972


SUNRISE AND SUNSET
APRIL  8 2018.........SUNRISE   635 AM EDT   SUNSET   738 PM EDT
APRIL  9 2018.........SUNRISE   633 AM EDT   SUNSET   739 PM EDT


-  INDICATES NEGATIVE NUMBERS.
R  INDICATES RECORD WAS SET OR TIED.
MM INDICATES DATA IS MISSING.
T  INDICATES TRACE AMOUNT.




$$
