000
CDUS41 KBGM 240550
CLIBGM


CLIMATE REPORT
NATIONAL WEATHER SERVICE BINGHAMTON NY
149 AM EDT THU MAY 24 2018


...................................

...THE BINGHAMTON NY CLIMATE SUMMARY FOR MAY 23 2018...
VALID AS OF 0100 AM LOCAL TIME.

CLIMATE NORMAL PERIOD 1981 TO 2010
CLIMATE RECORD PERIOD 1951 TO 2018


WEATHER ITEM   OBSERVED TIME   RECORD YEAR NORMAL DEPARTURE LAST
                VALUE   (LST)  VALUE       VALUE  FROM      YEAR
                                                  NORMAL
..................................................................
TEMPERATURE (F)
 TODAY
  MAXIMUM         75    321 PM  87    1980  68      7       69
  MINIMUM         54    726 AM  31    1967  48      6       43
  AVERAGE         65                        58      7       56

PRECIPITATION (IN)
  TODAY            0.01          0.78 2000   0.12  -0.11     0.00
  MONTH TO DATE    3.27                      2.59   0.68     4.13
  SINCE MAR 1      8.56                      9.01  -0.45    15.34
  SINCE JAN 1     14.76                     13.77   0.99    21.61

SNOWFALL (IN)
  TODAY            0.0           T    1963   0.0    0.0      0.0
  MONTH TO DATE    0.0                       0.1   -0.1      0.0
  SINCE MAR 1     42.5                      19.5   23.0     41.7
  SINCE JUL 1     90.6                      83.4    7.2    135.2
  SNOW DEPTH       0

DEGREE DAYS
 HEATING
  TODAY            0                         8     -8        9
  MONTH TO DATE  142                       251   -109      305
  SINCE MAR 1   2014                      1851    163     1852
  SINCE JUL 1   6982                      7050    -68     6465

 COOLING
  TODAY            0                         1     -1        0
  MONTH TO DATE   15                        11      4       17
  SINCE MAR 1     15                        15      0       21
  SINCE JAN 1     15                        15      0       21
..................................................................


WIND (MPH)
  HIGHEST WIND SPEED    18   HIGHEST WIND DIRECTION     N (350)
  HIGHEST GUST SPEED    24   HIGHEST GUST DIRECTION     N (350)
  AVERAGE WIND SPEED     8.0


SKY COVER
  AVERAGE SKY COVER 0.5


WEATHER CONDITIONS
 THE FOLLOWING WEATHER WAS RECORDED TODAY.
  LIGHT RAIN
  FOG
  FOG W/VISIBILITY <= 1/4 MILE


RELATIVE HUMIDITY (PERCENT)
 HIGHEST   100          1200 AM
 LOWEST     38           400 PM
 AVERAGE    69

..........................................................


THE BINGHAMTON NY CLIMATE NORMALS FOR TOMORROW
                         NORMAL    RECORD    YEAR
 MAXIMUM TEMPERATURE (F)   68        87      1980
                                             1975
 MINIMUM TEMPERATURE (F)   49        28      1963


SUNRISE AND SUNSET
MAY 23 2018...........SUNRISE   536 AM EDT   SUNSET   826 PM EDT
MAY 24 2018...........SUNRISE   535 AM EDT   SUNSET   827 PM EDT


-  INDICATES NEGATIVE NUMBERS.
R  INDICATES RECORD WAS SET OR TIED.
MM INDICATES DATA IS MISSING.
T  INDICATES TRACE AMOUNT.




$$
