000
CDUS41 KBGM 230219
CLIBGM


CLIMATE REPORT
NATIONAL WEATHER SERVICE BINGHAMTON NY
1017 PM EDT SUN APR 22 2018


...................................

...THE BINGHAMTON NY CLIMATE SUMMARY FOR APRIL 22 2018...
VALID AS OF 1000 PM LOCAL TIME.

CLIMATE NORMAL PERIOD 1981 TO 2010
CLIMATE RECORD PERIOD 1951 TO 2018


WEATHER ITEM   OBSERVED TIME   RECORD YEAR NORMAL DEPARTURE LAST
                VALUE   (LST)  VALUE       VALUE  FROM      YEAR
                                                  NORMAL
..................................................................
TEMPERATURE (F)
 TODAY
  MAXIMUM         59    201 PM  83    1985  57      2       46
  MINIMUM         31    542 AM  22    1975  38     -7       37
  AVERAGE         45                        48     -3       42

PRECIPITATION (IN)
  TODAY            0.00          1.17 2006   0.11  -0.11      T
  MONTH TO DATE    1.76                      2.54  -0.78     4.87
  SINCE MAR 1      4.68                      5.53  -0.85    10.47
  SINCE JAN 1     10.88                     10.29   0.59    16.74

SNOWFALL (IN)
  TODAY            0.0           8.6  1993   0.1   -0.1      0.0
  MONTH TO DATE    6.1                       3.7    2.4      2.1
  SINCE MAR 1     42.4                      18.8   23.6     41.7
  SINCE JUL 1     90.5                      82.7    7.8    135.2
  SNOW DEPTH       0

DEGREE DAYS
 HEATING
  TODAY           20                        17      3       23
  MONTH TO DATE  581                       476    105      369
  SINCE MAR 1   1700                      1473    227     1481
  SINCE JUL 1   6668                      6672     -4     6094

 COOLING
  TODAY            0                         0      0        0
  MONTH TO DATE    0                         0      0        4
  SINCE MAR 1      0                         0      0        4
  SINCE JAN 1      0                         0      0        4
..................................................................


WIND (MPH)
  HIGHEST WIND SPEED    21   HIGHEST WIND DIRECTION     N (360)
  HIGHEST GUST SPEED    34   HIGHEST GUST DIRECTION     N (350)
  AVERAGE WIND SPEED     7.7


SKY COVER
  AVERAGE SKY COVER 0.0


WEATHER CONDITIONS
 THE FOLLOWING WEATHER WAS RECORDED TODAY.
  NO SIGNIFICANT WEATHER WAS OBSERVED.


RELATIVE HUMIDITY (PERCENT)
 HIGHEST    51           600 AM
 LOWEST     19           200 PM
 AVERAGE    35

..........................................................


THE BINGHAMTON NY CLIMATE NORMALS FOR TOMORROW
                         NORMAL    RECORD    YEAR
 MAXIMUM TEMPERATURE (F)   58        85      1985
 MINIMUM TEMPERATURE (F)   39        24      1989


SUNRISE AND SUNSET
APRIL 22 2018.........SUNRISE   612 AM EDT   SUNSET   753 PM EDT
APRIL 23 2018.........SUNRISE   611 AM EDT   SUNSET   754 PM EDT


-  INDICATES NEGATIVE NUMBERS.
R  INDICATES RECORD WAS SET OR TIED.
MM INDICATES DATA IS MISSING.
T  INDICATES TRACE AMOUNT.




$$
