258
CXUS51 KBGM 010858
CLMBGM


CLIMATE REPORT
NATIONAL WEATHER SERVICE BINGHAMTON NY
443 AM EDT SUN APR 1 2018

...................................

...THE BINGHAMTON NY CLIMATE SUMMARY FOR THE MONTH OF MARCH 2018...

CLIMATE NORMAL PERIOD 1981 TO 2010
CLIMATE RECORD PERIOD 1951 TO 2018

WEATHER         OBSERVED          NORMAL  DEPART  LAST YEAR`S
                 VALUE   DATE(S)  VALUE   FROM    VALUE  DATE(S)
                                          NORMAL
................................................................
TEMPERATURE (F)
RECORD
 HIGH              82   03/31/1998
                        03/30/1998
 LOW               -7   03/19/1993
HIGHEST            51   03/30        41      10       60  03/01
LOWEST             10   03/18        25     -15        2  03/05
AVG. MAXIMUM     35.4              41.1    -5.7     36.7
AVG. MINIMUM     22.1              24.6    -2.5     21.0
MEAN             28.7              32.8    -4.1     28.9
DAYS MAX >= 90      0               0.0     0.0        0
DAYS MAX <= 32     13               6.7     6.3       12
DAYS MIN <= 32     29              23.7     5.3       25
DAYS MIN <= 0       0               0.2    -0.2        0

PRECIPITATION (INCHES)
RECORD
 MAXIMUM         6.33   2008
 MINIMUM         0.69   1981
TOTALS           2.92              2.99   -0.07     5.60
DAILY AVG.       0.09              0.10   -0.01     0.18
DAYS >= .01        14              14.6    -0.6       20
DAYS >= .10        11               7.3     3.7        9
DAYS >= .50         1               1.9    -0.9        3
DAYS >= 1.00        0               0.3    -0.3        1
GREATEST
 24 HR. TOTAL    1.12   03/01 TO 03/02

SNOWFALL (INCHES)
RECORDS
 TOTAL           46.5   2001
 24 HR TOTAL     31.3   03/14/2017 TO 03/15/2017
 SNOW DEPTH        35   03/15/1993
TOTALS           36.3              15.1    21.2     39.6
SINCE 7/1        84.4              79.0     5.4    133.1
SNOWDEPTH AVG.      6                 4       2        6
DAYS >= TRACE      16              10.4     5.6       16
DAYS >= 1.0         9               3.8     5.2        3
GREATEST
 SNOW DEPTH        15   03/14                         26  03/15
                        03/15
 24 HR TOTAL     12.5   03/02 TO 03/02

DEGREE_DAYS
HEATING TOTAL    1119               997     122     1112
 SINCE 7/1       6087              6196    -109     5725
COOLING TOTAL       0                 0       0        0
 SINCE 1/1          0                 0       0        0
.................................................................

WIND (MPH)
AVERAGE WIND SPEED              10.1
RESULTANT WIND SPEED/DIRECTION   5/330
HIGHEST WIND SPEED/DIRECTION    30/340    DATE  03/02
HIGHEST GUST SPEED/DIRECTION    41/350    DATE  03/02

SKY COVER
POSSIBLE SUNSHINE (PERCENT)   MM
AVERAGE SKY COVER           0.60
NUMBER OF DAYS FAIR            9
NUMBER OF DAYS PC              7
NUMBER OF DAYS CLOUDY         15

AVERAGE RH (PERCENT)     71

WEATHER CONDITIONS. NUMBER OF DAYS WITH
THUNDERSTORM           0      MIXED PRECIP            0
HEAVY RAIN             0      RAIN                    3
LIGHT RAIN             4      FREEZING RAIN           1
LT FREEZING RAIN       2      HAIL                    0
HEAVY SNOW             5      SNOW                    6
LIGHT SNOW            15      SLEET                   0
FOG                   17      FOG W/VIS <= 1/4 MILE   6
HAZE                   3

-  INDICATES NEGATIVE NUMBERS.
R  INDICATES RECORD WAS SET OR TIED.
MM INDICATES DATA IS MISSING.
T  INDICATES TRACE AMOUNT.
&&
SNOWFALL 4TH MOST FOR MARCH
$$
TAC
