000
CXUS51 KBGM 010615
CLMBGM


CLIMATE REPORT
NATIONAL WEATHER SERVICE BINGHAMTON NY
115 AM EST THU MAR 1 2018

...................................

...THE BINGHAMTON NY CLIMATE SUMMARY FOR THE MONTH OF FEBRUARY 2018...

CLIMATE NORMAL PERIOD 1981 TO 2010
CLIMATE RECORD PERIOD 1951 TO 2018

WEATHER         OBSERVED          NORMAL  DEPART  LAST YEAR`S
                 VALUE   DATE(S)  VALUE   FROM    VALUE  DATE(S)
                                          NORMAL
................................................................
TEMPERATURE (F)
RECORD
 HIGH              70   02/24/2017
 LOW              -18   02/14/2016
HIGHEST            69   02/21        31      38       70  02/24
LOWEST              2   02/03        17     -15        9  02/09
AVG. MAXIMUM     38.7              32.1     6.6     39.5
AVG. MINIMUM     23.0              17.4     5.6     23.6
MEAN             30.9              24.7     6.2     31.5
DAYS MAX >= 90      0               0.0     0.0        0
DAYS MAX <= 32     11              14.8    -3.8       10
DAYS MIN <= 32     23              25.7    -2.7       23
DAYS MIN <= 0       0               1.3    -1.3        0

PRECIPITATION (INCHES)
RECORD
 MAXIMUM         4.92   2011
 MINIMUM         0.51   1968
TOTALS           3.40              2.31    1.09     2.47
DAILY AVG.       0.12              0.08    0.04     0.09
DAYS >= .01        18              13.1     4.9       12
DAYS >= .10        11               5.8     5.2        6
DAYS >= .50         3               1.1     1.9        2
DAYS >= 1.00        0               0.2    -0.2        0
GREATEST
 24 HR. TOTAL    0.64   02/07 TO 02/07

SNOWFALL (INCHES)
RECORDS
 TOTAL           44.3   1972
 24 HR TOTAL     23.0   02/03/1961 TO 02/04/1961
 SNOW DEPTH        28   02/05/1961
TOTALS           20.1              17.1     3.0     23.1
SINCE 7/1        48.1              63.9   -15.8     93.5
SNOWDEPTH AVG.      2                 5      -3        4
DAYS >= TRACE      16              13.3     2.7       17
DAYS >= 1.0         5               5.3    -0.3        6
GREATEST
 SNOW DEPTH         9   02/10                         10  02/17
                                                          02/16
 24 HR TOTAL      5.5   02/07 TO 02/07

DEGREE_DAYS
HEATING TOTAL     948              1127    -179      931
 SINCE 7/1       4968              5199    -231     4613
COOLING TOTAL       0                 0       0        0
 SINCE 1/1          0                 0       0        0
.................................................................

WIND (MPH)
AVERAGE WIND SPEED              8.9
RESULTANT WIND SPEED/DIRECTION   4/239
HIGHEST WIND SPEED/DIRECTION    28/150    DATE  02/25
HIGHEST GUST SPEED/DIRECTION    39/160    DATE  02/25

SKY COVER
POSSIBLE SUNSHINE (PERCENT)   MM
AVERAGE SKY COVER           0.70
NUMBER OF DAYS FAIR            4
NUMBER OF DAYS PC              9
NUMBER OF DAYS CLOUDY         15

AVERAGE RH (PERCENT)     76

WEATHER CONDITIONS. NUMBER OF DAYS WITH
  0
  4
  0
  0
  5
  0
  9
HAZE                      6

-  INDICATES NEGATIVE NUMBERS.
R  INDICATES RECORD WAS SET OR TIED.
MM INDICATES DATA IS MISSING.
T  INDICATES TRACE AMOUNT.

$$
