000
CXUS51 KBGM 030052 CCA
CLSBGM
CLIMATE REPORT...CORRECTED
NATIONAL WEATHER SERVICE BINGHAMTON, NY
852 PM EDT WED JUN 02 2021
...................................
...THE BINGHAMTON NY CLIMATE SUMMARY FOR THE SEASON, FROM
3/1/2021 TO 5/31/2021...
CLIMATE NORMAL PERIOD 1991 TO 2020
CLIMATE RECORD PERIOD 1951 TO 2021
WEATHER OBSERVED NORMAL DEPART LAST YEAR`S
VALUE DATE(S) VALUE FROM VALUE DATE(S)
NORMAL
................................................................
TEMPERATURE (F)
RECORD
HIGH 89 04/27/2009
05/20/1996
05/07/1982
LOW -7 03/19/1993
HIGHEST 86 05/21 53 33 88 05/26
LOWEST 8 03/02 35 -27 15 03/01
AVG. MAXIMUM 55.0 53.7 1.3 53.2
AVG. MINIMUM 35.8 35.0 0.8 35.6
MEAN 45.4 44.4 1.0 44.4
DAYS MAX >= 90 0 0.0 0.0 0
DAYS MAX <= 32 8 8.1 -0.1 1
DAYS MIN <= 32 31 36.7 -5.7 40
DAYS MIN <= 0 0 0.3 -0.3 0
PRECIPITATION (INCHES)
RECORD
MAXIMUM 19.93 2011
MINIMUM 5.07 1969
TOTALS 12.13 10.46 1.67 9.76
DAILY AVG. 0.13 0.11 0.02 0.11
DAYS >= .01 41 43.1 -2.1 50
DAYS >= .10 25 23.8 1.2 24
DAYS >= .50 8 6.5 1.5 5
DAYS >= 1.00 2 1.4 0.6 1
GREATEST
24 HR. TOTAL 2.47 04/29 TO 04/30 1.60 04/30 TO 04/30
SNOWFALL (INCHES)
RECORDS
TOTAL 54.1 1993
24 HR TOTAL 31.3 03/14/2017 TO 03/15/2017
SNOW DEPTH 35 03/15/1993
TOTALS 7.3 20.3 -13.0 14.5
SINCE 7/1 105.0 86.5 18.5 79.1
SNOWDEPTH AVG. 0 0
DAYS >= TRACE 10 14.3 -4.3 27
DAYS >= 1.0 1 4.9 -3.9 3
GREATEST
SNOW DEPTH 8 03/01 6 04/18
24 HR TOTAL 3.0 04/01 TO 04/01 5.7 04/17 TO 04/18
DEGREE DAYS
HEATING TOTAL 1812 1923 -111 1892
SINCE 7/1 6652 7074 -422 6804
COOLING TOTAL 34 25 9 27
SINCE 1/1 34 25 9 27
FREEZE DATES
RECORD
EARLIEST 09/20/1993
LATEST 05/25/1956
EARLIEST 10/17
LATEST 05/13
................................................................
WIND (MPH)
AVERAGE WIND SPEED 8.9
RESULTANT WIND SPEED/DIRECTION 3/300
HIGHEST WIND SPEED/DIRECTION 37/260 DATE 05/26
HIGHEST GUST SPEED/DIRECTION 54/260 DATE 05/26
SKY COVER
POSSIBLE SUNSHINE (PERCENT) MM
AVERAGE SKY COVER 0.50
NUMBER OF DAYS FAIR 31
NUMBER OF DAYS PC 38
NUMBER OF DAYS CLOUDY 23
AVERAGE RH (PERCENT) 65
WEATHER CONDITIONS. NUMBER OF DAYS WITH
THUNDERSTORM 2 MIXED PRECIP 0
HEAVY RAIN 6 RAIN 14
LIGHT RAIN 41 FREEZING RAIN 0
LT FREEZING RAIN 0 HAIL 0
HEAVY SNOW 3 SNOW 6
LIGHT SNOW 21 SLEET 0
FOG 41 FOG W/VIS <= 1/4 MILE 8
HAZE 9
- INDICATES NEGATIVE NUMBERS.
R INDICATES RECORD WAS SET OR TIED.
MM INDICATES DATA IS MISSING.
T INDICATES TRACE AMOUNT.
&&
9TH LOWEST SNOWFALL MARCH TO MAY
16TH GREATEST SNOWFALL FOR JULY TO JUNE
11TH GREATEST MARCH TO MAY PRECIPITATION
CORRECTED SNOWFALL SINCE 7/1 FOR 2020
CORRECTED HEATING DEGREE DAYS SINCE 7/1 FOR 2020
ADDED DATES FOR GREATEST 24 HOUR PRECIPITATION
$$
TAC