000
CXUS54 KBMX 011010
CF6BHM
PRELIMINARY LOCAL CLIMATOLOGICAL DATA (WS FORM: F-6)
STATION: BIRMINGHAM
MONTH: MAY
YEAR: 2021
LATITUDE: 33 34 N
LONGITUDE: 86 45 W
TEMPERATURE IN F: :PCPN: SNOW: WIND :SUNSHINE: SKY :PK WND
================================================================================
1 2 3 4 5 6A 6B 7 8 9 10 11 12 13 14 15 16 17 18
12Z AVG MX 2MIN
DY MAX MIN AVG DEP HDD CDD WTR SNW DPTH SPD SPD DIR MIN PSBL S-S WX SPD DR
================================================================================
1 81 51 66 -2 0 1 0.00 0.0 0 3.7 16 20 M M 5 22 20
2 80 62 71 3 0 6 T 0.0 0 8.2 22 190 M M 7 30 190
3 85 69 77 9 0 12 0.35 0.0 0 10.6 21 170 M M 9 13 29 190
4 81 63 72 4 0 7 3.59 0.0 M 8.9 29 340 M M 9 123 33 340
5 74 55 65 -4 0 0 0.01 0.0 0 7.0 14 320 M M 7 1 17 330
6 74 49 62 -7 3 0 T 0.0 0 4.6 29 340 M M 2 38 330
7 71 49 60 -9 5 0 0.00 0.0 0 5.4 17 360 M M 1 24 360
8 78 48 63 -7 2 0 0.00 0.0 0 3.6 13 190 M M 5 16 190
9 84 62 73 3 0 8 0.70 0.0 0 12.9 24 200 M M 5 13 32 190
10 75 61 68 -2 0 3 0.32 0.0 0 6.6 13 340 M M 10 1 16 350
11 74 60 67 -3 0 2 0.04 0.0 0 4.3 13 330 M M 10 18 16 340
12 73 54 64 -6 1 0 0.14 0.0 0 7.3 17 70 M M 8 1 21 20
13 73 50 62 -9 3 0 0.00 0.0 0 4.2 13 10 M M 6 8 17 10
14 77 49 63 -8 2 0 0.00 0.0 0 2.7 10 350 M M 1 8 14 330
15 79 51 65 -6 0 0 0.00 0.0 0 2.9 14 180 M M 3 18 17 190
16 81 56 69 -3 0 4 0.00 0.0 0 3.5 15 180 M M 2 20 170
17 81 61 71 -1 0 6 0.00 0.0 0 6.9 17 130 M M 7 24 130
18 79 69 74 2 0 9 T 0.0 M 9.1 17 120 M M 9 25 110
19 84 69 77 5 0 12 0.00 0.0 0 11.0 21 140 M M 6 28 130
20 84 67 76 3 0 11 0.00 0.0 0 10.5 21 120 M M 2 29 130
21 86 66 76 3 0 11 0.00 0.0 0 8.9 18 130 M M 5 26 120
22 86 65 76 3 0 11 0.00 0.0 0 4.2 13 40 M M 6 8 18 50
23 90 61 76 3 0 11 0.00 0.0 0 2.5 10 80 M M 2 16 30
24 92 64 78 4 0 13 0.00 0.0 0 1.4 9 340 M M 5 13 350
25 91 66 79 5 0 14 0.00 0.0 0 3.7 15 180 M M 4 21 210
26 88 65 77 3 0 12 0.33 0.0 0 7.0 18 290 M M 6 1 24 200
27 86 69 78 4 0 13 T 0.0 0 4.2 14 220 M M 7 19 210
28 85 69 77 3 0 12 1.12 0.0 0 9.2 29 310 M M 6 123 35 300
29 71 55 63 -12 2 0 0.00 0.0 0 10.7 18 320 M M 6 26 360
30 76 53 65 -10 0 0 0.00 0.0 0 6.1 14 360 M M 4 19 360
31 83 58 71 -4 0 6 0.00 0.0 0 6.8 14 130 M M 6 22 140
================================================================================
SM 2502 1846 18 184 6.60 0.0 198.6 M 171
================================================================================
AV 80.7 59.5 6.4 FASTST M M 6 MAX(MPH)
MISC ----> # 29 340 38 330
================================================================================
NOTES:
# LAST OF SEVERAL OCCURRENCES
COLUMN 17 PEAK WIND IN M.P.H.
PRELIMINARY LOCAL CLIMATOLOGICAL DATA (WS FORM: F-6) , PAGE 2
STATION: BIRMINGHAM
MONTH: MAY
YEAR: 2021
LATITUDE: 33 34 N
LONGITUDE: 86 45 W
[TEMPERATURE DATA] [PRECIPITATION DATA] SYMBOLS USED IN COLUMN 16
AVERAGE MONTHLY: 70.1 TOTAL FOR MONTH: 6.60 1 = FOG OR MIST
DPTR FM NORMAL: -1.4 DPTR FM NORMAL: 1.69 2 = FOG REDUCING VISIBILITY
HIGHEST: 92 ON 24 GRTST 24HR 3.60 ON 4- 5 TO 1/4 MILE OR LESS
LOWEST: 48 ON 8 3 = THUNDER
SNOW, ICE PELLETS, HAIL 4 = ICE PELLETS
TOTAL MONTH: 0.0 INCH 5 = HAIL
GRTST 24HR 0.0 6 = FREEZING RAIN OR DRIZZLE
GRTST DEPTH: 0 7 = DUSTSTORM OR SANDSTORM:
VSBY 1/2 MILE OR LESS
8 = SMOKE OR HAZE
[NO. OF DAYS WITH] [WEATHER - DAYS WITH] 9 = BLOWING SNOW
X = TORNADO
MAX 32 OR BELOW: 0 0.01 INCH OR MORE: 9
MAX 90 OR ABOVE: 3 0.10 INCH OR MORE: 7
MIN 32 OR BELOW: 0 0.50 INCH OR MORE: 3
MIN 0 OR BELOW: 0 1.00 INCH OR MORE: 2
[HDD (BASE 65) ]
TOTAL THIS MO. 18 CLEAR (SCALE 0-3) 7
DPTR FM NORMAL -3 PTCLDY (SCALE 4-7) 19
TOTAL FM JUL 1 2340 CLOUDY (SCALE 8-10) 5
DPTR FM NORMAL -191
[CDD (BASE 65) ]
TOTAL THIS MO. 184
DPTR FM NORMAL -39 [PRESSURE DATA]
TOTAL FM JAN 1 287 HIGHEST SLP M ON M
DPTR FM NORMAL -39 LOWEST SLP 29.74 ON 3
[REMARKS]
#FINAL-05-21#