164
CXUS56 KBOI 011002
CF6BKE
PRELIMINARY LOCAL CLIMATOLOGICAL DATA (WS FORM: F-6)
STATION: BAKER OR
MONTH: MAY
YEAR: 2020
LATITUDE: 44 50 N
LONGITUDE: 117 49 W
TEMPERATURE IN F: :PCPN: SNOW: WIND :SUNSHINE: SKY :PK WND
================================================================================
1 2 3 4 5 6A 6B 7 8 9 10 11 12 13 14 15 16 17 18
12Z AVG MX 2MIN
DY MAX MIN AVG DEP HDD CDD WTR SNW DPTH SPD SPD DIR MIN PSBL S-S WX SPD DR
================================================================================
1 69 29 49 2 16 0 0.00 M M 4.2 14 100 M M 2 18 110
2 76 33 55 8 10 0 T M M 9.8 29 170 M M 5 38 160
3 59 31 45 -3 20 0 T M M 7.2 18 10 M M 3 23 330
4 70 24 47 -1 18 0 0.00 M M 5.5 17 90 M M 1 22 80
5 78 32 55 7 10 0 0.00 M M 6.0 20 180 M M 0 28 110
6 61 36 49 1 16 0 0.11 M M 13.3 31 340 M M 3 1 41 340
7 67 27 47 -2 18 0 0.00 M M 3.5 10 280 M M 0 11 250
8 73 32 53 4 12 0 0.00 M M 5.3 13 330 M M 0 18 330
9 79 32 56 7 9 0 0.00 M M 4.0 14 90 M M 0 20 110
10 84 36 60 10 5 0 0.00 M M 5.1 14 90 M M 0 19 90
11 82 43 63 13 2 0 0.00 M M 5.1 28 320 M M 2 3 34 320
12 69 44 57 7 8 0 T M M 6.2 26 240 M M 6 38 33 250
13 62 41 52 2 13 0 T M M 4.6 22 340 M M 5 8 26 350
14 56 43 50 -1 15 0 0.17 M M 3.5 13 50 M M 8 16 70
15 63 36 50 -1 15 0 0.00 M M 4.7 13 320 M M 4 12 15 340
16 68 33 51 0 14 0 T M M 9.8 25 120 M M 4 12 29 120
17 72 46 59 7 6 0 0.13 M M 10.4 23 140 M M 7 13 29 150
18 60 46 53 1 12 0 T M M 8.4 24 140 M M 7 30 110
19 61 44 53 1 12 0 0.06 M M 11.9 26 350 M M 8 1 35 340
20 48 43 46 -6 19 0 0.54 M M 6.7 21 310 M M 10 1 26 310
21 55 39 47 -5 18 0 0.02 M M 5.8 20 340 M M 7 25 360
22 58 37 48 -5 17 0 T M M 8.4 20 360 M M 8 25 10
23 65 43 54 1 11 0 0.00 M M 6.7 14 350 M M 3 18 340
24 71 37 54 1 11 0 0.00 M M 3.5 12 320 M M 1 1 16 320
25 78 40 59 6 6 0 T M M 3.8 26 340 M M 6 1 33 340
26 74 52 63 9 2 0 0.00 M M 4.8 12 340 M M 5 16 330
27 79 40 60 6 5 0 0.00 M M 5.6 13 330 M M 0 12 17 330
28 86 42 64 10 1 0 T M M 4.2 10 310 M M 1 12 310
29 93 56 75 21 0 10 0.00 M M 4.9 13 310 M M 1 15 310
30 94 54 74 20 0 9 0.05 M M 10.9 37 170 M M 2 3 45 180
31 73 52 63 8 2 0 0.03 M M 7.1 21 340 M M 4 3 25 340
================================================================================
SM 2183 1223 323 19 1.11 M 200.9 M 113
================================================================================
AV 70.4 39.5 6.5 FASTST M M 4 MAX(MPH)
MISC ----> 37 170 45 180
================================================================================
NOTES:
# LAST OF SEVERAL OCCURRENCES
COLUMN 17 PEAK WIND IN M.P.H.
PRELIMINARY LOCAL CLIMATOLOGICAL DATA (WS FORM: F-6) , PAGE 2
STATION: BAKER OR
MONTH: MAY
YEAR: 2020
LATITUDE: 44 50 N
LONGITUDE: 117 49 W
[TEMPERATURE DATA] [PRECIPITATION DATA] SYMBOLS USED IN COLUMN 16
AVERAGE MONTHLY: 54.9 TOTAL FOR MONTH: 1.11 1 = FOG OR MIST
DPTR FM NORMAL: 3.8 DPTR FM NORMAL: -0.37 2 = FOG REDUCING VISIBILITY
HIGHEST: 94 ON 30 GRTST 24HR 0.60 ON 19-20 TO 1/4 MILE OR LESS
LOWEST: 24 ON 4 3 = THUNDER
SNOW, ICE PELLETS, HAIL 4 = ICE PELLETS
TOTAL MONTH: M 5 = HAIL
GRTST 24HR M ON M 6 = FREEZING RAIN OR DRIZZLE
GRTST DEPTH: M ON M 7 = DUSTSTORM OR SANDSTORM:
VSBY 1/2 MILE OR LESS
8 = SMOKE OR HAZE
[NO. OF DAYS WITH] [WEATHER - DAYS WITH] 9 = BLOWING SNOW
X = TORNADO
MAX 32 OR BELOW: 0 0.01 INCH OR MORE: 8
MAX 90 OR ABOVE: 2 0.10 INCH OR MORE: 4
MIN 32 OR BELOW: 7 0.50 INCH OR MORE: 1
MIN 0 OR BELOW: 0 1.00 INCH OR MORE: 0
[HDD (BASE 65) ]
TOTAL THIS MO. 323 CLEAR (SCALE 0-3) 15
DPTR FM NORMAL -111 PTCLDY (SCALE 4-7) 14
TOTAL FM JUL 1 6443 CLOUDY (SCALE 8-10) 2
DPTR FM NORMAL -1005
[CDD (BASE 65) ]
TOTAL THIS MO. 19
DPTR FM NORMAL 17 [PRESSURE DATA]
TOTAL FM JAN 1 19 HIGHEST SLP 30.46 ON 7
DPTR FM NORMAL 17 LOWEST SLP 29.47 ON 30
[REMARKS]
#FINAL-05-20#