000
CXUS51 KRLX 012030
CLMBKW
CLIMATE REPORT
NATIONAL WEATHER SERVICE CHARLESTON WV
430 PM EDT TUE AUG 01 2023
...................................
...THE BECKLEY WV CLIMATE SUMMARY FOR THE MONTH OF JULY 2023...
CLIMATE NORMAL PERIOD: 1991 TO 2020
CLIMATE RECORD PERIOD: 1893 TO 2023
WEATHER OBSERVED NORMAL DEPART LAST YEAR`S
VALUE DATE(S) VALUE FROM VALUE
NORMAL
..............................................................
TEMPERATURE (F)
RECORD
HIGH 103 07/21/1926
LOW 38 07/10/1961
HIGHEST 88 07/28 87
LOWEST 55 07/11 55
AVG. MAXIMUM 81.8 80.7 1.1 80.8
AVG. MINIMUM 62.1 62.4 -0.3 63.8
MEAN 72.0 71.6 0.4 72.3
DAYS MAX >= 90 0 0.6 -0.6 0
DAYS MAX >= 80 23 21
DAYS MIN <= 32 0 0.0 0.0 0
PRECIPITATION (INCHES)
RECORD
MAXIMUM 10.50 1909
MINIMUM 0.20 1899
TOTALS 6.55 5.00 1.55 9.14
DAILY AVG. 0.21 0.16 0.05 0.29
DAYS >= .01 12 13.5 -1.5 20
DAYS >= .10 11 9.2 1.8 15
DAYS >= .50 5 3.4 1.6 9
DAYS >= 1.00 3 1.2 1.8 3
GREATEST
24 HR. TOTAL 1.54 07/18 TO 07/19 1.85
DEGREE DAYS
HEATING TOTAL 0 6 -6 0
SINCE 7/1 0 0 0 MM
COOLING TOTAL 223 209 14 236
SINCE 1/1 299 399 -100 MM
..............................................................
WIND (MPH)
AVERAGE WIND SPEED 5.1
HIGHEST WIND SPEED/DIRECTION 33/280 DATE 07/28
HIGHEST GUST SPEED/DIRECTION 49/270 DATE 07/28
SKY COVER
AVERAGE SKY COVER 0.37
NUMBER OF DAYS FAIR 16
NUMBER OF DAYS PC 14
NUMBER OF DAYS CLOUDY 1
AVERAGE RH (PERCENT) 74
WEATHER CONDITIONS. NUMBER OF DAYS WITH
THUNDERSTORM 14 MIXED PRECIP 0
HEAVY RAIN 10 RAIN 9
LIGHT RAIN 16 FREEZING RAIN 0
LT FREEZING RAIN 0 HAIL 0
HEAVY SNOW 0 SNOW 0
LIGHT SNOW 0 SLEET 0
FOG 20 FOG W/VIS <= 1/4 MILE 4
HAZE 2
- INDICATES NEGATIVE NUMBERS.
R INDICATES RECORD WAS SET OR TIED.
MM INDICATES DATA IS MISSING.
T INDICATES TRACE AMOUNT.
$$