000
CXUS51 KRNK 010818
CF6BLF
PRELIMINARY LOCAL CLIMATOLOGICAL DATA (WS FORM: F-6)
STATION: BLUEFIELD WV
MONTH: MAY
YEAR: 2022
LATITUDE: 37 17 N
LONGITUDE: 81 12 W
TEMPERATURE IN F: :PCPN: SNOW: WIND :SUNSHINE: SKY :PK WND
================================================================================
1 2 3 4 5 6A 6B 7 8 9 10 11 12 13 14 15 16 17 18
12Z AVG MX 2MIN
DY MAX MIN AVG DEP HDD CDD WTR SNW DPTH SPD SPD DIR MIN PSBL S-S WX SPD DR
================================================================================
1 70 54 62 5 3 0 0.18 0.0 0 8.1 22 260 M M 3 1 36 330
2 74 53 64 6 1 0 0.00 0.0 0 7.1 18 240 M M 1 24 230
3 80 55 68 10 0 3 0.04 0.0 0 7.6 22 260 M M 2 3 29 260
4 72 56 64 6 1 0 0.01 0.0 0 8.7 17 270 M M 6 1 24 300
5 77 50 64 6 1 0 0.00 0.0 0 3.8 14 160 M M 3 21 180
6 68 52 60 2 5 0 1.63 0.0 0 7.0 23 270 M M 9 13 33 270
7 56 43 50 -8 15 0 0.38 0.0 0 8.1 14 300 M M 10 1 21 300
8 55 40 48 -11 17 0 0.00 0.0 0 5.0 9 110 M M 7 17 150
9 69 40 55 -4 10 0 0.00 0.0 0 4.5 12 120 M M 2 19 150
10 75 45 60 1 5 0 0.00 0.0 0 4.3 10 10 M M 0 14 360
11 76 49 63 4 2 0 0.00 0.0 0 4.7 12 360 M M 0 17 10
12 73 51 62 2 3 0 T 0.0 0 5.4 15 50 M M 3 21 90
13 72 55 64 4 1 0 0.05 0.0 0 5.2 10 110 M M 9 1 18 100
14 70 57 64 4 1 0 0.13 0.0 0 3.5 12 280 M M 6 13 15 270
15 75 56 66 6 0 1 0.07 0.0 0 5.8 13 240 M M 4 123 17 10
16 67 51 59 -1 6 0 0.12 0.0 0 8.2 20 290 M M 5 1 30 250
17 71 50 61 1 4 0 0.00 0.0 0 8.4 20 270 M M 2 26 280
18 76 52 64 3 1 0 T 0.0 0 8.2 23 260 M M 3 31 240
19 78 60 69 8 0 4 0.08 0.0 0 8.4 21 240 M M 6 13 27 270
20 86 63 75 14 0 10 0.00 0.0 0 7.5 18 250 M M 0 27 220
21 82 62 72 11 0 7 0.41 0.0 0 5.8 16 240 M M 2 13 22 290
22 77 61 69 8 0 4 0.33 0.0 0 6.9 21 300 M M 3 13 31 310
23 64 53 59 -3 6 0 2.20 0.0 0 2.7 10 90 M M 10 1 16 120
24 61 52 57 -5 8 0 0.31 0.0 0 4.9 10 110 M M 10 1 19 150
25 65 53 59 -3 6 0 0.00 0.0 0 5.0 14 140 M M 9 22 140
26 66 57 62 0 3 0 0.14 0.0 0 7.6 16 150 M M 10 1 25 140
27 65 53 59 -3 6 0 0.86 0.0 0 6.4 23 260 M M 8 1 31 310
28 67 52 60 -3 5 0 T 0.0 0 5.5 14 270 M M 9 1 20 270
29 76 53 65 2 0 0 0.00 0.0 0 3.1 10 170 M M 2 16 150
30 80 62 71 8 0 6 0.00 0.0 0 4.0 9 210 M M 3 14 140
31 82 61 72 8 0 7 0.00 0.0 0 4.9 12 260 M M 1 17 270
================================================================================
SM 2225 1651 110 42 6.94 0.0 186.3 M 148
================================================================================
AV 71.8 53.3 6.0 FASTST M M 5 MAX(MPH)
MISC ----> # 23 270 36 330
================================================================================
NOTES:
# LAST OF SEVERAL OCCURRENCES
COLUMN 17 PEAK WIND IN M.P.H.
PRELIMINARY LOCAL CLIMATOLOGICAL DATA (WS FORM: F-6) , PAGE 2
STATION: BLUEFIELD WV
MONTH: MAY
YEAR: 2022
LATITUDE: 37 17 N
LONGITUDE: 81 12 W
[TEMPERATURE DATA] [PRECIPITATION DATA] SYMBOLS USED IN COLUMN 16
AVERAGE MONTHLY: 62.5 TOTAL FOR MONTH: 6.94 1 = FOG OR MIST
DPTR FM NORMAL: 2.2 DPTR FM NORMAL: 2.33 2 = FOG REDUCING VISIBILITY
HIGHEST: 86 ON 20 GRTST 24HR 2.50 ON 23-24 TO 1/4 MILE OR LESS
LOWEST: 40 ON 9, 8 3 = THUNDER
SNOW, ICE PELLETS, HAIL 4 = ICE PELLETS
TOTAL MONTH: 0.0 INCH 5 = HAIL
GRTST 24HR 0.0 6 = FREEZING RAIN OR DRIZZLE
GRTST DEPTH: 0 7 = DUSTSTORM OR SANDSTORM:
VSBY 1/2 MILE OR LESS
8 = SMOKE OR HAZE
[NO. OF DAYS WITH] [WEATHER - DAYS WITH] 9 = BLOWING SNOW
X = TORNADO
MAX 32 OR BELOW: 0 0.01 INCH OR MORE: 16
MAX 90 OR ABOVE: 0 0.10 INCH OR MORE: 11
MIN 32 OR BELOW: 0 0.50 INCH OR MORE: 3
MIN 0 OR BELOW: 0 1.00 INCH OR MORE: 2
[HDD (BASE 65) ]
TOTAL THIS MO. 110 CLEAR (SCALE 0-3) 14
DPTR FM NORMAL -72 PTCLDY (SCALE 4-7) 8
TOTAL FM JUL 1 4552 CLOUDY (SCALE 8-10) 9
DPTR FM NORMAL -627
[CDD (BASE 65) ]
TOTAL THIS MO. 42
DPTR FM NORMAL 6 [PRESSURE DATA]
TOTAL FM JAN 1 57 HIGHEST SLP M ON M
DPTR FM NORMAL 10 LOWEST SLP 29.50 ON 7
[REMARKS]
DUE TO EQUIPMENT FAILURE ON JANUARY 9-10, 2022, ALL
INFORMATION WILL BE CALCULATED WITHOUT DATA FROM THESE DATES.
#FINAL-05-22#