000
CXUS55 KPSR 011005
CF6BLH
PRELIMINARY LOCAL CLIMATOLOGICAL DATA (WS FORM: F-6)
STATION: BLYTHE CA
MONTH: APRIL
YEAR: 2023
LATITUDE: 33 37 N
LONGITUDE: 114 43 W
TEMPERATURE IN F: :PCPN: SNOW: WIND :SUNSHINE: SKY :PK WND
================================================================================
1 2 3 4 5 6A 6B 7 8 9 10 11 12 13 14 15 16 17 18
12Z AVG MX 2MIN
DY MAX MIN AVG DEP HDD CDD WTR SNW DPTH SPD SPD DIR MIN PSBL S-S WX SPD DR
================================================================================
1 80 46 63 -6 2 0 0.00 M M 4.2 10 170 M M M 16 160
2 87 49 68 -1 0 3 0.00 M M 12.6 24 230 M M M 38 230
3 75 53 64 -5 1 0 0.00 M M 19.1 35 230 M M M 51 240
4 66 46 56 -14 9 0 0.00 0.0 M 10.4 26 330 M M M 38 330
5 71 43 57 -13 8 0 0.00 0.0 M 6.7 17 330 M M M 22 330
6 77 49 63 -7 2 0 0.00 M M 9.0 18 350 M M M 25 340
7 82 44 63 -7 2 0 0.00 M M 3.6 12 110 M M M 17 160
8 87 51 69 -1 0 4 0.00 M M 4.1 9 340 M M M 11 120
9 93 54 74 3 0 9 0.00 M M 4.6 12 320 M M M 15 350
10 97 58 78 7 0 13 0.00 M M 4.1 14 240 M M M 19 250
11 100 60 80 9 0 15 0.00 M M 7.2 21 220 M M M 27 190
12 94 61 78 7 0 13 0.00 M M 11.9 42 230 M M M 30 230
13 83 58 71 -1 0 6 0.00 M M 12.7 34 220 M M M 22 190
14 79 51 65 -7 0 0 0.00 M M 4.0 16 160 M M M 13 120
15 88 53 71 -1 0 6 0.00 M M 4.8 19 270 M M M 16 270
16 91 57 74 2 0 9 0.00 M M 6.2 25 170 M M M 18 170
17 93 59 76 4 0 11 0.00 M M 8.4 29 200 M M M 23 170
18 87 56 72 -1 0 7 0.00 M M 9.5 35 180 M M M 23 230
19 81 58 70 -3 0 5 0.00 M M 11.4 23 340 M M 1 8 32 350
20 87 56 72 -1 0 7 0.00 0.0 M 8.8 20 360 M M 0 27 350
21 94 58 76 3 0 11 0.00 0.0 M 5.8 21 330 M M 0 16 340
22 96 61 79 5 0 14 0.00 0.0 M 7.3 33 290 M M M 18 20
23 99 64 82 8 0 17 0.00 0.0 M 8.5 28 240 M M M 23 230
24 95 63 79 5 0 14 0.00 M M 6.0 23 140 M M M 17 200
25 95 68 82 8 0 17 0.00 M M 78.5 23 40 M M M 18 60
26 95 65 80 5 0 15 0.00 M M 10.2 33 10 M M M 26 10
27 96 60 78 3 0 13 0.00 M M 6.4 18 120 M M M 13 140
28 103 64 84 9 0 19 0.00 M M 5.5 26 60 M M M 15 50
29 103 67 85 10 0 20 0.00 M M 4.6 15 150 M M M 12 250
30 105 68 87 11 0 22 0.00 M M 7.3 34 210 M M M 24 220
================================================================================
SM 2679 1700 24 270 0.00 0.0 303.4 M 1
================================================================================
AV 89.3 56.7 10.1 FASTST M M 0 MAX(MPH)
MISC ----> 42 230 51 240
================================================================================
NOTES:
# LAST OF SEVERAL OCCURRENCES
COLUMN 17 PEAK WIND IN M.P.H.
PRELIMINARY LOCAL CLIMATOLOGICAL DATA (WS FORM: F-6) , PAGE 2
STATION: BLYTHE CA
MONTH: APRIL
YEAR: 2023
LATITUDE: 33 37 N
LONGITUDE: 114 43 W
[TEMPERATURE DATA] [PRECIPITATION DATA] SYMBOLS USED IN COLUMN 16
AVERAGE MONTHLY: 73.0 TOTAL FOR MONTH: 0.00 1 = FOG OR MIST
DPTR FM NORMAL: 0.9 DPTR FM NORMAL: -0.09 2 = FOG REDUCING VISIBILITY
HIGHEST: 105 ON 30 GRTST 24HR 0.00 ON 1- 1 TO 1/4 MILE OR LESS
LOWEST: 43 ON 5 3 = THUNDER
SNOW, ICE PELLETS, HAIL 4 = ICE PELLETS
TOTAL MONTH: 0.0 INCH 5 = HAIL
GRTST 24HR 0.0 6 = FREEZING RAIN OR DRIZZLE
GRTST DEPTH: M ON M 7 = DUSTSTORM OR SANDSTORM:
VSBY 1/2 MILE OR LESS
8 = SMOKE OR HAZE
[NO. OF DAYS WITH] [WEATHER - DAYS WITH] 9 = BLOWING SNOW
X = TORNADO
MAX 32 OR BELOW: 0 0.01 INCH OR MORE: 0
MAX 90 OR ABOVE: 16 0.10 INCH OR MORE: 0
MIN 32 OR BELOW: 0 0.50 INCH OR MORE: 0
MIN 0 OR BELOW: 0 1.00 INCH OR MORE: 0
[HDD (BASE 65) ]
TOTAL THIS MO. 24 CLEAR (SCALE 0-3) 3
DPTR FM NORMAL 10 PTCLDY (SCALE 4-7) 0
TOTAL FM JUL 1 1284 CLOUDY (SCALE 8-10) 27
DPTR FM NORMAL 276
[CDD (BASE 65) ]
TOTAL THIS MO. 270
DPTR FM NORMAL 41 [PRESSURE DATA]
TOTAL FM JAN 1 301 HIGHEST SLP M ON M
DPTR FM NORMAL -31 LOWEST SLP 29.77 ON 19
[REMARKS]
#FINAL-04-23#