000
CXUS54 KEWX 011010
CF6BMQ
PRELIMINARY LOCAL CLIMATOLOGICAL DATA (WS FORM: F-6)
STATION: BURNET
MONTH: NOVEMBER
YEAR: 2020
LATITUDE: 30 43 N
LONGITUDE: 98 14 W
TEMPERATURE IN F: :PCPN: SNOW: WIND :SUNSHINE: SKY :PK WND
================================================================================
1 2 3 4 5 6A 6B 7 8 9 10 11 12 13 14 15 16 17 18
12Z AVG MX 2MIN
DY MAX MIN AVG DEP HDD CDD WTR SNW DPTH SPD SPD DIR MIN PSBL S-S WX SPD DR
================================================================================
1 76 47 62 -1 3 0 0.00 M M 6.1 18 30 M M 0 26 30
2 74 47 61 -1 4 0 0.00 M M 3.0 9 180 M M 0 13 170
3 78 40 59 -3 6 0 0.00 M M 3.9 14 180 M M 0 24 170
4 77 44 61 0 4 0 0.00 M M 4.9 17 200 M M 0 25 180
5 81 58 70 9 0 5 0.00 M M 5.6 15 220 M M 3 23 220
6 76 57 67 6 0 2 0.00 M M 3.9 12 180 M M 3 1 19 190
7 77 52 65 5 0 0 0.00 M M 4.5 12 140 M M 1 19 130
8 78 59 69 9 0 4 0.00 M M 7.5 16 140 M M 3 1 25 180
9 81 63 72 13 0 7 0.00 M M 7.7 18 180 M M 6 27 180
10 78 52 65 6 0 0 0.02 M M 5.3 15 10 M M 6 1 26 170
11 80 52 66 7 0 1 0.00 M M 4.6 12 30 M M 1 16 50
12 79 56 68 10 0 3 0.00 M M 4.0 14 190 M M 3 20 170
13 77 57 67 9 0 2 0.00 M M 4.2 10 180 M M 5 1 16 150
14 81 63 72 15 0 7 0.01 M M 6.6 18 200 M M 6 29 210
15 70 42 56 -1 9 0 0.00 M M 8.2 23 10 M M 0 8 40 20
16 73 37 55 -2 10 0 0.00 M M 3.2 12 190 M M 0 16 170
17 74 39 57 1 8 0 0.00 M M 3.9 12 120 M M 0 20 110
18 76 39 58 2 7 0 0.00 M M 4.3 16 190 M M 0 25 180
19 78 57 68 13 0 3 0.00 M M 7.8 18 190 M M 4 29 160
20 78 55 67 12 0 2 0.00 M M 5.7 17 200 M M 3 12 26 200
21 77 60 69 14 0 4 T M M 2.9 13 190 M M 8 18 190
22 77 52 65 11 0 0 T M M 5.8 20 20 M M 9 26 20
23 67 48 58 4 7 0 0.00 M M 7.1 15 150 M M 7 8 29 170
24 79 58 69 15 0 4 0.02 M M 9.2 22 190 M M 7 1 31 190
25 71 50 61 8 4 0 0.00 M M 4.9 18 340 M M 3 24 340
26 76 43 60 7 5 0 0.00 M M 4.1 16 190 M M 0 24 180
27 65 54 60 7 5 0 0.01 M M 8.4 17 30 M M 9 1 29 40
28 56 46 51 -1 14 0 0.53 M M 8.6 17 50 M M 9 1 25 50
29 54 43 49 -3 16 0 T M M 12.2 22 330 M M 8 33 330
30 55 29 42 -10 23 0 0.00 M M 7.5 20 350 M M 0 8 33 350
================================================================================
SM 2219 1499 125 44 0.59 M 175.6 M 104
================================================================================
AV 74.0 50.0 5.9 FASTST M M 3 MAX(MPH)
MISC ----> # 23 10 # 40 20
================================================================================
NOTES:
# LAST OF SEVERAL OCCURRENCES
COLUMN 17 PEAK WIND IN M.P.H.
PRELIMINARY LOCAL CLIMATOLOGICAL DATA (WS FORM: F-6) , PAGE 2
STATION: BURNET
MONTH: NOVEMBER
YEAR: 2020
LATITUDE: 30 43 N
LONGITUDE: 98 14 W
[TEMPERATURE DATA] [PRECIPITATION DATA] SYMBOLS USED IN COLUMN 16
AVERAGE MONTHLY: 62.0 TOTAL FOR MONTH: 0.59 1 = FOG OR MIST
DPTR FM NORMAL: 5.1 DPTR FM NORMAL: -2.17 2 = FOG REDUCING VISIBILITY
HIGHEST: 81 ON 14, 9 GRTST 24HR 0.53 ON 28-28 TO 1/4 MILE OR LESS
LOWEST: 29 ON 30 3 = THUNDER
SNOW, ICE PELLETS, HAIL 4 = ICE PELLETS
TOTAL MONTH: M 5 = HAIL
GRTST 24HR M ON M 6 = FREEZING RAIN OR DRIZZLE
GRTST DEPTH: M ON M 7 = DUSTSTORM OR SANDSTORM:
VSBY 1/2 MILE OR LESS
8 = SMOKE OR HAZE
[NO. OF DAYS WITH] [WEATHER - DAYS WITH] 9 = BLOWING SNOW
X = TORNADO
MAX 32 OR BELOW: 0 0.01 INCH OR MORE: 5
MAX 90 OR ABOVE: 0 0.10 INCH OR MORE: 1
MIN 32 OR BELOW: 1 0.50 INCH OR MORE: 1
MIN 0 OR BELOW: 0 1.00 INCH OR MORE: 0
[HDD (BASE 65) ]
TOTAL THIS MO. 125 CLEAR (SCALE 0-3) 16
DPTR FM NORMAL -140 PTCLDY (SCALE 4-7) 11
TOTAL FM JUL 1 216 CLOUDY (SCALE 8-10) 3
DPTR FM NORMAL -108
[CDD (BASE 65) ]
TOTAL THIS MO. 44
DPTR FM NORMAL 22 [PRESSURE DATA]
TOTAL FM JAN 1 2847 HIGHEST SLP 30.53 ON 2
DPTR FM NORMAL 262 LOWEST SLP 29.76 ON 24
[REMARKS]
#FINAL-11-20#