000
CXUS56 KBOI 011002
CF6BNO
PRELIMINARY LOCAL CLIMATOLOGICAL DATA (WS FORM: F-6)
STATION: BURNS OR
MONTH: MAY
YEAR: 2021
LATITUDE: 43 34 N
LONGITUDE: 118 57 W
TEMPERATURE IN F: :PCPN: SNOW: WIND :SUNSHINE: SKY :PK WND
================================================================================
1 2 3 4 5 6A 6B 7 8 9 10 11 12 13 14 15 16 17 18
12Z AVG MX 2MIN
DY MAX MIN AVG DEP HDD CDD WTR SNW DPTH SPD SPD DIR MIN PSBL S-S WX SPD DR
================================================================================
1 64 42 53 5 12 0 0.03 M M 10.8 24 290 M M 4 3 31 280
2 61 30 46 -3 19 0 0.00 M M 9.1 21 330 M M 2 30 330
3 67 28 48 -1 17 0 0.00 M M 7.7 20 230 M M 1 27 300
4 68 33 51 2 14 0 0.00 M M 7.3 15 290 M M 5 8 22 270
5 77 26 52 2 13 0 0.00 M M 9.7 20 140 M M 0 8 26 120
6 85 35 60 10 5 0 0.00 M M 11.9 29 240 M M 0 38 240
7 57 33 45 -5 20 0 0.00 M M 14.3 24 300 M M 2 35 300
8 62 25 44 -7 21 0 0.00 M M 6.9 20 270 M M 1 27 280
9 59 27 43 -8 22 0 0.00 M M 8.1 17 300 M M 6 23 330
10 66 30 48 -3 17 0 0.00 M M 6.3 15 310 M M 1 20 320
11 70 31 51 -1 14 0 0.00 M M 6.4 13 210 M M 0 20 250
12 80 35 58 6 7 0 0.00 M M 5.4 16 10 M M 0 8 21 10
13 80 42 61 9 4 0 0.00 M M 6.8 16 360 M M 0 21 360
14 78 44 61 8 4 0 0.00 M M 5.8 16 330 M M 2 22 340
15 78 47 63 10 2 0 0.00 M M 11.7 23 340 M M 2 31 340
16 81 42 62 9 3 0 0.00 M M 7.4 16 350 M M 0 21 360
17 83 38 61 8 4 0 0.00 M M 11.2 23 280 M M 0 31 220
18 69 43 56 2 9 0 0.00 M M 12.7 22 300 M M 1 30 250
19 57 37 47 -7 18 0 0.02 M M 9.3 18 330 M M 10 24 330
20 50 37 44 -10 21 0 0.00 M M 14.1 29 350 M M 6 37 340
21 53 37 45 -9 20 0 T M M 20.7 36 350 M M 10 51 360
22 47 37 42 -13 23 0 0.47 M M 8.2 15 330 M M 10 1 21 340
23 64 39 52 -3 13 0 0.04 M M 11.8 22 270 M M 8 28 280
24 67 39 53 -2 12 0 0.16 M M 8.5 22 300 M M 6 13 28 300
25 58 40 49 -6 16 0 0.28 M M 5.8 21 260 M M 8 13 33 270
26 68 33 51 -4 14 0 0.00 M M 4.4 10 60 M M 0 14 160
27 74 36 55 -1 10 0 0.00 M M 11.3 28 270 M M 1 36 290
28 71 32 52 -4 13 0 0.00 M M 5.6 15 330 M M 0 19 330
29 75 36 56 0 9 0 0.00 M M 5.4 10 10 M M 0 18 70
30 82 38 60 4 5 0 0.00 M M 6.0 15 340 M M 1 20 340
31 85 48 67 11 0 2 0.00 M M 6.0 13 280 M M 0 M M
================================================================================
SM 2136 1120 381 2 1.00 M 276.6 M 87
================================================================================
AV 68.9 36.1 8.9 FASTST M M 3 MAX(MPH)
MISC ----> 36 350 51 360
================================================================================
NOTES:
# LAST OF SEVERAL OCCURRENCES
COLUMN 17 PEAK WIND IN M.P.H.
PRELIMINARY LOCAL CLIMATOLOGICAL DATA (WS FORM: F-6) , PAGE 2
STATION: BURNS OR
MONTH: MAY
YEAR: 2021
LATITUDE: 43 34 N
LONGITUDE: 118 57 W
[TEMPERATURE DATA] [PRECIPITATION DATA] SYMBOLS USED IN COLUMN 16
AVERAGE MONTHLY: 52.5 TOTAL FOR MONTH: 1.00 1 = FOG OR MIST
DPTR FM NORMAL: -0.3 DPTR FM NORMAL: -0.27 2 = FOG REDUCING VISIBILITY
HIGHEST: 85 ON 31, 6 GRTST 24HR 0.51 ON 22-23 TO 1/4 MILE OR LESS
LOWEST: 25 ON 8 3 = THUNDER
SNOW, ICE PELLETS, HAIL 4 = ICE PELLETS
TOTAL MONTH: M 5 = HAIL
GRTST 24HR M ON M 6 = FREEZING RAIN OR DRIZZLE
GRTST DEPTH: M ON M 7 = DUSTSTORM OR SANDSTORM:
VSBY 1/2 MILE OR LESS
8 = SMOKE OR HAZE
[NO. OF DAYS WITH] [WEATHER - DAYS WITH] 9 = BLOWING SNOW
X = TORNADO
MAX 32 OR BELOW: 0 0.01 INCH OR MORE: 6
MAX 90 OR ABOVE: 0 0.10 INCH OR MORE: 3
MIN 32 OR BELOW: 8 0.50 INCH OR MORE: 0
MIN 0 OR BELOW: 0 1.00 INCH OR MORE: 0
[HDD (BASE 65) ]
TOTAL THIS MO. 381 CLEAR (SCALE 0-3) 21
DPTR FM NORMAL -1 PTCLDY (SCALE 4-7) 7
TOTAL FM JUL 1 6756 CLOUDY (SCALE 8-10) 3
DPTR FM NORMAL -266
[CDD (BASE 65) ]
TOTAL THIS MO. 2
DPTR FM NORMAL -2 [PRESSURE DATA]
TOTAL FM JAN 1 2 HIGHEST SLP M ON M
DPTR FM NORMAL -2 LOWEST SLP 29.74 ON 17
[REMARKS]
#FINAL-05-21#