000
CXUS55 KBOI 011755
CLMBOI
CLIMATE REPORT
NATIONAL WEATHER SERVICE BOISE ID
1055 AM MST THU FEB 01 2024
...................................
...THE BOISE ID CLIMATE SUMMARY FOR THE MONTH OF JANUARY 2024...
CLIMATE NORMAL PERIOD 1991 TO 2020
CLIMATE RECORD PERIOD 1875 TO 2024
WEATHER OBSERVED NORMAL DEPART LAST YEAR`S
VALUE DATE(S) VALUE FROM VALUE
NORMAL
..............................................................
TEMPERATURE (F)
HIGHEST 66R 01/31
LOWEST 3 01/15
01/16
AVG. MAXIMUM 40.7 38.8 1.9
AVG. MINIMUM 25.7 25.5 0.2
MEAN 33.2 32.2 1.0
DAYS MAX >= 90 0
DAYS MAX <= 32 6
DAYS MIN <= 32 23
DAYS MIN <= 0 0
PRECIPITATION (INCHES)
RECORD
MAXIMUM 5.29 1875
TOTALS 2.23 1.41 0.82
DAYS >= .01 19
DAYS >= .10 8
DAYS >= .50 1
DAYS >= 1.00 0
GREATEST
24 HR. TOTAL 0.55 01/13 TO 01/13
SNOWFALL (INCHES)
TOTALS 22.1
SINCE 7/1 26.0
GREATEST
SNOW DEPTH 10 01/14
24 HR TOTAL MM
DEGREE DAYS
HEATING TOTAL 976 1018 -42 967
SINCE 7/1 2821 3251 -430
COOLING TOTAL 0 0 0 0
SINCE 1/1 0 0 0
..............................................................
WIND (MPH)
AVERAGE WIND SPEED 6.5
HIGHEST WIND SPEED/DIRECTION 35/290 DATE 01/09
HIGHEST GUST SPEED/DIRECTION 50/290 DATE 01/09
AVERAGE RH (PERCENT) 77
- INDICATES NEGATIVE NUMBERS.
R INDICATES RECORD WAS SET OR TIED.
MM INDICATES DATA IS MISSING.
T INDICATES TRACE AMOUNT.
$$